{"id":8961,"date":"2025-06-25T14:37:02","date_gmt":"2025-06-25T11:37:02","guid":{"rendered":"https:\/\/birimler.atauni.edu.tr\/cografya\/?page_id=8961"},"modified":"2025-07-30T11:15:28","modified_gmt":"2025-07-30T08:15:28","slug":"haberler","status":"publish","type":"page","link":"https:\/\/atauni.edu.tr\/cografya\/haberler\/","title":{"rendered":"Haberler"},"content":{"rendered":"<form method=\"get\" class=\"row g-3\" style=\"margin-bottom: 20px;\"><div class=\"col-md-3\"><input type=\"text\" name=\"haber_ara\" class=\"form-control\" placeholder=\"Haber ara...\" value=\"\"><\/div><div class=\"col-md-3\"><input type=\"date\" name=\"baslangic_tarihi\" class=\"form-control\" value=\"\"><\/div><div class=\"col-md-3\"><input type=\"date\" name=\"bitis_tarihi\" class=\"form-control\" value=\"\"><\/div><div class=\"col-md-3\"><button type=\"submit\" class=\"btn btn-secondary w-50\">Filtrele<\/button><\/div><\/form><ul class=\"kategori-yazilari-liste\"><li style=\"display: flex; margin-bottom: 10px; align-items: center;\"><div class=\"post-thumbnail\" style=\"margin-right: 15px;\"><a href=\"https:\/\/atauni.edu.tr\/cografya\/2026\/04\/09\/bolumumuz-ogretim-uyesi-prof-dr-ibrahim-kopar-i-ulusal-samsun-cografya-sempozyumuna-katilim-gerceklestirdi\/\"><img decoding=\"async\" width=\"150\" height=\"150\" src=\"https:\/\/atauni.edu.tr\/cografya\/wp-content\/uploads\/sites\/93\/2026\/04\/IMG_E2244-scaled-e1775723266368-150x150.jpg\" class=\"attachment-thumbnail size-thumbnail wp-post-image\" alt=\"\" \/><\/a><\/div><div class=\"post-content\" style=\"flex-grow: 1;\"><span class=\"post-date habertarih\" style=\"display: block; font-weight: bold; margin-bottom: 5px;\">9 Nisan 2026<\/span><a class=\"haberbaslik\" href=\"https:\/\/atauni.edu.tr\/cografya\/2026\/04\/09\/bolumumuz-ogretim-uyesi-prof-dr-ibrahim-kopar-i-ulusal-samsun-cografya-sempozyumuna-katilim-gerceklestirdi\/\">B\u00f6l\u00fcm\u00fcm\u00fcz \u00f6\u011fretim \u00fcyesi Prof. Dr. \u0130brahim KOPAR I. Ulusal Samsun Co\u011frafya Sempozyumuna Kat\u0131l\u0131m Ger\u00e7ekle\u015ftirdi<\/a><\/div><\/li><li style=\"display: flex; margin-bottom: 10px; align-items: center;\"><div class=\"post-thumbnail\" style=\"margin-right: 15px;\"><a href=\"https:\/\/atauni.edu.tr\/cografya\/2026\/03\/27\/cografya-bolumu-fedek-tarafindan-yeniden-akredite-edildi\/\"><img decoding=\"async\" width=\"150\" height=\"150\" src=\"https:\/\/atauni.edu.tr\/cografya\/wp-content\/uploads\/sites\/93\/2021\/07\/Duyuru-150x150.jpg\" class=\"attachment-thumbnail size-thumbnail wp-post-image\" alt=\"\" \/><\/a><\/div><div class=\"post-content\" style=\"flex-grow: 1;\"><span class=\"post-date habertarih\" style=\"display: block; font-weight: bold; margin-bottom: 5px;\">27 Mart 2026<\/span><a class=\"haberbaslik\" href=\"https:\/\/atauni.edu.tr\/cografya\/2026\/03\/27\/cografya-bolumu-fedek-tarafindan-yeniden-akredite-edildi\/\">Co\u011frafya B\u00f6l\u00fcm\u00fc FEDEK Taraf\u0131ndan Yeniden Akredite Edildi<\/a><\/div><\/li><li style=\"display: flex; margin-bottom: 10px; align-items: center;\"><div class=\"post-thumbnail\" style=\"margin-right: 15px;\"><a href=\"https:\/\/atauni.edu.tr\/cografya\/2026\/03\/10\/ogrenci-degisim-programlari-bilgilendirmesi\/\"><img decoding=\"async\" width=\"150\" height=\"150\" src=\"https:\/\/atauni.edu.tr\/cografya\/wp-content\/uploads\/sites\/93\/2026\/03\/IMG-20260309-WA0053.jpg-150x150.jpeg\" class=\"attachment-thumbnail size-thumbnail wp-post-image\" alt=\"\" \/><\/a><\/div><div class=\"post-content\" style=\"flex-grow: 1;\"><span class=\"post-date habertarih\" style=\"display: block; font-weight: bold; margin-bottom: 5px;\">10 Mart 2026<\/span><a class=\"haberbaslik\" href=\"https:\/\/atauni.edu.tr\/cografya\/2026\/03\/10\/ogrenci-degisim-programlari-bilgilendirmesi\/\">\u00d6\u011frenci De\u011fi\u015fim Programlar\u0131 Bilgilendirmesi<\/a><\/div><\/li><li style=\"display: flex; margin-bottom: 10px; align-items: center;\"><div class=\"post-thumbnail\" style=\"margin-right: 15px;\"><a href=\"https:\/\/atauni.edu.tr\/cografya\/2025\/11\/19\/arazi-uygulamalari\/\"><img loading=\"lazy\" decoding=\"async\" width=\"150\" height=\"150\" src=\"https:\/\/atauni.edu.tr\/cografya\/wp-content\/uploads\/sites\/93\/2025\/11\/ek-150x150.jpg\" class=\"attachment-thumbnail size-thumbnail wp-post-image\" alt=\"\" \/><\/a><\/div><div class=\"post-content\" style=\"flex-grow: 1;\"><span class=\"post-date habertarih\" style=\"display: block; font-weight: bold; margin-bottom: 5px;\">19 Kas\u0131m 2025<\/span><a class=\"haberbaslik\" href=\"https:\/\/atauni.edu.tr\/cografya\/2025\/11\/19\/arazi-uygulamalari\/\">Arazi Uygulamalar\u0131<\/a><\/div><\/li><li style=\"display: flex; margin-bottom: 10px; align-items: center;\"><div class=\"post-thumbnail\" style=\"margin-right: 15px;\"><a href=\"https:\/\/atauni.edu.tr\/cografya\/2025\/11\/12\/ataturk-universitesi-biyocesitlilik-muzesi-ziyareti\/\"><img loading=\"lazy\" decoding=\"async\" width=\"150\" height=\"150\" src=\"https:\/\/atauni.edu.tr\/cografya\/wp-content\/uploads\/sites\/93\/2025\/11\/WhatsApp-Image-2025-11-12-at-14.21.01-e1762946929269-150x150.jpeg\" class=\"attachment-thumbnail size-thumbnail wp-post-image\" alt=\"\" \/><\/a><\/div><div class=\"post-content\" style=\"flex-grow: 1;\"><span class=\"post-date habertarih\" style=\"display: block; font-weight: bold; margin-bottom: 5px;\">12 Kas\u0131m 2025<\/span><a class=\"haberbaslik\" href=\"https:\/\/atauni.edu.tr\/cografya\/2025\/11\/12\/ataturk-universitesi-biyocesitlilik-muzesi-ziyareti\/\">Atat\u00fcrk \u00dcniversitesi Biyo\u00e7e\u015fitlilik M\u00fczesi Ziyareti<\/a><\/div><\/li><li style=\"display: flex; margin-bottom: 10px; align-items: center;\"><div class=\"post-thumbnail\" style=\"margin-right: 15px;\"><a href=\"https:\/\/atauni.edu.tr\/cografya\/2025\/11\/12\/cografya-kulubu-palandoken-buz-pateni-etkinligi\/\"><img loading=\"lazy\" decoding=\"async\" width=\"150\" height=\"150\" src=\"https:\/\/atauni.edu.tr\/cografya\/wp-content\/uploads\/sites\/93\/2025\/11\/WhatsApp-Image-2025-11-12-at-14.10.50-1-150x150.jpeg\" class=\"attachment-thumbnail size-thumbnail wp-post-image\" alt=\"\" \/><\/a><\/div><div class=\"post-content\" style=\"flex-grow: 1;\"><span class=\"post-date habertarih\" style=\"display: block; font-weight: bold; margin-bottom: 5px;\">12 Kas\u0131m 2025<\/span><a class=\"haberbaslik\" href=\"https:\/\/atauni.edu.tr\/cografya\/2025\/11\/12\/cografya-kulubu-palandoken-buz-pateni-etkinligi\/\">Co\u011frafya Kul\u00fcb\u00fc Paland\u00f6ken Buz Pateni Etkinli\u011fi<\/a><\/div><\/li><li style=\"display: flex; margin-bottom: 10px; align-items: center;\"><div class=\"post-thumbnail\" style=\"margin-right: 15px;\"><a href=\"https:\/\/atauni.edu.tr\/cografya\/2025\/11\/12\/genc-cografyacilar-bulusmasi-isimli-toplumsal-duyarlilik-projesi\/\"><img loading=\"lazy\" decoding=\"async\" width=\"150\" height=\"150\" src=\"https:\/\/atauni.edu.tr\/cografya\/wp-content\/uploads\/sites\/93\/2025\/11\/WhatsApp-Image-2025-11-12-at-11.10.38-1-150x150.jpeg\" class=\"attachment-thumbnail size-thumbnail wp-post-image\" alt=\"\" \/><\/a><\/div><div class=\"post-content\" style=\"flex-grow: 1;\"><span class=\"post-date habertarih\" style=\"display: block; font-weight: bold; margin-bottom: 5px;\">12 Kas\u0131m 2025<\/span><a class=\"haberbaslik\" href=\"https:\/\/atauni.edu.tr\/cografya\/2025\/11\/12\/genc-cografyacilar-bulusmasi-isimli-toplumsal-duyarlilik-projesi\/\">\u201cGen\u00e7 Co\u011frafyac\u0131lar Bulu\u015fmas\u0131 \u201c isimli Toplumsal Duyarl\u0131l\u0131k Projesi<\/a><\/div><\/li><li style=\"display: flex; margin-bottom: 10px; align-items: center;\"><div class=\"post-thumbnail\" style=\"margin-right: 15px;\"><a href=\"https:\/\/atauni.edu.tr\/cografya\/2025\/11\/03\/cografya-bolumunden-meteoroloji-12-bolge-ve-ata-botanik-bahcesi-teknik-gezisi\/\"><img loading=\"lazy\" decoding=\"async\" width=\"150\" height=\"150\" src=\"https:\/\/atauni.edu.tr\/cografya\/wp-content\/uploads\/sites\/93\/2025\/11\/WhatsApp-Image-2025-11-03-at-14.50.39-150x150.jpeg\" class=\"attachment-thumbnail size-thumbnail wp-post-image\" alt=\"\" \/><\/a><\/div><div class=\"post-content\" style=\"flex-grow: 1;\"><span class=\"post-date habertarih\" style=\"display: block; font-weight: bold; margin-bottom: 5px;\">3 Kas\u0131m 2025<\/span><a class=\"haberbaslik\" href=\"https:\/\/atauni.edu.tr\/cografya\/2025\/11\/03\/cografya-bolumunden-meteoroloji-12-bolge-ve-ata-botanik-bahcesi-teknik-gezisi\/\">Co\u011frafya B\u00f6l\u00fcm\u00fc\u2019nden \u201cMeteoroloji 12. B\u00f6lge ve ATA Botanik Bah\u00e7esi\u201d Teknik Gezisi<\/a><\/div><\/li><li style=\"display: flex; margin-bottom: 10px; align-items: center;\"><div class=\"post-thumbnail\" style=\"margin-right: 15px;\"><a href=\"https:\/\/atauni.edu.tr\/cografya\/2025\/07\/31\/ataturk-universitesi-cografya-alaninda-dunya-siralamasinda-theye-gore-601-800-bandinda\/\"><img loading=\"lazy\" decoding=\"async\" width=\"150\" height=\"150\" src=\"https:\/\/atauni.edu.tr\/cografya\/wp-content\/uploads\/sites\/93\/2025\/07\/WUR2025-cover-500x500-1-150x150.jpg\" class=\"attachment-thumbnail size-thumbnail wp-post-image\" alt=\"\" srcset=\"https:\/\/atauni.edu.tr\/cografya\/wp-content\/uploads\/sites\/93\/2025\/07\/WUR2025-cover-500x500-1-150x150.jpg 150w, https:\/\/atauni.edu.tr\/cografya\/wp-content\/uploads\/sites\/93\/2025\/07\/WUR2025-cover-500x500-1-300x300.jpg 300w, https:\/\/atauni.edu.tr\/cografya\/wp-content\/uploads\/sites\/93\/2025\/07\/WUR2025-cover-500x500-1.jpg 500w\" sizes=\"(max-width: 150px) 100vw, 150px\" \/><\/a><\/div><div class=\"post-content\" style=\"flex-grow: 1;\"><span class=\"post-date habertarih\" style=\"display: block; font-weight: bold; margin-bottom: 5px;\">31 Temmuz 2025<\/span><a class=\"haberbaslik\" href=\"https:\/\/atauni.edu.tr\/cografya\/2025\/07\/31\/ataturk-universitesi-cografya-alaninda-dunya-siralamasinda-theye-gore-601-800-bandinda\/\">Atat\u00fcrk \u00dcniversitesi Co\u011frafya Alan\u0131nda D\u00fcnya S\u0131ralamas\u0131nda: THE\u2019ye G\u00f6re 601\u2013800 Band\u0131nda, T\u00fcrkiye&#8217;de B\u00f6l\u00fcm Bazl\u0131 S\u0131ralamada 2.<\/a><\/div><\/li><li style=\"display: flex; margin-bottom: 10px; align-items: center;\"><div class=\"post-thumbnail\" style=\"margin-right: 15px;\"><a href=\"https:\/\/atauni.edu.tr\/cografya\/2025\/07\/01\/academic-visit-from-kosovo\/\"><img loading=\"lazy\" decoding=\"async\" width=\"150\" height=\"150\" src=\"https:\/\/atauni.edu.tr\/cografya\/wp-content\/uploads\/sites\/93\/2025\/07\/WhatsApp-Image-2025-07-01-at-12.39.57-150x150.jpeg\" class=\"attachment-thumbnail size-thumbnail wp-post-image\" alt=\"\" \/><\/a><\/div><div class=\"post-content\" style=\"flex-grow: 1;\"><span class=\"post-date habertarih\" style=\"display: block; font-weight: bold; margin-bottom: 5px;\">1 Temmuz 2025<\/span><a class=\"haberbaslik\" href=\"https:\/\/atauni.edu.tr\/cografya\/2025\/07\/01\/academic-visit-from-kosovo\/\">Academic Visit from University of Prishtina (Kosovo): International Cooperation in Geography Strengthened through Erasmus+<\/a><\/div><\/li><\/ul><nav class=\"pagination\" style=\"margin-top: 20px;\"><ul class='page-numbers'>\n\t<li><span aria-current=\"page\" class=\"page-numbers current\">1<\/span><\/li>\n\t<li><a class=\"page-numbers\" href=\"https:\/\/atauni.edu.tr\/cografya\/wp-json\/wp\/v2\/pages\/8961\/page\/2\/\">2<\/a><\/li>\n\t<li><a class=\"page-numbers\" href=\"https:\/\/atauni.edu.tr\/cografya\/wp-json\/wp\/v2\/pages\/8961\/page\/3\/\">3<\/a><\/li>\n\t<li><span class=\"page-numbers dots\">&hellip;<\/span><\/li>\n\t<li><a class=\"page-numbers\" href=\"https:\/\/atauni.edu.tr\/cografya\/wp-json\/wp\/v2\/pages\/8961\/page\/5\/\">5<\/a><\/li>\n\t<li><a class=\"next page-numbers\" href=\"https:\/\/atauni.edu.tr\/cografya\/wp-json\/wp\/v2\/pages\/8961\/page\/2\/\">Sonraki &raquo;<\/a><\/li>\n<\/ul>\n<\/nav>\n\n\n\n<p><\/p>\n","protected":false},"excerpt":{"rendered":"","protected":false},"author":8,"featured_media":0,"parent":0,"menu_order":0,"comment_status":"closed","ping_status":"closed","template":"","meta":{"footnotes":""},"class_list":["post-8961","page","type-page","status-publish","hentry"],"_links":{"self":[{"href":"https:\/\/atauni.edu.tr\/cografya\/wp-json\/wp\/v2\/pages\/8961","targetHints":{"allow":["GET"]}}],"collection":[{"href":"https:\/\/atauni.edu.tr\/cografya\/wp-json\/wp\/v2\/pages"}],"about":[{"href":"https:\/\/atauni.edu.tr\/cografya\/wp-json\/wp\/v2\/types\/page"}],"author":[{"embeddable":true,"href":"https:\/\/atauni.edu.tr\/cografya\/wp-json\/wp\/v2\/users\/8"}],"replies":[{"embeddable":true,"href":"https:\/\/atauni.edu.tr\/cografya\/wp-json\/wp\/v2\/comments?post=8961"}],"version-history":[{"count":2,"href":"https:\/\/atauni.edu.tr\/cografya\/wp-json\/wp\/v2\/pages\/8961\/revisions"}],"predecessor-version":[{"id":9148,"href":"https:\/\/atauni.edu.tr\/cografya\/wp-json\/wp\/v2\/pages\/8961\/revisions\/9148"}],"wp:attachment":[{"href":"https:\/\/atauni.edu.tr\/cografya\/wp-json\/wp\/v2\/media?parent=8961"}],"curies":[{"name":"wp","href":"https:\/\/api.w.org\/{rel}","templated":true}]}}