{"id":5638,"date":"2021-07-13T09:49:25","date_gmt":"2021-07-13T06:49:25","guid":{"rendered":"https:\/\/portaltest.atauni.edu.tr\/bilgisayar-muhendisligi\/?page_id=5638"},"modified":"2022-05-26T09:33:35","modified_gmt":"2022-05-26T06:33:35","slug":"tarihce","status":"publish","type":"page","link":"https:\/\/atauni.edu.tr\/dahili-tip-bilimleri\/tarihce\/","title":{"rendered":"Tarih\u00e7e"},"content":{"rendered":"\t\t<div data-elementor-type=\"wp-page\" data-elementor-id=\"5638\" class=\"elementor elementor-5638\" data-elementor-post-type=\"page\">\n\t\t\t\t\t\t<section class=\"elementor-section elementor-top-section elementor-element elementor-element-9be811a elementor-section-boxed elementor-section-height-default elementor-section-height-default\" data-id=\"9be811a\" data-element_type=\"section\">\n\t\t\t\t\t\t<div class=\"elementor-container elementor-column-gap-default\">\n\t\t\t\t\t<div class=\"elementor-column elementor-col-100 elementor-top-column elementor-element elementor-element-1ed847b7\" data-id=\"1ed847b7\" data-element_type=\"column\">\n\t\t\t<div class=\"elementor-widget-wrap elementor-element-populated\">\n\t\t\t\t\t\t<div class=\"elementor-element elementor-element-4ce0d07f elementor-widget elementor-widget-heading\" data-id=\"4ce0d07f\" data-element_type=\"widget\" data-widget_type=\"heading.default\">\n\t\t\t\t<div class=\"elementor-widget-container\">\n\t\t\t\t\t<h2 class=\"elementor-heading-title elementor-size-default\">Tarih\u00e7e<\/h2>\t\t\t\t<\/div>\n\t\t\t\t<\/div>\n\t\t\t\t<div class=\"elementor-element elementor-element-63260862 elementor-widget-divider--view-line elementor-widget elementor-widget-divider\" data-id=\"63260862\" data-element_type=\"widget\" data-widget_type=\"divider.default\">\n\t\t\t\t<div class=\"elementor-widget-container\">\n\t\t\t\t\t\t\t<div class=\"elementor-divider\">\n\t\t\t<span class=\"elementor-divider-separator\">\n\t\t\t\t\t\t<\/span>\n\t\t<\/div>\n\t\t\t\t\t\t<\/div>\n\t\t\t\t<\/div>\n\t\t\t\t\t<\/div>\n\t\t<\/div>\n\t\t\t\t\t<\/div>\n\t\t<\/section>\n\t\t\t\t<section class=\"elementor-section elementor-top-section elementor-element elementor-element-681db8b elementor-section-boxed elementor-section-height-default elementor-section-height-default\" data-id=\"681db8b\" data-element_type=\"section\">\n\t\t\t\t\t\t<div class=\"elementor-container elementor-column-gap-default\">\n\t\t\t\t\t<div class=\"elementor-column elementor-col-100 elementor-top-column elementor-element elementor-element-ad4dac5\" data-id=\"ad4dac5\" data-element_type=\"column\">\n\t\t\t<div class=\"elementor-widget-wrap elementor-element-populated\">\n\t\t\t\t\t\t<div class=\"elementor-element elementor-element-2f96b3d elementor-widget elementor-widget-text-editor\" data-id=\"2f96b3d\" data-element_type=\"widget\" data-widget_type=\"text-editor.default\">\n\t\t\t\t<div class=\"elementor-widget-container\">\n\t\t\t\t\t\t\t\t\t<div>\n<h2><p style=\"font-size: 17px;font-weight: 400;text-align: left\">Atat\u00fcrk \u00dcniversitesi\u2019nin kurulu\u015fundan 5 y\u0131l sonra Rekt\u00f6r Prof. Dr. Ey\u00fcp HIZALAN Ba\u015fkanl\u0131\u011f\u0131nda 6 Haziran 1962 y\u0131l\u0131nda \u00dcniversite Y\u00f6netim Kurulu T\u0131p Fak\u00fcltesi kurulmas\u0131 i\u00e7in tarihi bir karar al\u0131narak Atat\u00fcrk \u00dcniversitesi T\u0131p Fak\u00fcltesinin hukuki bak\u0131mdan kurulmas\u0131n\u0131n ilk ad\u0131m\u0131 at\u0131lm\u0131\u015ft\u0131r. Atat\u00fcrk \u00dcniversitesi Y\u00f6netim Kurulunun alm\u0131\u015f oldu\u011fu bu kararla Rekt\u00f6r Prof. Dr. Ey\u00fcp HIZALAN imzas\u0131 ile &nbsp;15 Haziran 1962 tarihinde 1867 say\u0131l\u0131 yaz\u0131 ile Milli E\u011fitim Bakanl\u0131\u011f\u0131na resmen ba\u015fvurulmu\u015ftur. Bu karar&nbsp;<span style=\"font-weight: bolder\">12 Temmuz 1962<\/span>&nbsp;tarihinde Milli E\u011fitim Bakan\u0131 Prof. Dr. \u015eevket RA\u015e\u0130T HAT\u0130PO\u011eLU taraf\u0131ndan onaylanm\u0131\u015f; 15 A\u011fustos 1962 tarihinde de bu onay\u0131n yap\u0131ld\u0131\u011f\u0131n\u0131 bildiren resmi yaz\u0131 Rekt\u00f6rl\u00fc\u011f\u00fcm\u00fcze iletilmi\u015ftir. B\u00f6ylece Atat\u00fcrk \u00dcniversitesi T\u0131p Fak\u00fcltesinin kurulma karar\u0131 hukuki bak\u0131mdan tamamlanm\u0131\u015ft\u0131r.<\/p><p style=\"font-size: 17px;font-weight: 400;text-align: left\">&nbsp;Ayn\u0131 y\u0131l Prof. Dr. Ey\u00fcp HIZALAN, Dr. Muzaffer K\u00dcRK\u00c7\u00dcO\u011eLU ve Dr. Tali URAL Uzman M\u00fc\u015favir olarak g\u00f6revlendirilmi\u015f, bu heyet d\u00fcnyan\u0131n geli\u015fmi\u015f t\u0131p merkezlerinde ara\u015ft\u0131rmalar yaparak bir ihtiya\u00e7 plan\u0131 haz\u0131rlam\u0131\u015f ve 1963 y\u0131l\u0131nda bu plan Devlet Planlama Te\u015fkilat\u0131na sunulmu\u015ftur. \u0130htiya\u00e7 planlar\u0131n\u0131n haz\u0131rlanmas\u0131ndan sonra e\u011fitim elemanlar\u0131n\u0131n sa\u011flanabilmesi i\u00e7in \u00e7al\u0131\u015fmalar h\u0131z kazanm\u0131\u015f ve bu konuda da g\u00f6revlendirilen Dr. Muzaffer K\u00dcRK\u00c7\u00dcO\u011eLU ve Dr. Tali URAL Hacettepe T\u0131p Merkezi Ba\u015fkan\u0131 Prof. Dr. \u0130hsan DO\u011eRAMACI ile Ankara\u2019da bizzat g\u00f6r\u00fc\u015fm\u00fc\u015fler ve kurulu\u015f a\u015famas\u0131nda kendilerinin deste\u011fini istemi\u015flerdir. 17 Temmuz 1963 tarihinde Atat\u00fcrk \u00dcniversitesi T\u0131p Fak\u00fcltesinin kurulu\u015f ve geli\u015fmesinde Ankara \u00dcniversitesi Hacettepe T\u0131p ve Sa\u011fl\u0131k Bilimleri Fak\u00fcltesi ile i\u015f birli\u011fi projesi ve protokol\u00fc Prof. Dr. \u0130hsan Do\u011framac\u0131 ve Prof. Dr. Ey\u00fcp HIZALAN taraf\u0131ndan imzalanm\u0131\u015f ve zaman\u0131n Milli e\u011fitim Bakan\u0131 Dr. \u0130brahim \u00d6KTEN taraf\u0131ndan tasdik edilmi\u015ftir. Haz\u0131rlanan i\u015fbirli\u011fi protokol\u00fc gere\u011fince Atat\u00fcrk \u00dcniversitesi T\u0131p Fak\u00fcltesinin kurulu\u015f ve geli\u015fmesinde yard\u0131mc\u0131 olacak 7 ki\u015fiden olu\u015fan bir dan\u0131\u015fma kurulu olu\u015fturulmu\u015ftur. &nbsp;<\/p><p style=\"font-size: 17px;font-weight: 400;text-align: left\">&nbsp;<span style=\"font-weight: bolder\">Bu kurulun \u00fcyeleri a\u015fa\u011f\u0131da verilmi\u015ftir:<\/span><\/p><p style=\"font-size: 17px;font-weight: 400;text-align: left\">&nbsp;<span style=\"font-weight: bolder\">1.<\/span>&nbsp;Prof. Dr. \u0130hsan DO\u011eRAMACI<\/p><p style=\"font-size: 17px;font-weight: 400;text-align: left\">&nbsp;<span style=\"font-weight: bolder\">2.<\/span>&nbsp;Prof. Dr. Do\u011fan KARAN<\/p><p style=\"font-size: 17px;font-weight: 400;text-align: left\">&nbsp;<span style=\"font-weight: bolder\">3.&nbsp;<\/span>Prof. Dr. Sabahattin PAYZIN<\/p><p style=\"font-size: 17px;font-weight: 400;text-align: left\">&nbsp;<span style=\"font-weight: bolder\">4.&nbsp;<\/span>Do\u00e7. Dr. Nusret F\u0130\u015eEK<\/p><p style=\"font-size: 17px;font-weight: 400;text-align: left\">&nbsp;<span style=\"font-weight: bolder\">5.<\/span>&nbsp;Dr. Muzaffer K\u00dcRK\u00c7\u00dcO\u011eLI<\/p><p style=\"font-size: 17px;font-weight: 400;text-align: left\">&nbsp;<span style=\"font-weight: bolder\">6.&nbsp;<\/span>Dr. Tali URAL<\/p><p style=\"font-size: 17px;font-weight: 400;text-align: left\">&nbsp;<span style=\"font-weight: bolder\">7.<\/span>&nbsp;Milli E\u011fitim Bakanl\u0131\u011f\u0131 Y\u00fcksek \u00d6\u011fretim Genel M\u00fcd\u00fcr\u00fc<\/p><p style=\"font-size: 17px;font-weight: 400;text-align: left\">&nbsp;Devlet Planlama Te\u015fkilat\u0131ndan davet edilen bir m\u00fc\u015favirinde kat\u0131ld\u0131\u011f\u0131 ve 25 Mart 1964 tarihinde Prof. Dr. Do\u011fan KARAN ba\u015fkanl\u0131\u011f\u0131nda yap\u0131lan \u00fc\u00e7\u00fcnc\u00fc Dan\u0131\u015fma Kurulu toplant\u0131s\u0131nda Hacettepe T\u0131p ve Sa\u011fl\u0131k Bilimleri Fak\u00fcltesi Profes\u00f6rlerinden. Dr. Muharrem K\u00d6KSAL Atat\u00fcrk \u00dcniversitesi T\u0131p Fak\u00fcltesinin Dekanl\u0131\u011f\u0131na aday g\u00f6sterilmi\u015ftir. Rekt\u00f6r Prof. Dr. Ey\u00fcp HIZALAN 28 Mart 1964 tarihinde Prof. Dr. Muharrem K\u00d6KSAL\u2019\u0131n dekan olarak atand\u0131\u011f\u0131n\u0131 bildirmi\u015ftir.<\/p><p style=\"font-size: 17px;font-weight: 400;text-align: left\">&nbsp;Fak\u00fcltenin ilk \u00f6\u011frencileri 1964-1965 E\u011fitim-\u00d6\u011fretim D\u00f6neminde F.K.B. e\u011fitimi almak \u00fczere Hacettepe T\u0131p Fak\u00fcltesine g\u00f6nderilmi\u015ftir. Yirmi \u00fc\u00e7 ki\u015filik bu ilk \u00f6\u011frenci gurubu e\u011fitimlerini tamamlayarak 13 \u015eubat 1966 tarihinde Erzurum\u2019a d\u00f6nm\u00fc\u015flerdir. 1966 y\u0131l\u0131nda T\u0131p Fak\u00fcltesine Dekan olarak Prof. Dr. Ali ERTU\u011eRUL g\u00f6revlendirilmi\u015ftir.12 \u015eubat 1966 tarihinde \u00e7o\u011fu kendi imkanlar\u0131yla yurt d\u0131\u015f\u0131nda ihtisas yapan 33 ki\u015filik bir \u00d6\u011fretim \u00dcyesi grubu Erzurum\u2019a gelerek Sa\u011fl\u0131k Bakanl\u0131\u011f\u0131ndan T\u0131p Fak\u00fcltesine tahsis edilmi\u015f olan Numune Hastanesi\u2019nde g\u00f6reve ba\u015flam\u0131\u015ft\u0131r.<\/p><p style=\"font-size: 17px;font-weight: 400;text-align: left\">&nbsp;1968 y\u0131l\u0131nda Atat\u00fcrk \u00dcniversitesi Kampusu i\u00e7erisinde Morfoloji binalar\u0131 hizmete girmi\u015f ve ayn\u0131 y\u0131l devrin ba\u015fbakan\u0131 S\u00fcleyman DEM\u0130REL taraf\u0131ndan ara\u015ft\u0131rma hastanesinin temeli at\u0131lm\u0131\u015ft\u0131r. Hastane in\u015faat\u0131n\u0131n tamamlanmas\u0131ndan sonra Fak\u00fcltemiz 1978 y\u0131l\u0131nda kendi Hastanesine ta\u015f\u0131nm\u0131\u015ft\u0131r.<\/p><p style=\"font-size: 17px;font-weight: 400;text-align: left\">&nbsp;<span style=\"font-weight: bolder\">Kurulu\u015fundan bug\u00fcne Atat\u00fcrk \u00dcniversitesi T\u0131p Fak\u00fcltesi`nin dekanlar\u0131 \u015funlard\u0131r:<\/span><\/p><p style=\"font-size: 17px;font-weight: 400;text-align: left\">&nbsp;Prof. Dr. Muharrem K\u00d6KSAL (Kurucu Dekan)<\/p><p style=\"font-size: 17px;font-weight: 400;text-align: left\">&nbsp;Prof. Dr. Ali ERTU\u011eRUL<\/p><p style=\"font-size: 17px;font-weight: 400;text-align: left\">&nbsp;Prof. Dr. Mithat TORUNO\u011eLU<\/p><p style=\"font-size: 17px;font-weight: 400;text-align: left\">&nbsp;Prof. Dr. Erg\u00fcn R. SABAR<\/p><p style=\"font-size: 17px;font-weight: 400;text-align: left\">&nbsp;Prof. Dr. Tali URAL<\/p><p style=\"font-size: 17px;font-weight: 400;text-align: left\">&nbsp;Prof. Dr. Muzaffer K\u00dcRK\u00c7\u00dcO\u011eLU<\/p><p style=\"font-size: 17px;font-weight: 400;text-align: left\">&nbsp;Prof. Dr. Ya\u015far KUYUCU<\/p><p style=\"font-size: 17px;font-weight: 400;text-align: left\">&nbsp;Prof. Dr. Ayvaz KARABIYIKO\u011eLU<\/p><p style=\"font-size: 17px;font-weight: 400;text-align: left\">&nbsp;Prof. Dr. Zeki BA\u015eAR<\/p><p style=\"font-size: 17px;font-weight: 400;text-align: left\">&nbsp;Prof. Dr. Mete BABACAN<\/p><p style=\"font-size: 17px;font-weight: 400;text-align: left\">&nbsp;Prof. Dr. Ayten URAL<\/p><p style=\"font-size: 17px;font-weight: 400;text-align: left\">&nbsp;Prof. Dr. Sabahat KOT<\/p><p style=\"font-size: 17px;font-weight: 400;text-align: left\">&nbsp;Prof. Dr. Durkaya \u00d6REN<\/p><p style=\"font-size: 17px;font-weight: 400;text-align: left\">&nbsp;Prof. Dr. \u015eevki \u00d6ZDEM\u0130R<\/p><p style=\"font-size: 17px;font-weight: 400;text-align: left\">&nbsp;Prof. Dr. Handan ALP<\/p><p style=\"font-size: 17px;font-weight: 400;text-align: left\">&nbsp;Prof. Dr. Cahit KARAKELLEO\u011eLU<\/p><p style=\"font-size: 17px;font-weight: 400;text-align: left\">&nbsp;Prof. Dr. Sabri Sel\u00e7uk ATAMANALP<\/p><p style=\"font-size: 17px;font-weight: 400;text-align: left\">&nbsp;Prof. Dr. \u00d6zkan POLAT<\/p><p style=\"font-size: 17px;font-weight: 400;text-align: left\">&nbsp;Prof. Dr. Sabri Sel\u00e7uk ATAMANALP<\/p><p style=\"font-size: 17px;font-weight: 400;text-align: left\">Prof.Dr.\u00d6zkan POLAT<\/p><p style=\"font-size: 17px;font-weight: 400;text-align: left\">Prof.Dr.Ak\u0131n LEVENT<\/p><p style=\"font-size: 17px;font-weight: 400;text-align: left\">Prof.Dr.Fatih ALBAYRAK (Mevcut Dekan)<\/p><p style=\"font-size: 17px;font-weight: 400;text-align: left\">&nbsp;<span style=\"font-weight: bolder\">GENEL B\u0130LG\u0130LER<\/span><\/p><p style=\"font-size: 17px;font-weight: 400;text-align: left\">&nbsp;T\u0131p Fak\u00fcltesi 1957 y\u0131l\u0131nda kurulan Atat\u00fcrk \u00dcniversitesinin en eski fak\u00fcltelerinden biridir.<\/p><p style=\"font-size: 17px;font-weight: 400;text-align: left\">&nbsp;Fak\u00fcltenin resmi kurulu\u015f y\u0131l\u0131 1962\u2019dir.<\/p><p style=\"font-size: 17px;font-weight: 400;text-align: left\">&nbsp;Fak\u00fcltenin ilk \u00f6\u011frencileri Temel T\u0131p Bilimleri e\u011fitimi i\u00e7in 1964\u2019te Hacettepe \u00dcniversitesine g\u00f6nderilmi\u015ftir.<\/p><p style=\"font-size: 17px;font-weight: 400;text-align: left\">&nbsp;Y\u0131ll\u0131k \u00f6\u011frenci kontenjan\u0131 264\u2019tir.<\/p><p style=\"font-size: 17px;font-weight: 400;text-align: left\">&nbsp;Fak\u00fcltemizin e\u011fitim dili T\u00fcrk\u00e7e ve \u0130ngilizcedir.<\/p><p style=\"font-size: 17px;font-weight: 400;text-align: left\">&nbsp;Fak\u00fcltemizde 2022 y\u0131l\u0131nda 42 Anabilim dal\u0131nda 103 profes\u00f6r, 63 do\u00e7ent ve 89 Doktor \u00dcyesi \u00e7al\u0131\u015fmaktad\u0131r.<\/p><p style=\"font-size: 17px;font-weight: 400;text-align: left\">&nbsp;Fak\u00fcltemizden 26 Ekim 1970 tarihinden beri 6200\u2019\u00fcn \u00fczerinde hekim mezun olmu\u015ftur.<\/p><p style=\"font-size: 17px;font-weight: 400;text-align: left\">&nbsp;Fak\u00fcltemiz&nbsp; A\u011fr\u0131 \u0130brahim \u00c7e\u00e7en \u00dcniversitesi T\u0131p Fak\u00fcltesi ve Sa\u011fl\u0131k Bilimleri \u00dcniversitesi T\u0131p Fak\u00fcltesi &nbsp;\u00f6\u011frencilerine e\u011fitim vermektedir.Fak\u00fcltemizde A\u011fr\u0131 \u0130brahim \u00c7e\u00e7en \u00dcniversitesinin&nbsp;42,&nbsp;&nbsp;Sa\u011fl\u0131k Bilimleri \u00dcniversitesi T\u0131p Fak\u00fcltesinin 62 \u00f6\u011frencisine e\u011fitim vermektedir.<\/p><p style=\"font-size: 17px;font-weight: 400;text-align: left\">&nbsp;Fak\u00fcltemizde 2021-2022 e\u011fitim d\u00f6neminde 2323 lisans ve 429 t\u0131pta uzmanl\u0131k \u00f6\u011frencisi olmak \u00fczere toplam 2852 \u00f6\u011frenci bulunmaktad\u0131r.&nbsp;<\/p><p style=\"font-size: 17px;font-weight: 400;text-align: left\">&nbsp;Fak\u00fcltenin ana bilim dallar\u0131 Temel, D\u00e2hili ve Cerrahi T\u0131p Bilimleri olmak \u00fczere \u00fc\u00e7 b\u00f6l\u00fcm i\u00e7erisinde yer almaktad\u0131r.<\/p><p style=\"font-size: 17px;font-weight: 400;text-align: left\">&nbsp;<span style=\"font-weight: bolder\">E\u011fitim s\u00fcresi T\u00fcrk\u00e7e b\u00f6l\u00fcm\u00fcnde 6 y\u0131l , \u0130ngilizce B\u00f6l\u00fcm\u00fcnde 7 y\u0131ld\u0131r :<\/span><\/p><p style=\"font-size: 17px;font-weight: 400;text-align: left\">&nbsp;3 y\u0131l klinik \u00f6ncesi<\/p><p style=\"font-size: 17px;font-weight: 400;text-align: left\">&nbsp;2 y\u0131l klinik ve<\/p><p style=\"font-size: 17px;font-weight: 400;text-align: left\">&nbsp;1 y\u0131l \u0130nt\u00f6rnl\u00fck<\/p><p style=\"font-size: 17px;font-weight: 400;text-align: left\">&nbsp;Alt\u0131 y\u0131ll\u0131k e\u011fitim m\u00fcfredat\u0131 \u00e7a\u011fda\u015f geli\u015fimlerin yan\u0131 s\u0131ra t\u0131pta temel prensipler, pratik uygulamalar\u0131 kapsamaktad\u0131r.<\/p><p style=\"font-size: 17px;font-weight: 400;text-align: left\">&nbsp;\u0130lk \u00fc\u00e7 y\u0131l\u0131n hedefi insan hastal\u0131klar\u0131n\u0131 anlama ve analiz edebilmesi i\u00e7in temel bilgilerin verilerek \u00f6\u011frencinin T\u0131p bilimleri hakk\u0131ndaki bilgilerini geli\u015ftirmektir. Her bir y\u0131l\u0131n m\u00fcfredat\u0131 7 komiteye ayr\u0131lm\u0131\u015ft\u0131r. Her komitenin sonunda s\u0131nav yap\u0131l\u0131r. Ayr\u0131ca y\u0131lsonunda Final s\u0131nav yap\u0131l\u0131r. Bir \u00f6\u011frencinin \u00fcst s\u0131n\u0131fa ge\u00e7ebilmesi i\u00e7in 100 puan \u00fczerinden en az 60 puan almas\u0131 gerekir (Komite s\u0131navlar\u0131 ortalamas\u0131n\u0131n % 60\u2019\u0131 ile Final s\u0131nav\u0131n\u0131n % 40\u2019\u0131n\u0131n toplam\u0131 60 olmal\u0131d\u0131r). Temel T\u0131p Bilimlerinde her bir y\u0131l\u0131n normal s\u00fcresi 36 haftad\u0131r.<\/p><p style=\"font-size: 17px;font-weight: 400;text-align: left\">&nbsp;Klinik Bilimler (d\u00f6rd\u00fcnc\u00fc ve be\u015finci y\u0131l)\u2019de program\u0131n amac\u0131 \u00f6\u011frenciye hastal\u0131klar\u0131n etiyolojisi, patofizyolojisini, semptomlar\u0131n\u0131 klinik ve laboratuvar bulgular\u0131n\u0131 ve tedavisini \u00f6\u011fretmektir. Bu d\u00f6nemde her bir stajdan ba\u015far\u0131l\u0131 olmas\u0131 i\u00e7in \u00f6\u011frencinin 100 puan \u00fczerinden en az 60 puan almas\u0131 gerekir. Klinik Bilimlerinde 4. d\u00f6nem 40 hafta, 5. d\u00f6nem 36 haftad\u0131r.<\/p><p style=\"font-size: 17px;font-weight: 400;text-align: left\">&nbsp;\u0130nt\u00f6rnl\u00fc\u011f\u00fcn (alt\u0131nc\u0131 y\u0131l) amac\u0131 halk sa\u011fl\u0131\u011f\u0131 ve koruyucu hekimli\u011fin \u00f6nemini kavram\u0131\u015f, hastal\u0131klar\u0131n tan\u0131 ve tedavisini yapabilen yeterlilikte \u00f6\u011frenciler yeti\u015ftirmektir. Bu d\u00f6nemde sorumlu \u00f6\u011fretim \u00fcyesi \u00f6\u011frenci hakk\u0131ndaki karar\u0131n\u0131 \u201cba\u015far\u0131l\u0131\u201d ya da \u201cba\u015far\u0131s\u0131z\u201d olarak belirtir. (Sorumlu \u00f6\u011fretim \u00fcyesi sonucu not olarak ta bildirebilir. Bu durumda \u00f6\u011frencinin ba\u015far\u0131l\u0131 olmas\u0131 i\u00e7in her bir stajdan 100 puan \u00fczerinden en az 60 almas\u0131 gerekir.) \u0130nt\u00f6rnl\u00fck e\u011fitiminin normal s\u00fcresi 52 haftad\u0131r.<\/p><p style=\"font-size: 17px;font-weight: 400;text-align: left\">&nbsp;\u0130ngilizce B\u00f6l\u00fcm\u00fcnde ayr\u0131ca 1 y\u0131l haz\u0131rl\u0131k s\u0131n\u0131f\u0131 e\u011fitimi vard\u0131r.<\/p><p style=\"font-size: 17px;font-weight: 400;text-align: left\">&nbsp;<span style=\"font-weight: bolder\">FAK\u00dcLTE HASTANES\u0130<\/span><\/p><p style=\"font-size: 17px;font-weight: 400;text-align: left\">&nbsp;Fak\u00fcltemiz &nbsp;Ara\u015ft\u0131rma Hastanesi ve Uygulama Merkezinde toplam 1450 yatak kapasiteli &nbsp;hastaneye sahiptir. Bu hastanenin acil servisi 24 saat hizmet vermektedir.<\/p><p style=\"font-size: 17px;font-weight: 400;text-align: left\">&nbsp;<span style=\"font-weight: bolder\">G\u0130R\u0130\u015e KO\u015eULLARI<\/span><\/p><p style=\"font-size: 17px;font-weight: 400;text-align: left\">&nbsp;Lise Diplomas\u0131<\/p><p style=\"font-size: 17px;font-weight: 400;text-align: left\">&nbsp;Fak\u00fcltemize Ulusal \u00d6\u011frenci Se\u00e7me ve Yerle\u015ftirme S\u0131nav\u0131 (\u00d6SS) ile \u00f6\u011frenci al\u0131nmaktad\u0131r. Y\u0131lda bir kez yap\u0131lan bu s\u0131nav \u00d6\u011frenci Se\u00e7me ve Yerle\u015ftirme Merkezi (\u00d6SYM) taraf\u0131ndan y\u00fcr\u00fct\u00fclmektedir.<\/p><p style=\"font-size: 17px;font-weight: 400;text-align: left\">&nbsp;<span style=\"font-weight: bolder\">KAZANILAN UNVAN ve FIRSATLAR<\/span><\/p><p style=\"font-size: 17px;font-weight: 400;text-align: left\">&nbsp;E\u011fitim plan\u0131nda yer alan b\u00fct\u00fcn zorunlu teorik ve uygulama ders s\u0131navlar\u0131n\u0131 ba\u015far\u0131yla tamamlamas\u0131 \u00fczerine, \u00f6\u011frenciler T\u0131p Doktoru unvan\u0131 almaktad\u0131rlar.<\/p><p style=\"font-size: 17px;font-weight: 400;text-align: left\">&nbsp;T\u0131p Doktoru olan \u00f6\u011frencilerimiz Yurdumuzdaki hastanelerde ve \u00f6zelde pratisyen hekim olarak \u00e7al\u0131\u015fabilmektedir.<\/p><p style=\"font-size: 17px;font-weight: 400;text-align: left\">&nbsp;T\u0131p Doktoru diplomas\u0131n\u0131 alan mezunlar\u0131m\u0131z ulusal T\u0131pta Uzmanl\u0131k programlar\u0131 s\u0131nav\u0131na ve Doktora programlar\u0131na ba\u015fvurabilirler.<\/p><\/h2><\/div><div>\n<\/div>\t\t\t\t\t\t\t\t<\/div>\n\t\t\t\t<\/div>\n\t\t\t\t\t<\/div>\n\t\t<\/div>\n\t\t\t\t\t<\/div>\n\t\t<\/section>\n\t\t\t\t<\/div>\n\t\t","protected":false},"excerpt":{"rendered":"<p>Tarih\u00e7e Atat\u00fcrk \u00dcniversitesi\u2019nin kurulu\u015fundan 5 y\u0131l sonra Rekt\u00f6r Prof. Dr. Ey\u00fcp HIZALAN Ba\u015fkanl\u0131\u011f\u0131nda 6 Haziran 1962 y\u0131l\u0131nda \u00dcniversite Y\u00f6netim Kurulu T\u0131p Fak\u00fcltesi kurulmas\u0131 i\u00e7in tarihi bir karar al\u0131narak Atat\u00fcrk \u00dcniversitesi T\u0131p Fak\u00fcltesinin hukuki bak\u0131mdan kurulmas\u0131n\u0131n ilk ad\u0131m\u0131 at\u0131lm\u0131\u015ft\u0131r. Atat\u00fcrk \u00dcniversitesi Y\u00f6netim Kurulunun alm\u0131\u015f oldu\u011fu bu kararla Rekt\u00f6r Prof. Dr. Ey\u00fcp HIZALAN imzas\u0131 ile &nbsp;15 Haziran [&hellip;]<\/p>\n","protected":false},"author":1,"featured_media":0,"parent":0,"menu_order":0,"comment_status":"closed","ping_status":"closed","template":"","meta":{"footnotes":""},"class_list":["post-5638","page","type-page","status-publish","hentry"],"_links":{"self":[{"href":"https:\/\/atauni.edu.tr\/dahili-tip-bilimleri\/wp-json\/wp\/v2\/pages\/5638","targetHints":{"allow":["GET"]}}],"collection":[{"href":"https:\/\/atauni.edu.tr\/dahili-tip-bilimleri\/wp-json\/wp\/v2\/pages"}],"about":[{"href":"https:\/\/atauni.edu.tr\/dahili-tip-bilimleri\/wp-json\/wp\/v2\/types\/page"}],"author":[{"embeddable":true,"href":"https:\/\/atauni.edu.tr\/dahili-tip-bilimleri\/wp-json\/wp\/v2\/users\/1"}],"replies":[{"embeddable":true,"href":"https:\/\/atauni.edu.tr\/dahili-tip-bilimleri\/wp-json\/wp\/v2\/comments?post=5638"}],"version-history":[{"count":28,"href":"https:\/\/atauni.edu.tr\/dahili-tip-bilimleri\/wp-json\/wp\/v2\/pages\/5638\/revisions"}],"predecessor-version":[{"id":6193,"href":"https:\/\/atauni.edu.tr\/dahili-tip-bilimleri\/wp-json\/wp\/v2\/pages\/5638\/revisions\/6193"}],"wp:attachment":[{"href":"https:\/\/atauni.edu.tr\/dahili-tip-bilimleri\/wp-json\/wp\/v2\/media?parent=5638"}],"curies":[{"name":"wp","href":"https:\/\/api.w.org\/{rel}","templated":true}]}}