{"id":5728,"date":"2021-07-13T11:33:38","date_gmt":"2021-07-13T08:33:38","guid":{"rendered":"https:\/\/portaltest.atauni.edu.tr\/bilgisayar-muhendisligi\/?page_id=5728"},"modified":"2021-08-27T15:49:46","modified_gmt":"2021-08-27T12:49:46","slug":"bolum-tanitimi","status":"publish","type":"page","link":"https:\/\/atauni.edu.tr\/dahili-tip-bilimleri\/bolum-tanitimi\/","title":{"rendered":"B\u00f6l\u00fcm Tan\u0131t\u0131m\u0131"},"content":{"rendered":"\t\t<div data-elementor-type=\"wp-page\" data-elementor-id=\"5728\" class=\"elementor elementor-5728\" data-elementor-post-type=\"page\">\n\t\t\t\t\t\t<section class=\"elementor-section elementor-top-section elementor-element elementor-element-730d320 elementor-section-boxed elementor-section-height-default elementor-section-height-default\" data-id=\"730d320\" data-element_type=\"section\">\n\t\t\t\t\t\t<div class=\"elementor-container elementor-column-gap-default\">\n\t\t\t\t\t<div class=\"elementor-column elementor-col-100 elementor-top-column elementor-element elementor-element-753d0860\" data-id=\"753d0860\" data-element_type=\"column\">\n\t\t\t<div class=\"elementor-widget-wrap\">\n\t\t\t\t\t\t\t<\/div>\n\t\t<\/div>\n\t\t\t\t\t<\/div>\n\t\t<\/section>\n\t\t\t\t<section class=\"elementor-section elementor-top-section elementor-element elementor-element-9be811a elementor-section-boxed elementor-section-height-default elementor-section-height-default\" data-id=\"9be811a\" data-element_type=\"section\">\n\t\t\t\t\t\t<div class=\"elementor-container elementor-column-gap-default\">\n\t\t\t\t\t<div class=\"elementor-column elementor-col-100 elementor-top-column elementor-element elementor-element-1ed847b7\" data-id=\"1ed847b7\" data-element_type=\"column\">\n\t\t\t<div class=\"elementor-widget-wrap elementor-element-populated\">\n\t\t\t\t\t\t<div class=\"elementor-element elementor-element-4ce0d07f elementor-widget elementor-widget-heading\" data-id=\"4ce0d07f\" data-element_type=\"widget\" data-widget_type=\"heading.default\">\n\t\t\t\t<div class=\"elementor-widget-container\">\n\t\t\t\t\t<h2 class=\"elementor-heading-title elementor-size-default\">B\u00f6l\u00fcm Tan\u0131t\u0131m\u0131<\/h2>\t\t\t\t<\/div>\n\t\t\t\t<\/div>\n\t\t\t\t<div class=\"elementor-element elementor-element-63260862 elementor-widget-divider--view-line elementor-widget elementor-widget-divider\" data-id=\"63260862\" data-element_type=\"widget\" data-widget_type=\"divider.default\">\n\t\t\t\t<div class=\"elementor-widget-container\">\n\t\t\t\t\t\t\t<div class=\"elementor-divider\">\n\t\t\t<span class=\"elementor-divider-separator\">\n\t\t\t\t\t\t<\/span>\n\t\t<\/div>\n\t\t\t\t\t\t<\/div>\n\t\t\t\t<\/div>\n\t\t\t\t\t<\/div>\n\t\t<\/div>\n\t\t\t\t\t<\/div>\n\t\t<\/section>\n\t\t\t\t<section class=\"elementor-section elementor-top-section elementor-element elementor-element-681db8b elementor-section-boxed elementor-section-height-default elementor-section-height-default\" data-id=\"681db8b\" data-element_type=\"section\">\n\t\t\t\t\t\t<div class=\"elementor-container elementor-column-gap-default\">\n\t\t\t\t\t<div class=\"elementor-column elementor-col-100 elementor-top-column elementor-element elementor-element-ad4dac5\" data-id=\"ad4dac5\" data-element_type=\"column\">\n\t\t\t<div class=\"elementor-widget-wrap elementor-element-populated\">\n\t\t\t\t\t\t<div class=\"elementor-element elementor-element-2f96b3d elementor-widget elementor-widget-text-editor\" data-id=\"2f96b3d\" data-element_type=\"widget\" data-widget_type=\"text-editor.default\">\n\t\t\t\t<div class=\"elementor-widget-container\">\n\t\t\t\t\t\t\t\t\t<p>Atat\u00fcrk \u00dcniversitesi Dahili T\u0131p Bilimleri, t\u0131p alan\u0131nda uzmanl\u0131k e\u011fitimi veren bir b\u00f6l\u00fcmd\u00fcr. Bu b\u00f6l\u00fcmde \u00f6\u011frenciler, dahili t\u0131p bilimleri alan\u0131nda derinlemesine bilgi ve beceri kazan\u0131rlar.<\/p>\n<p>B\u00f6l\u00fcm\u00fcn amac\u0131, \u00f6\u011frencilere teorik ve pratik e\u011fitim vererek, onlar\u0131 Dahili T\u0131p Bilimleri alan\u0131nda donan\u0131ml\u0131 birer uzman haline getirmektir. B\u00f6l\u00fcmde, deneyimli \u00f6\u011fretim \u00fcyeleri taraf\u0131ndan verilen dersler ve uygulamal\u0131 e\u011fitimlerle, \u00f6\u011frencilerin bilgi ve becerilerini geli\u015ftirmelerine yard\u0131mc\u0131 olunur.<\/p>\n<p>Bu b\u00f6l\u00fcmde verilen e\u011fitimler, \u00f6\u011frencilere dahili t\u0131p bilimleri alan\u0131ndaki son geli\u015fmeleri takip edebilme, hastal\u0131klar\u0131 te\u015fhis ve tedavi edebilme, ara\u015ft\u0131rma yapabilme ve s\u00fcrekli \u00f6\u011frenme al\u0131\u015fkanl\u0131\u011f\u0131 kazanma becerileri kazand\u0131r\u0131r. Ayr\u0131ca, \u00f6\u011frenciler klini\u011fe yans\u0131yan teorik bilgileri uygulayarak, hasta bak\u0131m\u0131n\u0131n her a\u015famas\u0131nda aktif rol al\u0131rlar.<\/p>\n<p>B\u00f6l\u00fcm\u00fcn \u00f6\u011fretim \u00fcyeleri, \u00f6\u011frencilere rehberlik eder ve onlar\u0131 mesleki geli\u015fimleri konusunda destekler. \u00d6\u011frencilerin e\u011fitim s\u00fcre\u00e7lerinde kar\u015f\u0131la\u015ft\u0131klar\u0131 sorunlar\u0131 \u00e7\u00f6zmelerine yard\u0131mc\u0131 olunur ve onlara gelecekteki meslek ya\u015famlar\u0131nda ba\u015far\u0131l\u0131 olmalar\u0131 i\u00e7in gerekli olan beceriler kazand\u0131r\u0131l\u0131r.<\/p>\n<p>Atat\u00fcrk \u00dcniversitesi Dahili T\u0131p Bilimleri, \u00f6\u011frencilerine geni\u015f kapsaml\u0131 bir e\u011fitim sunar ve onlar\u0131 t\u0131p alan\u0131nda uzmanl\u0131k e\u011fitimi almaya haz\u0131rlar. Bu b\u00f6l\u00fcmde verilen e\u011fitimler, \u00f6\u011frencilere dahili t\u0131p bilimleri alan\u0131ndaki en son geli\u015fmeleri takip edebilme, hasta bak\u0131m\u0131n\u0131n her a\u015famas\u0131nda aktif rol alabilme ve s\u00fcrekli \u00f6\u011frenme al\u0131\u015fkanl\u0131\u011f\u0131 kazanma becerileri kazand\u0131rarak, onlar\u0131 ba\u015far\u0131l\u0131 birer uzman olarak yeti\u015fmelerine yard\u0131mc\u0131 olur.<\/p>\t\t\t\t\t\t\t\t<\/div>\n\t\t\t\t<\/div>\n\t\t\t\t\t<\/div>\n\t\t<\/div>\n\t\t\t\t\t<\/div>\n\t\t<\/section>\n\t\t\t\t<\/div>\n\t\t","protected":false},"excerpt":{"rendered":"<p>Dahili T\u0131p Bilimleri b\u00f6l\u00fcm\u00fc, sa\u011fl\u0131k bilimleri alan\u0131n\u0131n temelini olu\u015fturan bir disiplindir. Bu b\u00f6l\u00fcm, insan v\u00fccudunun i\u00e7 yap\u0131s\u0131n\u0131, organ sistemlerini ve bu sistemlerin birbirleriyle olan ili\u015fkilerini inceleyen bir aland\u0131r. Dahili T\u0131p Bilimleri b\u00f6l\u00fcm\u00fcnde, \u00f6\u011frencilere insan anatomisi, histoloji, embriyoloji, fizyoloji, biyokimya, farmakoloji, mikrobiyoloji ve patoloji gibi temel sa\u011fl\u0131k bilimlerinin yan\u0131 s\u0131ra, dahili t\u0131p ile ilgili \u00f6zel konular [&hellip;]<\/p>\n","protected":false},"author":1,"featured_media":0,"parent":0,"menu_order":0,"comment_status":"closed","ping_status":"closed","template":"elementor_header_footer","meta":{"footnotes":""},"class_list":["post-5728","page","type-page","status-publish","hentry"],"_links":{"self":[{"href":"https:\/\/atauni.edu.tr\/dahili-tip-bilimleri\/wp-json\/wp\/v2\/pages\/5728","targetHints":{"allow":["GET"]}}],"collection":[{"href":"https:\/\/atauni.edu.tr\/dahili-tip-bilimleri\/wp-json\/wp\/v2\/pages"}],"about":[{"href":"https:\/\/atauni.edu.tr\/dahili-tip-bilimleri\/wp-json\/wp\/v2\/types\/page"}],"author":[{"embeddable":true,"href":"https:\/\/atauni.edu.tr\/dahili-tip-bilimleri\/wp-json\/wp\/v2\/users\/1"}],"replies":[{"embeddable":true,"href":"https:\/\/atauni.edu.tr\/dahili-tip-bilimleri\/wp-json\/wp\/v2\/comments?post=5728"}],"version-history":[{"count":8,"href":"https:\/\/atauni.edu.tr\/dahili-tip-bilimleri\/wp-json\/wp\/v2\/pages\/5728\/revisions"}],"predecessor-version":[{"id":6100,"href":"https:\/\/atauni.edu.tr\/dahili-tip-bilimleri\/wp-json\/wp\/v2\/pages\/5728\/revisions\/6100"}],"wp:attachment":[{"href":"https:\/\/atauni.edu.tr\/dahili-tip-bilimleri\/wp-json\/wp\/v2\/media?parent=5728"}],"curies":[{"name":"wp","href":"https:\/\/api.w.org\/{rel}","templated":true}]}}