{"id":5762,"date":"2021-07-13T12:55:48","date_gmt":"2021-07-13T09:55:48","guid":{"rendered":"https:\/\/portaltest.atauni.edu.tr\/bilgisayar-muhendisligi\/?page_id=5762"},"modified":"2022-05-26T10:07:33","modified_gmt":"2022-05-26T07:07:33","slug":"lisans-ders-listesi","status":"publish","type":"page","link":"https:\/\/atauni.edu.tr\/dahili-tip-bilimleri\/lisans-ders-listesi\/","title":{"rendered":"Ders Listesi"},"content":{"rendered":"\t\t<div data-elementor-type=\"wp-page\" data-elementor-id=\"5762\" class=\"elementor elementor-5762\" data-elementor-post-type=\"page\">\n\t\t\t\t\t\t<section class=\"elementor-section elementor-top-section elementor-element elementor-element-730d320 elementor-section-boxed elementor-section-height-default elementor-section-height-default\" data-id=\"730d320\" data-element_type=\"section\">\n\t\t\t\t\t\t<div class=\"elementor-container elementor-column-gap-default\">\n\t\t\t\t\t<div class=\"elementor-column elementor-col-100 elementor-top-column elementor-element elementor-element-753d0860\" data-id=\"753d0860\" data-element_type=\"column\">\n\t\t\t<div class=\"elementor-widget-wrap\">\n\t\t\t\t\t\t\t<\/div>\n\t\t<\/div>\n\t\t\t\t\t<\/div>\n\t\t<\/section>\n\t\t\t\t<section class=\"elementor-section elementor-top-section elementor-element elementor-element-9be811a elementor-section-boxed elementor-section-height-default elementor-section-height-default\" data-id=\"9be811a\" data-element_type=\"section\">\n\t\t\t\t\t\t<div class=\"elementor-container elementor-column-gap-default\">\n\t\t\t\t\t<div class=\"elementor-column elementor-col-100 elementor-top-column elementor-element elementor-element-1ed847b7\" data-id=\"1ed847b7\" data-element_type=\"column\">\n\t\t\t<div class=\"elementor-widget-wrap elementor-element-populated\">\n\t\t\t\t\t\t<div class=\"elementor-element elementor-element-4ce0d07f elementor-widget elementor-widget-heading\" data-id=\"4ce0d07f\" data-element_type=\"widget\" data-widget_type=\"heading.default\">\n\t\t\t\t<div class=\"elementor-widget-container\">\n\t\t\t\t\t<h2 class=\"elementor-heading-title elementor-size-default\">Lisans Ders Listesi<\/h2>\t\t\t\t<\/div>\n\t\t\t\t<\/div>\n\t\t\t\t<div class=\"elementor-element elementor-element-63260862 elementor-widget-divider--view-line elementor-widget elementor-widget-divider\" data-id=\"63260862\" data-element_type=\"widget\" data-widget_type=\"divider.default\">\n\t\t\t\t<div class=\"elementor-widget-container\">\n\t\t\t\t\t\t\t<div class=\"elementor-divider\">\n\t\t\t<span class=\"elementor-divider-separator\">\n\t\t\t\t\t\t<\/span>\n\t\t<\/div>\n\t\t\t\t\t\t<\/div>\n\t\t\t\t<\/div>\n\t\t\t\t\t<\/div>\n\t\t<\/div>\n\t\t\t\t\t<\/div>\n\t\t<\/section>\n\t\t\t\t<section class=\"elementor-section elementor-top-section elementor-element elementor-element-ff12562 elementor-section-boxed elementor-section-height-default elementor-section-height-default\" data-id=\"ff12562\" data-element_type=\"section\">\n\t\t\t\t\t\t<div class=\"elementor-container elementor-column-gap-default\">\n\t\t\t\t\t<div class=\"elementor-column elementor-col-100 elementor-top-column elementor-element elementor-element-2aa5f38\" data-id=\"2aa5f38\" data-element_type=\"column\">\n\t\t\t<div class=\"elementor-widget-wrap elementor-element-populated\">\n\t\t\t\t\t\t<div class=\"elementor-element elementor-element-3f6c81d elementor-widget elementor-widget-text-editor\" data-id=\"3f6c81d\" data-element_type=\"widget\" data-widget_type=\"text-editor.default\">\n\t\t\t\t<div class=\"elementor-widget-container\">\n\t\t\t\t\t\t\t\t\t<p>Programlar\u0131n g\u00fcncel durumlar\u0131 dosya sonundaki tarihlerde belirtilmi\u015ftir.<br \/>1.2.3. S\u0131n\u0131f ders programlar\u0131n\u0131n\u00a0<u><b>G\u00dcNCEL<\/b><\/u>\u00a0<u><b>durumlar\u0131n\u0131<\/b><\/u>\u00a0<b>excel<\/b>\u00a0dosyas\u0131 \u00fczerinden takip ediniz.\u00a0<span style=\"font-weight: 600\">\u00a0<\/span><\/p><table width=\"0\"><tbody><tr><td width=\"521\"><p><b><strong>2021-2022 T\u00fcrk\u00e7e T\u0131p Ders Programlar\u0131<\/strong><\/b><\/p><\/td><td width=\"161\"><p><b><strong>G\u00fcncelleme Tarihi<\/strong><\/b><\/p><\/td><\/tr><tr><td width=\"521\"><p><a href=\"https:\/\/birimler.atauni.edu.tr\/tip-fakultesi\/wp-content\/uploads\/sites\/73\/2020\/07\/2021-2022-Turkce-ve-Ingilizce-Tip-1-2-3-Sinif-Ders-Programi-09-05-2022.xlsx\">2021-2022 T\u00fcrk\u00e7e T\u0131p 1-2-3 S\u0131n\u0131f Ders Program\u0131<\/a><\/p><\/td><td width=\"161\"><p>09 May\u0131s 2022<\/p><\/td><\/tr><tr><td width=\"521\"><p><a href=\"https:\/\/birimler.atauni.edu.tr\/tip-fakultesi\/wp-content\/uploads\/sites\/73\/2020\/07\/2021-2022-Turkce-Tip-1-2-3-4-5-6-Sinif-Ders-Programi-19-01-2022.docx\">2021-2022 T\u00fcrk\u00e7e T\u0131p 1-2-3-4-5-6 S\u0131n\u0131f Ders Program\u0131<\/a><\/p><\/td><td width=\"161\"><p>19 Ocak 2022<\/p><\/td><\/tr><tr><td width=\"521\"><p><a href=\"https:\/\/birimler.atauni.edu.tr\/tip-fakultesi\/wp-content\/uploads\/sites\/73\/2020\/07\/2021-2022_Donem_IV-V_Staj_Rehberi-Turkce-13082021.pdf\">2021-2022_D\u00f6nem_IV-V_Staj_Rehberi<\/a><\/p><\/td><td width=\"161\"><p>13 A\u011fustos 2021<\/p><\/td><\/tr><tr><td width=\"521\"><p><b><strong>2021-2022 Faculty of Medicine Curriculum Programs<\/strong><\/b><\/p><\/td><td width=\"161\"><p><b><strong>Updated Date<\/strong><\/b><\/p><\/td><\/tr><tr><td width=\"521\"><p><a href=\"https:\/\/birimler.atauni.edu.tr\/tip-fakultesi\/wp-content\/uploads\/sites\/73\/2020\/07\/2021-2022-Turkce-ve-Ingilizce-Tip-1-2-3-Sinif-Ders-Programi-09-05-2022.xlsx\">2021-2022 Turkish and English Medicine 1-2-3 Class Curriculum<\/a><\/p><\/td><td width=\"161\"><p>09 May 2022<\/p><\/td><\/tr><tr><td width=\"521\"><p><a href=\"https:\/\/birimler.atauni.edu.tr\/tip-fakultesi\/wp-content\/uploads\/sites\/73\/2020\/07\/2021-2022-English-Medicine-1-2-3-4-5-6-Class-Schedule-19-01-2022.docx\">2021-2022 English Medicine 1-2-3-4-5-6 Class Schedule<\/a><\/p><\/td><td width=\"161\"><p>19 January 2022<\/p><\/td><\/tr><tr><td width=\"521\"><p><a href=\"https:\/\/birimler.atauni.edu.tr\/tip-fakultesi\/wp-content\/uploads\/sites\/73\/2020\/07\/2021-2022-Session-IV-V-Clearkship-Guidebook-13082021.pdf\">2021-2022 Session IV-V Clearkship Guidebook<\/a><\/p><\/td><td width=\"161\"><p>13 August 2021<\/p><\/td><\/tr><\/tbody><\/table>\t\t\t\t\t\t\t\t<\/div>\n\t\t\t\t<\/div>\n\t\t\t\t\t<\/div>\n\t\t<\/div>\n\t\t\t\t\t<\/div>\n\t\t<\/section>\n\t\t\t\t<\/div>\n\t\t","protected":false},"excerpt":{"rendered":"<p>Lisans Ders Listesi Programlar\u0131n g\u00fcncel durumlar\u0131 dosya sonundaki tarihlerde belirtilmi\u015ftir.1.2.3. S\u0131n\u0131f ders programlar\u0131n\u0131n\u00a0G\u00dcNCEL\u00a0durumlar\u0131n\u0131\u00a0excel\u00a0dosyas\u0131 \u00fczerinden takip ediniz.\u00a0\u00a0 2021-2022 T\u00fcrk\u00e7e T\u0131p Ders Programlar\u0131 G\u00fcncelleme Tarihi 2021-2022 T\u00fcrk\u00e7e T\u0131p 1-2-3 S\u0131n\u0131f Ders Program\u0131 09 May\u0131s 2022 2021-2022 T\u00fcrk\u00e7e T\u0131p 1-2-3-4-5-6 S\u0131n\u0131f Ders Program\u0131 19 Ocak 2022 2021-2022_D\u00f6nem_IV-V_Staj_Rehberi 13 A\u011fustos 2021 2021-2022 Faculty of Medicine Curriculum Programs Updated Date [&hellip;]<\/p>\n","protected":false},"author":1,"featured_media":0,"parent":0,"menu_order":0,"comment_status":"closed","ping_status":"closed","template":"elementor_header_footer","meta":{"footnotes":""},"class_list":["post-5762","page","type-page","status-publish","hentry"],"_links":{"self":[{"href":"https:\/\/atauni.edu.tr\/dahili-tip-bilimleri\/wp-json\/wp\/v2\/pages\/5762","targetHints":{"allow":["GET"]}}],"collection":[{"href":"https:\/\/atauni.edu.tr\/dahili-tip-bilimleri\/wp-json\/wp\/v2\/pages"}],"about":[{"href":"https:\/\/atauni.edu.tr\/dahili-tip-bilimleri\/wp-json\/wp\/v2\/types\/page"}],"author":[{"embeddable":true,"href":"https:\/\/atauni.edu.tr\/dahili-tip-bilimleri\/wp-json\/wp\/v2\/users\/1"}],"replies":[{"embeddable":true,"href":"https:\/\/atauni.edu.tr\/dahili-tip-bilimleri\/wp-json\/wp\/v2\/comments?post=5762"}],"version-history":[{"count":14,"href":"https:\/\/atauni.edu.tr\/dahili-tip-bilimleri\/wp-json\/wp\/v2\/pages\/5762\/revisions"}],"predecessor-version":[{"id":6211,"href":"https:\/\/atauni.edu.tr\/dahili-tip-bilimleri\/wp-json\/wp\/v2\/pages\/5762\/revisions\/6211"}],"wp:attachment":[{"href":"https:\/\/atauni.edu.tr\/dahili-tip-bilimleri\/wp-json\/wp\/v2\/media?parent=5762"}],"curies":[{"name":"wp","href":"https:\/\/api.w.org\/{rel}","templated":true}]}}