{"id":5765,"date":"2021-07-13T12:56:51","date_gmt":"2021-07-13T09:56:51","guid":{"rendered":"https:\/\/portaltest.atauni.edu.tr\/bilgisayar-muhendisligi\/?page_id=5765"},"modified":"2023-01-11T09:10:29","modified_gmt":"2023-01-11T06:10:29","slug":"anabilim-dallari","status":"publish","type":"page","link":"https:\/\/atauni.edu.tr\/dahili-tip-bilimleri\/anabilim-dallari\/","title":{"rendered":"Anabilim Dallar\u0131"},"content":{"rendered":"\t\t<div data-elementor-type=\"wp-page\" data-elementor-id=\"5765\" class=\"elementor elementor-5765\" data-elementor-post-type=\"page\">\n\t\t\t\t\t\t<section class=\"elementor-section elementor-top-section elementor-element elementor-element-9be811a elementor-section-boxed elementor-section-height-default elementor-section-height-default\" data-id=\"9be811a\" data-element_type=\"section\">\n\t\t\t\t\t\t<div class=\"elementor-container elementor-column-gap-default\">\n\t\t\t\t\t<div class=\"elementor-column elementor-col-100 elementor-top-column elementor-element elementor-element-1ed847b7\" data-id=\"1ed847b7\" data-element_type=\"column\">\n\t\t\t<div class=\"elementor-widget-wrap elementor-element-populated\">\n\t\t\t\t\t\t<div class=\"elementor-element elementor-element-4ce0d07f elementor-widget elementor-widget-heading\" data-id=\"4ce0d07f\" data-element_type=\"widget\" data-widget_type=\"heading.default\">\n\t\t\t\t<div class=\"elementor-widget-container\">\n\t\t\t\t\t<h2 class=\"elementor-heading-title elementor-size-default\">Anabilim Dallar\u0131<\/h2>\t\t\t\t<\/div>\n\t\t\t\t<\/div>\n\t\t\t\t<div class=\"elementor-element elementor-element-63260862 elementor-widget-divider--view-line elementor-widget elementor-widget-divider\" data-id=\"63260862\" data-element_type=\"widget\" data-widget_type=\"divider.default\">\n\t\t\t\t<div class=\"elementor-widget-container\">\n\t\t\t\t\t\t\t<div class=\"elementor-divider\">\n\t\t\t<span class=\"elementor-divider-separator\">\n\t\t\t\t\t\t<\/span>\n\t\t<\/div>\n\t\t\t\t\t\t<\/div>\n\t\t\t\t<\/div>\n\t\t\t\t\t<\/div>\n\t\t<\/div>\n\t\t\t\t\t<\/div>\n\t\t<\/section>\n\t\t\t\t<section class=\"elementor-section elementor-top-section elementor-element elementor-element-681db8b elementor-section-boxed elementor-section-height-default elementor-section-height-default\" data-id=\"681db8b\" data-element_type=\"section\">\n\t\t\t\t\t\t<div class=\"elementor-container elementor-column-gap-default\">\n\t\t\t\t\t<div class=\"elementor-column elementor-col-100 elementor-top-column elementor-element elementor-element-ad4dac5\" data-id=\"ad4dac5\" data-element_type=\"column\">\n\t\t\t<div class=\"elementor-widget-wrap elementor-element-populated\">\n\t\t\t\t\t\t<div class=\"elementor-element elementor-element-2f96b3d elementor-widget elementor-widget-text-editor\" data-id=\"2f96b3d\" data-element_type=\"widget\" data-widget_type=\"text-editor.default\">\n\t\t\t\t<div class=\"elementor-widget-container\">\n\t\t\t\t\t\t\t\t\t<h5><a class=\"tablo1\" href=\"https:\/\/birimler.atauni.edu.tr\/acil-tip\">Acil T\u0131p<br \/><\/a><a class=\"tablo1 tablo-bg\" href=\"https:\/\/birimler.atauni.edu.tr\/adli-tip\">Adli T\u0131p<br \/><\/a><a class=\"tablo1\" href=\"https:\/\/birimler.atauni.edu.tr\/aile-hekimligi-1\">Aile Hekimli\u011fi<br \/><\/a><a class=\"tablo1 tablo-bg\" href=\"https:\/\/birimler.atauni.edu.tr\/cocuk-sagligi-ve-hastaliklari\">\u00c7ocuk Sa\u011fl\u0131\u011f\u0131 ve Hastal\u0131klar\u0131<br \/><\/a><a class=\"tablo1\" href=\"https:\/\/birimler.atauni.edu.tr\/cocuk-ve-ergen-ruh-sagligi-hastaliklari\">\u00c7ocuk ve Ergen Ruh Sa\u011fl\u0131\u011f\u0131 Hastal\u0131klar\u0131<br \/><\/a><a class=\"tablo1 tablo-bg\" href=\"https:\/\/birimler.atauni.edu.tr\/deri-ve-zuhrevi-hastaliklar\">Deri ve Z\u00fchrevi Hastal\u0131klar\u0131<br \/><\/a><a class=\"tablo1\" href=\"https:\/\/birimler.atauni.edu.tr\/enfeksiyon-hastaliklari\">Enfeksiyon Hastal\u0131klar\u0131<br \/><\/a><a class=\"tablo1 tablo-bg\" href=\"https:\/\/birimler.atauni.edu.tr\/fizik-tedavi-ve-rehabilitasyon\">Fiziksel T\u0131p ve Rehabilitasyon<br \/><\/a><a class=\"tablo1\" href=\"https:\/\/birimler.atauni.edu.tr\/gogus-hastaliklari\">G\u00f6\u011f\u00fcs Hastal\u0131klar\u0131<br \/><\/a><a class=\"tablo1 tablo-bg\" href=\"https:\/\/birimler.atauni.edu.tr\/halk-sagligi\">Halk Sa\u011fl\u0131\u011f\u0131<br \/><\/a><a class=\"tablo1\" href=\"https:\/\/birimler.atauni.edu.tr\/ic-hastaliklari\">\u0130\u00e7 Hastal\u0131klar\u0131<br \/><\/a><a class=\"tablo1 tablo-bg\" href=\"https:\/\/birimler.atauni.edu.tr\/kardiyoloji\">Kardiyoloji<br \/><\/a><a class=\"tablo1\" href=\"https:\/\/birimler.atauni.edu.tr\/noroloji\">N\u00f6roloji<br \/><\/a><a class=\"tablo1 tablo-bg\" href=\"https:\/\/birimler.atauni.edu.tr\/nukleer-tip\">N\u00fckleer T\u0131p<br \/><\/a><a class=\"tablo1\" href=\"https:\/\/birimler.atauni.edu.tr\/radyasyon-onkolojisi\">Radyasyon Onkolojisi<br \/><\/a><a class=\"tablo1 tablo-bg\" href=\"https:\/\/birimler.atauni.edu.tr\/radyoloji\">Radyoloji<br \/><\/a><a class=\"tablo1\" href=\"https:\/\/birimler.atauni.edu.tr\/ruh-sagligi-ve-hastaliklari\">Ruh Sa\u011fl\u0131\u011f\u0131 ve Hastal\u0131klar\u0131<br \/><\/a><a class=\"tablo1 tablo-bg\" href=\"https:\/\/birimler.atauni.edu.tr\/sualti-hekimligi-ve-hiperbarik-tip\">Sualt\u0131 Hekimli\u011fi ve Hiperbarik T\u0131p<br \/><\/a><a class=\"tablo1\" href=\"https:\/\/birimler.atauni.edu.tr\/tibbi-farmakoloji\">T\u0131bbi Farmakoloji<br \/><\/a><a class=\"tablo1 tablo-bg\" href=\"https:\/\/birimler.atauni.edu.tr\/tibbi-genetik\">T\u0131bbi Genetik<\/a><\/h5><h5>\u00a0<\/h5>\t\t\t\t\t\t\t\t<\/div>\n\t\t\t\t<\/div>\n\t\t\t\t\t<\/div>\n\t\t<\/div>\n\t\t\t\t\t<\/div>\n\t\t<\/section>\n\t\t\t\t<\/div>\n\t\t","protected":false},"excerpt":{"rendered":"<p>Anabilim Dallar\u0131 Acil T\u0131pAdli T\u0131pAile Hekimli\u011fi\u00c7ocuk Sa\u011fl\u0131\u011f\u0131 ve Hastal\u0131klar\u0131\u00c7ocuk ve Ergen Ruh Sa\u011fl\u0131\u011f\u0131 Hastal\u0131klar\u0131Deri ve Z\u00fchrevi Hastal\u0131klar\u0131Enfeksiyon Hastal\u0131klar\u0131Fiziksel T\u0131p ve RehabilitasyonG\u00f6\u011f\u00fcs Hastal\u0131klar\u0131Halk Sa\u011fl\u0131\u011f\u0131\u0130\u00e7 Hastal\u0131klar\u0131KardiyolojiN\u00f6rolojiN\u00fckleer T\u0131pRadyasyon OnkolojisiRadyolojiRuh Sa\u011fl\u0131\u011f\u0131 ve Hastal\u0131klar\u0131Sualt\u0131 Hekimli\u011fi ve Hiperbarik T\u0131pT\u0131bbi FarmakolojiT\u0131bbi Genetik \u00a0<\/p>\n","protected":false},"author":1,"featured_media":0,"parent":0,"menu_order":0,"comment_status":"closed","ping_status":"closed","template":"elementor_header_footer","meta":{"footnotes":""},"class_list":["post-5765","page","type-page","status-publish","hentry"],"_links":{"self":[{"href":"https:\/\/atauni.edu.tr\/dahili-tip-bilimleri\/wp-json\/wp\/v2\/pages\/5765","targetHints":{"allow":["GET"]}}],"collection":[{"href":"https:\/\/atauni.edu.tr\/dahili-tip-bilimleri\/wp-json\/wp\/v2\/pages"}],"about":[{"href":"https:\/\/atauni.edu.tr\/dahili-tip-bilimleri\/wp-json\/wp\/v2\/types\/page"}],"author":[{"embeddable":true,"href":"https:\/\/atauni.edu.tr\/dahili-tip-bilimleri\/wp-json\/wp\/v2\/users\/1"}],"replies":[{"embeddable":true,"href":"https:\/\/atauni.edu.tr\/dahili-tip-bilimleri\/wp-json\/wp\/v2\/comments?post=5765"}],"version-history":[{"count":17,"href":"https:\/\/atauni.edu.tr\/dahili-tip-bilimleri\/wp-json\/wp\/v2\/pages\/5765\/revisions"}],"predecessor-version":[{"id":6246,"href":"https:\/\/atauni.edu.tr\/dahili-tip-bilimleri\/wp-json\/wp\/v2\/pages\/5765\/revisions\/6246"}],"wp:attachment":[{"href":"https:\/\/atauni.edu.tr\/dahili-tip-bilimleri\/wp-json\/wp\/v2\/media?parent=5765"}],"curies":[{"name":"wp","href":"https:\/\/api.w.org\/{rel}","templated":true}]}}