{"id":6184,"date":"2022-04-28T15:23:48","date_gmt":"2022-04-28T12:23:48","guid":{"rendered":"https:\/\/birimler.atauni.edu.tr\/deprem-arastirma-merkezi\/?page_id=6184"},"modified":"2022-04-28T15:23:48","modified_gmt":"2022-04-28T12:23:48","slug":"yonetimden-mesaj","status":"publish","type":"page","link":"https:\/\/atauni.edu.tr\/deprem-arastirma-merkezi\/yonetimden-mesaj\/","title":{"rendered":"Y\u00f6netimden Mesaj"},"content":{"rendered":"\n<p>Do\u011fu Anadolu B\u00f6lgesindeki yer bilimi problemlerine \u00e7\u00f6z\u00fcm bulmak amac\u0131yla 1989 y\u0131l\u0131nda kurulan Atat\u00fcrk \u00dcniversitesi Deprem Ara\u015ft\u0131rma Merkezi, sismik risk ve tehlikenin belirlenmesi ve \u00e7ok disiplinli bilimsel \u00e7al\u0131\u015fmalar y\u00fcr\u00fcterek (Jeofizik,\u00a0Jeoloji\u00a0ve \u0130n\u015faat M\u00fchendisli\u011fi) hizmet sunmay\u0131 hedeflemektedir. Bilimsel tecr\u00fcbe ve teknolojik imkanlardan yararlanarak do\u011fal afetlere ba\u011fl\u0131 can ve mal risklerini en aza indirgemek, do\u011fal afetler konusunda yerel y\u00f6netimlere destek olmak ve yerel halk\u0131n bilin\u00e7lendirilmesi i\u00e7in \u00e7al\u0131\u015fmalarda bulunmak en \u00f6nemli hedeflerimizin ba\u015f\u0131nda gelmektedir. Uluslararas\u0131 standartlarda ara\u015ft\u0131rma laboratuvar\u0131, sismometre ve yaz\u0131l\u0131mlara sahip olan merkezimizde sismoloji ve deprem m\u00fchendisli\u011fi alan\u0131nda bilimsel \u00e7al\u0131\u015fmalar y\u00fcr\u00fct\u00fclmektedir.\u00a0B\u00f6lgesel deprem g\u00f6zlem istasyon a\u011f\u0131 ile kaydedilen verileri 7\/24 anl\u0131k izleyip \u00a0analiz ederek b\u00f6lge halk\u0131n\u0131n ihtiya\u00e7 duydu\u011fu bilimsel bilgiyi \u00f6l\u00e7\u00fcmlere dayal\u0131 olarak kayna\u011f\u0131ndan sa\u011flayarak, T\u00fcrkiye&#8217;nin di\u011fer b\u00f6lgeleri i\u00e7in rol-model olacak \u00fcniversite\/kamu\/yerel y\u00f6netim i\u015fbirli\u011fi modelini Do\u011fu Anadolu B\u00f6lgesinde hayata ge\u00e7irilmesi planlanmaktad\u0131r.<\/p>\n","protected":false},"excerpt":{"rendered":"<p>Do\u011fu Anadolu B\u00f6lgesindeki yer bilimi problemlerine \u00e7\u00f6z\u00fcm bulmak amac\u0131yla 1989 y\u0131l\u0131nda kurulan Atat\u00fcrk \u00dcniversitesi Deprem Ara\u015ft\u0131rma Merkezi, sismik risk ve tehlikenin belirlenmesi ve \u00e7ok disiplinli bilimsel \u00e7al\u0131\u015fmalar y\u00fcr\u00fcterek (Jeofizik,\u00a0Jeoloji\u00a0ve \u0130n\u015faat M\u00fchendisli\u011fi) hizmet sunmay\u0131 hedeflemektedir. Bilimsel tecr\u00fcbe ve teknolojik imkanlardan yararlanarak do\u011fal afetlere ba\u011fl\u0131 can ve mal risklerini en aza indirgemek, do\u011fal afetler konusunda yerel y\u00f6netimlere [&hellip;]<\/p>\n","protected":false},"author":433,"featured_media":0,"parent":0,"menu_order":0,"comment_status":"closed","ping_status":"closed","template":"","meta":{"footnotes":""},"class_list":["post-6184","page","type-page","status-publish","hentry"],"_links":{"self":[{"href":"https:\/\/atauni.edu.tr\/deprem-arastirma-merkezi\/wp-json\/wp\/v2\/pages\/6184","targetHints":{"allow":["GET"]}}],"collection":[{"href":"https:\/\/atauni.edu.tr\/deprem-arastirma-merkezi\/wp-json\/wp\/v2\/pages"}],"about":[{"href":"https:\/\/atauni.edu.tr\/deprem-arastirma-merkezi\/wp-json\/wp\/v2\/types\/page"}],"author":[{"embeddable":true,"href":"https:\/\/atauni.edu.tr\/deprem-arastirma-merkezi\/wp-json\/wp\/v2\/users\/433"}],"replies":[{"embeddable":true,"href":"https:\/\/atauni.edu.tr\/deprem-arastirma-merkezi\/wp-json\/wp\/v2\/comments?post=6184"}],"version-history":[{"count":1,"href":"https:\/\/atauni.edu.tr\/deprem-arastirma-merkezi\/wp-json\/wp\/v2\/pages\/6184\/revisions"}],"predecessor-version":[{"id":6185,"href":"https:\/\/atauni.edu.tr\/deprem-arastirma-merkezi\/wp-json\/wp\/v2\/pages\/6184\/revisions\/6185"}],"wp:attachment":[{"href":"https:\/\/atauni.edu.tr\/deprem-arastirma-merkezi\/wp-json\/wp\/v2\/media?parent=6184"}],"curies":[{"name":"wp","href":"https:\/\/api.w.org\/{rel}","templated":true}]}}