{"id":7815,"date":"2025-03-24T14:01:55","date_gmt":"2025-03-24T11:01:55","guid":{"rendered":"https:\/\/birimler.atauni.edu.tr\/dijital-donusum-koordinatorlugu-2\/?page_id=7815"},"modified":"2025-03-24T14:08:14","modified_gmt":"2025-03-24T11:08:14","slug":"akademik","status":"publish","type":"page","link":"https:\/\/atauni.edu.tr\/dijital-donusum-koordinatorlugu-2\/akademik\/","title":{"rendered":"Akademik"},"content":{"rendered":"\t\t<div data-elementor-type=\"wp-page\" data-elementor-id=\"7815\" class=\"elementor elementor-7815\" data-elementor-post-type=\"page\">\n\t\t\t\t\t\t<section class=\"elementor-section elementor-top-section elementor-element elementor-element-c664859 elementor-section-boxed elementor-section-height-default elementor-section-height-default\" data-id=\"c664859\" data-element_type=\"section\">\n\t\t\t\t\t\t<div class=\"elementor-container elementor-column-gap-default\">\n\t\t\t\t\t<div class=\"elementor-column elementor-col-100 elementor-top-column elementor-element elementor-element-ef07f7c\" data-id=\"ef07f7c\" data-element_type=\"column\">\n\t\t\t<div class=\"elementor-widget-wrap elementor-element-populated\">\n\t\t\t\t\t\t<div class=\"elementor-element elementor-element-7d64026 elementor-widget elementor-widget-shortcode\" data-id=\"7d64026\" data-element_type=\"widget\" data-widget_type=\"shortcode.default\">\n\t\t\t\t<div class=\"elementor-widget-container\">\n\t\t\t\t\t        <div class=\"accordion\" id=\"personel-kart\">\n            <div class=\"card p-liste\">\n                <div class=\"card-header \" id=\"p-0\">\n                    <h2 class=\"mb-0\">\n                        <button class=\"btn btn-link collapsed\" type=\"button\" data-toggle=\"collapse\"\n                                data-target=\"#k-0\"\n                                aria-expanded=\"false\" aria-controls=\"collapseOne\">\n                            \u00d6\u011fr. G\u00f6r. \u0130smail Can Karademir                        <\/button>\n                    <\/h2>\n                <\/div>\n\n                <div id=\"k-0\" class=\"collapse\" aria-labelledby=\"p-0\"\n                     data-parent=\"#personel-kart\" style=\"\">\n                    <div class=\"card-body\">\n                        <div class=\"row\">\n                            <div class=\"col-3 kart-resim\">\n                                <img decoding=\"async\" src=\"\/\/eski.atauni.edu.tr\/resizer.php?w=189&amp;h=228&amp;zc=1&amp;src=\/uploads\/profilResimleriSha1\/97eebf3d6126f0789b032366151ceb2f.png\"\n                                     class=\"img-fluid\">\n                            <\/div>\n                            <div class=\"col-7\">\n                                <h3 class=\"kart-baslik \">PROF\u0130L B\u0130LG\u0130S\u0130<\/h3>\n                                <div class=\"row\">\n                                    <div class=\"ad-soyad\">\u00d6\u011fr. G\u00f6r. \u0130smail Can Karademir<\/div>\n                                    <div class=\"birim\">Dijital D\u00f6n\u00fc\u015f\u00fcm Koordinat\u00f6rl\u00fc\u011f\u00fc<\/div>\n                                    <div class=\"bilgiler\"><strong>E-Posta<\/strong>ismail.karademir@atauni.edu.tr                                    <\/div>\n                                                                        <div class=\"bilgiler\"><strong>Profil<\/strong> <a target=\"_blank\"\n                                                                                     href=\"http:\/\/avesis.atauni.edu.tr\/ismail.karademir\">https:\/\/avesis.atauni.edu.tr\/ismail.karademir<\/a>\n                                    <\/div>\n                                    <div class=\"bilgiler\">\n                                        <strong>Telefon<\/strong>\n                                        +90 442 231                                        (2394)&nbsp;\n                                    <\/div>\n                                    <div class=\"bilgiler\"><strong>Posta Adresi<\/strong> <span\n                                                class=\"posta\">\n                                                                                                        Atat\u00fcrk \u00dcniversitesi Bilgisayar Bilimleri Ara\u015ft\u0131rma ve Uygulama Merkez M\u00fcd\u00fcrl\u00fc\u011f\u00fc 25240 Erzurum                                                                                                                                                                                                                                                                                                                                                                                                                                                                                                                                                                                                                                                                                                                                                                        <\/span>\n                                    <\/div>\n                                <\/div>\n                            <\/div>\n                            <div class=\"col-10 kart-egitim\">\n                                <h3>E\u011fitim<\/h3>\n                                <ul>\n\n                                    <li>Lisans, Marmara \u00dcniversitesi, Bilgi ve Belge Y\u00f6netimi, 2014<\/li>\n                                <\/ul>\n                            <\/div>\n                             <!--<div class=\"col-2 qr\">\n                                <img decoding=\"async\" src=\"https:\/\/chart.googleapis.com\/chart?chs=100x100&amp;cht=qr&amp;chl=BEGIN:VCARD%0AVERSION:3.0%0ATITLE:%0AN:\u0130smail Can%20Karademir%0ATEL;type=WORK:%2B904422312394%0AEMAIL:ismail.karademir@atauni.edu.tr%0AEND:VCARD\"\n                                     class=\"img-fluid qr\">\n                            <\/div>-->\n                        <\/div>\n                    <\/div>\n                <\/div>\n            <\/div>\n        <\/div>\n\n\n        \t\t<div class=\"elementor-shortcode\"><\/div>\n\t\t\t\t\t\t<\/div>\n\t\t\t\t<\/div>\n\t\t\t\t\t<\/div>\n\t\t<\/div>\n\t\t\t\t\t<\/div>\n\t\t<\/section>\n\t\t\t\t<\/div>\n\t\t","protected":false},"excerpt":{"rendered":"","protected":false},"author":242,"featured_media":0,"parent":0,"menu_order":0,"comment_status":"closed","ping_status":"closed","template":"","meta":{"footnotes":""},"class_list":["post-7815","page","type-page","status-publish","hentry"],"_links":{"self":[{"href":"https:\/\/atauni.edu.tr\/dijital-donusum-koordinatorlugu-2\/wp-json\/wp\/v2\/pages\/7815","targetHints":{"allow":["GET"]}}],"collection":[{"href":"https:\/\/atauni.edu.tr\/dijital-donusum-koordinatorlugu-2\/wp-json\/wp\/v2\/pages"}],"about":[{"href":"https:\/\/atauni.edu.tr\/dijital-donusum-koordinatorlugu-2\/wp-json\/wp\/v2\/types\/page"}],"author":[{"embeddable":true,"href":"https:\/\/atauni.edu.tr\/dijital-donusum-koordinatorlugu-2\/wp-json\/wp\/v2\/users\/242"}],"replies":[{"embeddable":true,"href":"https:\/\/atauni.edu.tr\/dijital-donusum-koordinatorlugu-2\/wp-json\/wp\/v2\/comments?post=7815"}],"version-history":[{"count":4,"href":"https:\/\/atauni.edu.tr\/dijital-donusum-koordinatorlugu-2\/wp-json\/wp\/v2\/pages\/7815\/revisions"}],"predecessor-version":[{"id":7829,"href":"https:\/\/atauni.edu.tr\/dijital-donusum-koordinatorlugu-2\/wp-json\/wp\/v2\/pages\/7815\/revisions\/7829"}],"wp:attachment":[{"href":"https:\/\/atauni.edu.tr\/dijital-donusum-koordinatorlugu-2\/wp-json\/wp\/v2\/media?parent=7815"}],"curies":[{"name":"wp","href":"https:\/\/api.w.org\/{rel}","templated":true}]}}