{"id":9141,"date":"2023-01-24T08:38:01","date_gmt":"2023-01-24T05:38:01","guid":{"rendered":"http:\/\/birimler.atauni.edu.tr\/dis-hekimligi-fakultesi\/?page_id=9141"},"modified":"2026-03-30T13:11:52","modified_gmt":"2026-03-30T10:11:52","slug":"sinav-programi","status":"publish","type":"page","link":"https:\/\/atauni.edu.tr\/dis-hekimligi-fakultesi\/sinav-programi\/","title":{"rendered":"S\u0131nav Program\u0131"},"content":{"rendered":"\t\t<div data-elementor-type=\"wp-page\" data-elementor-id=\"9141\" class=\"elementor elementor-9141\" data-elementor-post-type=\"page\">\n\t\t\t\t\t\t<section class=\"elementor-section elementor-top-section elementor-element elementor-element-094f315 elementor-section-boxed elementor-section-height-default elementor-section-height-default\" data-id=\"094f315\" data-element_type=\"section\">\n\t\t\t\t\t\t<div class=\"elementor-container elementor-column-gap-default\">\n\t\t\t\t\t<div class=\"elementor-column elementor-col-100 elementor-top-column elementor-element elementor-element-b14d115\" data-id=\"b14d115\" data-element_type=\"column\">\n\t\t\t<div class=\"elementor-widget-wrap elementor-element-populated\">\n\t\t\t\t\t\t<div class=\"elementor-element elementor-element-eaad18a elementor-widget elementor-widget-text-editor\" data-id=\"eaad18a\" data-element_type=\"widget\" data-widget_type=\"text-editor.default\">\n\t\t\t\t<div class=\"elementor-widget-container\">\n\t\t\t\t\t\t\t\t\t<p>G\u00fcz D\u00f6nemi Ara S\u0131nav Program\u0131 i\u00e7in <strong><a href=\"https:\/\/birimler.atauni.edu.tr\/dis-hekimligi-fakultesi\/wp-content\/uploads\/sites\/57\/2026\/01\/25-26-Guz-YY-Ara-sinav-Programi.pdf\">t\u0131klay\u0131n\u0131z<\/a><\/strong><\/p><p>G\u00fcz D\u00f6nemi Final S\u0131nav Program\u0131 i\u00e7in <strong><a href=\"https:\/\/birimler.atauni.edu.tr\/dis-hekimligi-fakultesi\/wp-content\/uploads\/sites\/57\/2026\/01\/25-26-Guz-YY.Sinav-programi.pdf\">t\u0131klay\u0131n\u0131z<\/a><\/strong><\/p><p>Bahar D\u00f6nemi Ara S\u0131nav Program\u0131 i\u00e7in<strong><a href=\"https:\/\/atauni.edu.tr\/dis-hekimligi-fakultesi\/wp-content\/uploads\/sites\/57\/2026\/03\/25-26-Bahar-YY.-Ara-Sinav-Programi.pdf\"> t\u0131klay\u0131n\u0131z<\/a><\/strong><\/p>\t\t\t\t\t\t\t\t<\/div>\n\t\t\t\t<\/div>\n\t\t\t\t\t<\/div>\n\t\t<\/div>\n\t\t\t\t\t<\/div>\n\t\t<\/section>\n\t\t\t\t<\/div>\n\t\t","protected":false},"excerpt":{"rendered":"<p>G\u00fcz D\u00f6nemi Ara S\u0131nav Program\u0131 i\u00e7in t\u0131klay\u0131n\u0131z G\u00fcz D\u00f6nemi Final S\u0131nav Program\u0131 i\u00e7in t\u0131klay\u0131n\u0131z Bahar D\u00f6nemi Ara S\u0131nav Program\u0131 i\u00e7in t\u0131klay\u0131n\u0131z<\/p>\n","protected":false},"author":46,"featured_media":0,"parent":0,"menu_order":0,"comment_status":"closed","ping_status":"closed","template":"","meta":{"footnotes":""},"class_list":["post-9141","page","type-page","status-publish","hentry"],"_links":{"self":[{"href":"https:\/\/atauni.edu.tr\/dis-hekimligi-fakultesi\/wp-json\/wp\/v2\/pages\/9141","targetHints":{"allow":["GET"]}}],"collection":[{"href":"https:\/\/atauni.edu.tr\/dis-hekimligi-fakultesi\/wp-json\/wp\/v2\/pages"}],"about":[{"href":"https:\/\/atauni.edu.tr\/dis-hekimligi-fakultesi\/wp-json\/wp\/v2\/types\/page"}],"author":[{"embeddable":true,"href":"https:\/\/atauni.edu.tr\/dis-hekimligi-fakultesi\/wp-json\/wp\/v2\/users\/46"}],"replies":[{"embeddable":true,"href":"https:\/\/atauni.edu.tr\/dis-hekimligi-fakultesi\/wp-json\/wp\/v2\/comments?post=9141"}],"version-history":[{"count":46,"href":"https:\/\/atauni.edu.tr\/dis-hekimligi-fakultesi\/wp-json\/wp\/v2\/pages\/9141\/revisions"}],"predecessor-version":[{"id":10694,"href":"https:\/\/atauni.edu.tr\/dis-hekimligi-fakultesi\/wp-json\/wp\/v2\/pages\/9141\/revisions\/10694"}],"wp:attachment":[{"href":"https:\/\/atauni.edu.tr\/dis-hekimligi-fakultesi\/wp-json\/wp\/v2\/media?parent=9141"}],"curies":[{"name":"wp","href":"https:\/\/api.w.org\/{rel}","templated":true}]}}