{"id":11247,"date":"2025-05-22T10:18:36","date_gmt":"2025-05-22T07:18:36","guid":{"rendered":"https:\/\/birimler.atauni.edu.tr\/dis-iliskiler-ofisi\/?page_id=11247"},"modified":"2026-02-20T10:53:18","modified_gmt":"2026-02-20T07:53:18","slug":"ikili-anlasmalar","status":"publish","type":"page","link":"https:\/\/atauni.edu.tr\/dis-iliskiler-ofisi\/ikili-anlasmalar\/","title":{"rendered":"\u0130kili Anla\u015fmalar"},"content":{"rendered":"\t\t<div data-elementor-type=\"wp-page\" data-elementor-id=\"11247\" class=\"elementor elementor-11247\" data-elementor-post-type=\"page\">\n\t\t\t\t\t\t<section class=\"elementor-section elementor-top-section elementor-element elementor-element-6f75a37 elementor-section-boxed elementor-section-height-default elementor-section-height-default\" data-id=\"6f75a37\" data-element_type=\"section\">\n\t\t\t\t\t\t<div class=\"elementor-container elementor-column-gap-default\">\n\t\t\t\t\t<div class=\"elementor-column elementor-col-100 elementor-top-column elementor-element elementor-element-fa8c0f3\" data-id=\"fa8c0f3\" data-element_type=\"column\">\n\t\t\t<div class=\"elementor-widget-wrap elementor-element-populated\">\n\t\t\t\t\t\t<div class=\"elementor-element elementor-element-c9b91ca elementor-widget elementor-widget-html\" data-id=\"c9b91ca\" data-element_type=\"widget\" data-widget_type=\"html.default\">\n\t\t\t\t<div class=\"elementor-widget-container\">\n\t\t\t\t\t<!doctype html>\n\n\n\n<title>Ba\u015fl\u0131ks\u0131z Belge<\/title>\n\n\n\n\t<table border='1'><thead><tr><th>\u00dcLKE<\/th><th>KURUM<\/th><th>ANLA\u015eMA TAR\u0130H\u0130<\/th><th>\u0130leti\u015fim<\/th><\/tr><\/thead><tbody><tr><td>AMER\u0130KA B\u0130RLE\u015e\u0130K DEVLETLER\u0130<\/td><td>University Of The Incarnete Word<\/td><td>24.12.2019<\/td><td>intl@uiwtx.edu<\/td><\/tr><tr><td>AMER\u0130KA B\u0130RLE\u015e\u0130K DEVLETLER\u0130<\/td><td>The Regents of The University of California on Behalf of Its Riverside Campus<\/td><td>19.10.2021<\/td><td>internationalaffairs@ucr.edu<\/td><\/tr><tr><td>AMER\u0130KA B\u0130RLE\u015e\u0130K DEVLETLER\u0130<\/td><td>University of Maryland<\/td><td>10.11.2025<\/td><td>jdwang@umd.edu<\/td><\/tr><tr><td>AZERBAYCAN<\/td><td>Khazar University<\/td><td>29.05.2022<\/td><td>international@khazar.org<\/td><\/tr><tr><td>AZERBAYCAN<\/td><td>Azerbaijan Medical University<\/td><td>17.01.2022<\/td><td>international@amu.edu.az<\/td><\/tr><tr><td>AZERBAYCAN<\/td><td>Azerbaijan State Pedagogical University<\/td><td>27.09.2018<\/td><td>office@adpu.edu.az<\/td><\/tr><tr><td>AZERBAYCAN<\/td><td>Azerbaijan State Agrarian University<\/td><td>01.03.2022<\/td><td>office@adau.edu.az<\/td><\/tr><tr><td>AZERBAYCAN<\/td><td>University of Architecture and Construction<\/td><td>28.02.2024<\/td><td>farhad.aliyev@azmiu.edu.az<\/td><\/tr><tr><td>AZERBAYCAN<\/td><td>Nakhchivan State University<\/td><td>01.05.2022<\/td><td>rugiyyakarimli@ndu.edu.az<\/td><\/tr><tr><td>AZERBAYCAN<\/td><td>Baku State University<\/td><td>21.05.2024<\/td><td>international@bsu.edu.az <\/td><\/tr><tr><td>AZERBAYCAN<\/td><td>Azerbaijan Technical University<\/td><td>28.02.2024<\/td><td>international@aztu.edu.az<\/td><\/tr><tr><td>AZERBAYCAN<\/td><td>Ganja State University<\/td><td>06.01.2023<\/td><td>ird@gsu.az<\/td><\/tr><tr><td>AZERBAYCAN<\/td><td>Azerbaijan State University Of Economics<\/td><td>21.04.2024<\/td><td>international@unec.edu.az  <\/td><\/tr><tr><td>BANGLADE\u015e<\/td><td>Daffodil International University<\/td><td>07.07.2025<\/td><td>international@daffodilvarsity.edu.bd<\/td><\/tr><tr><td>BANGLADE\u015e<\/td><td>Rangamati Science and Technology University<\/td><td>27.08.2025<\/td><td>vc@rmstu.ac.bd<\/td><\/tr><tr><td>BOSNA HERSEK<\/td><td>University of Sarajevo<\/td><td>19.07.2023<\/td><td>jasna.bosnjovic@unsa.ba<\/td><\/tr><tr><td>BOSNA HERSEK<\/td><td>University of Mostar<\/td><td>22.06.2023<\/td><td>inja.stojkic@sum.ba<\/td><\/tr><tr><td>BOSNA HERSEK<\/td><td>Dzemal Bijedic University of Mostar<\/td><td>22.06.2023<\/td><td>international@unmo.ba<\/td><\/tr><tr><td>CEZAY\u0130R<\/td><td>University of Algiers<\/td><td>28.01.2024<\/td><td>s.dendouga@univ-alger.dz <\/td><\/tr><tr><td>CEZAY\u0130R<\/td><td>University of Sciences and Technology of Oran Houari Boumediene<\/td><td>30.01.2024<\/td><td>webusto-mb@univ-usto.dz<\/td><\/tr><tr><td>CEZAY\u0130R<\/td><td>Batna I University<\/td><td>20.12.2022<\/td><td>radhia_boheme@yahoo.fr <\/td><\/tr><tr><td>CEZAY\u0130R<\/td><td>University of Oran II<\/td><td>30.01.2024<\/td><td>info@univ-oran2.dz<\/td><\/tr><tr><td>CEZAY\u0130R<\/td><td>The National Polytechnic School of Oran<\/td><td>30.01.2024<\/td><td>direction@enp-oran.dz<\/td><\/tr><tr><td>CEZAY\u0130R<\/td><td>University of Oran I<\/td><td>30.01.2024<\/td><td>smouna66@gmail.com<\/td><\/tr><tr><td>CEZAY\u0130R<\/td><td>Blida University I<\/td><td>29.01.2024<\/td><td>vr-relex@univ-blida.dz<\/td><\/tr><tr><td>CEZAY\u0130R<\/td><td>Algiers 1 university benyoucef benkhedda<\/td><td>28.01.2024<\/td><td><\/td><\/tr><tr><td>\u00c7EK CUMHUR\u0130YET\u0130<\/td><td>University of  Chemistry and Technology Prague (UCT Prague)<\/td><td>06.12.2024<\/td><td>Filip.Faltejsek@vscht.cz<\/td><\/tr><tr><td>\u00c7\u0130N<\/td><td>Southwest University<\/td><td>08.08.2025<\/td><td>admission@swu.edu.cn<\/td><\/tr><tr><td>ENDONEZYA<\/td><td>Universitas Negari Malang<\/td><td>31.07.2019<\/td><td>oia@um.ac.id<\/td><\/tr><tr><td>ENDONEZYA<\/td><td>Universitas Negeri Yogyakarta<\/td><td>31.07.2019<\/td><td>pmb@uny.ac.id<\/td><\/tr><tr><td>ENDONEZYA<\/td><td>Stekom University<\/td><td>09.09.2022<\/td><td>international.affairs3@stekom.ac.id<\/td><\/tr><tr><td>ENDONEZYA<\/td><td>Universitas Muhammadiyah Purwokerto<\/td><td>26.08.2022<\/td><td>iao@ump.ac.id<\/td><\/tr><tr><td>ENDONEZYA<\/td><td>Universitas Sebelas Maret<\/td><td>11.11.2025<\/td><td><\/td><\/tr><tr><td>ENDONEZYA<\/td><td>Universitas Islam Bandung<\/td><td>19.01.2026<\/td><td>io@unisba.ac.id<\/td><\/tr><tr><td>FAS<\/td><td>Hassan II University of Casablanka<\/td><td>25.11.2022<\/td><td>mustapha.lkhider@univh2c.ma<\/td><\/tr><tr><td>FAS<\/td><td>International University of Rabat<\/td><td>25.11.2022<\/td><td>abdelaziz.benjouad@uir.ac.ma<\/td><\/tr><tr><td>FAS<\/td><td>University Mohamed V<\/td><td>25.11.2022<\/td><td>presidence@um5.ac.ma<\/td><\/tr><tr><td>F\u0130L\u0130ST\u0130N<\/td><td>Al-Aqsa University<\/td><td>01.01.2023<\/td><td>scires@alaqsa.edu.ps<\/td><\/tr><tr><td>F\u0130L\u0130ST\u0130N<\/td><td>University Collage of Science and Technology<\/td><td>08.01.2023<\/td><td>INFO@CST.PS<\/td><\/tr><tr><td>G\u00dcNEY KORE<\/td><td>Chonnam National University<\/td><td>19.07.2019<\/td><td>cnuint@cnu.ac.kr<\/td><\/tr><tr><td>G\u00dcNEY KORE<\/td><td>Daegu Haany University<\/td><td>13.03.2025<\/td><td>jinseok.e@dhu.ac.kr<\/td><\/tr><tr><td>G\u00dcRC\u0130STAN<\/td><td>Petre Shotadze Tbilisi Medical Academy<\/td><td>23.01.2023<\/td><td>international@tma.edu.ge<\/td><\/tr><tr><td>G\u00dcRC\u0130STAN<\/td><td>Batumi Shota Rustaveli State University<\/td><td>22.11.2019<\/td><td>info@bsu.edu.ge<\/td><\/tr><tr><td>G\u00dcRC\u0130STAN<\/td><td>Ivane Javakhishvili Tbilisi State University<\/td><td>06.03.2023<\/td><td>exchange@tsu.ge <\/td><\/tr><tr><td>G\u00dcRC\u0130STAN<\/td><td>Georgian National Academy of Sciences<\/td><td>23.01.2023<\/td><td>info.academy@science.org.ge<\/td><\/tr><tr><td>G\u00dcRC\u0130STAN<\/td><td>Business and Technology University<\/td><td>23.01.2023<\/td><td>info@btu.edu.ge<\/td><\/tr><tr><td>G\u00dcRC\u0130STAN<\/td><td>Ilia State University<\/td><td>23.01.2023<\/td><td>IRO@iliauni.edu.ge<\/td><\/tr><tr><td>G\u00dcRC\u0130STAN<\/td><td>The University of Georgia<\/td><td>23.01.2023<\/td><td>g.imedashvili@ug.edu.ge<\/td><\/tr><tr><td>G\u00dcRC\u0130STAN<\/td><td>Tbilisi State Medical University<\/td><td>23.01.2023<\/td><td>iad@tsmu.edu<\/td><\/tr><tr><td>HIRVAT\u0130STAN<\/td><td>University of Dubrovnik<\/td><td>21.06.2023<\/td><td>international@unidu.hr<\/td><\/tr><tr><td>H\u0130ND\u0130STAN<\/td><td>Al Jamia Al Islamiya University<\/td><td>29.03.2019<\/td><td>mail@aljamia.net<\/td><\/tr><tr><td>IRAK<\/td><td>MAD Institute<\/td><td>10.09.2022<\/td><td>info@mad-institute.com<\/td><\/tr><tr><td>IRAK<\/td><td>Salahaddin University<\/td><td>03.07.2024<\/td><td>international.relations@su.edu.krd<\/td><\/tr><tr><td>IRAK<\/td><td>University of Kirkuk<\/td><td>03.07.2024<\/td><td>info@uokirkuk.edu.iq<\/td><\/tr><tr><td>IRAK<\/td><td>Al-Kitab University<\/td><td>03.07.2024<\/td><td>info@uoalkitab.edu.iq<\/td><\/tr><tr><td>IRAK<\/td><td>Al-Hadba University<\/td><td>03.07.2024<\/td><td>info@hu.edu.iq<\/td><\/tr><tr><td>IRAK<\/td><td>Northern Technical University<\/td><td>02.07.2024<\/td><td>cit_affairs_sec@ntu.edu.iq<\/td><\/tr><tr><td>IRAK<\/td><td>Tikrit University<\/td><td>01.07.2024<\/td><td>tikrit.hotmail@tu.edu.iq<\/td><\/tr><tr><td>IRAK<\/td><td>University of Samarra<\/td><td>01.07.2024<\/td><td>2sicps@uosamarra.edu.iq<\/td><\/tr><tr><td>IRAK<\/td><td>Al-Turath University<\/td><td>03.07.2024<\/td><td>turath@turath.edu.iq<\/td><\/tr><tr><td>IRAK<\/td><td>University of Anbar<\/td><td>03.07.2024<\/td><td>Contact@uoanbar.edu.iq<\/td><\/tr><tr><td>\u0130RAN<\/td><td>Razi University<\/td><td>06.11.2022<\/td><td>info@razi.ac.ir<\/td><\/tr><tr><td>\u0130RAN<\/td><td>University Of Bonab<\/td><td>18.11.2025<\/td><td>international@ubonab.ac.ir<\/td><\/tr><tr><td>\u0130RAN<\/td><td>Amirkabir University of Technology<\/td><td>07.11.2019<\/td><td>intrel@aut.ac.ir<\/td><\/tr><tr><td>\u0130RAN<\/td><td>Urmia University<\/td><td>10.12.2022<\/td><td>info@urmia.ac.ir<\/td><\/tr><tr><td>\u0130RAN<\/td><td>Urmia University of Medical Sciences<\/td><td>01.11.2019<\/td><td>info@umsu.ac.ir<\/td><\/tr><tr><td>\u0130RAN<\/td><td>Tabriz University of Medical Sciences<\/td><td>24.05.2022<\/td><td>tbzmedmag@yahoo.com<\/td><\/tr><tr><td>\u0130RAN<\/td><td>Tabriz University<\/td><td>23.05.2022<\/td><td>int.admission@tabriziau.ac.ir<\/td><\/tr><tr><td>\u0130RAN<\/td><td>Sahand University of Technology<\/td><td>24.05.2022<\/td><td>intl.director@sut.ac.ir<\/td><\/tr><tr><td>\u0130RAN<\/td><td>University of Mohaghegh Ardabili<\/td><td>01.11.2019<\/td><td>iro@uma.ac.ir<\/td><\/tr><tr><td>\u0130RAN<\/td><td>Ardabil University of Medical Sciences<\/td><td>11.11.2019<\/td><td>international@arums.ac.ir<\/td><\/tr><tr><td>\u0130RAN<\/td><td>Tabriz Islamic Art University<\/td><td>05.11.2022<\/td><td>int@tabriziau.ac.ir<\/td><\/tr><tr><td>\u0130RAN<\/td><td>Research Institute of Cultural Heritage and Tourism <\/td><td>05.05.2024<\/td><td>Mdehpahlavan@ut.ac.ir<\/td><\/tr><tr><td>\u0130RAN<\/td><td>Nabi Akram University<\/td><td>19.01.2026<\/td><td>info@ucna.ac.ir<\/td><\/tr><tr><td>\u0130SPANYA<\/td><td>The University of Zaragoza<\/td><td>18.03.2019<\/td><td>internationalteruel@unizar.es<\/td><\/tr><tr><td>\u0130TALYA<\/td><td>Universita Degli Studi Suor Orsola Benincasa<\/td><td>12.01.2022<\/td><td>international@unisob.na.it<\/td><\/tr><tr><td>JAPONYA<\/td><td>Kyushu Institute of Technology<\/td><td>03.03.2025<\/td><td>yoshimura-k@jimu.kyutech.ac.jp <\/td><\/tr><tr><td>KAZAK\u0130STAN<\/td><td>NJSC Kh. Dosmukhamedov Atyrau University<\/td><td>16.07.2024<\/td><td>international_office@asu.edu.kz<\/td><\/tr><tr><td>KAZAK\u0130STAN<\/td><td>Caspian University of Technologies and Engineering<\/td><td>26.10.2021<\/td><td>cu@cu.edu.kz<\/td><\/tr><tr><td>KAZAK\u0130STAN<\/td><td>Seifullin University<\/td><td>16.07.2024<\/td><td>edil_94.03@mail.ru<\/td><\/tr><tr><td>KAZAK\u0130STAN<\/td><td>Zhangir Khan Western Kazakstan Agricultural University<\/td><td>01.02.2022<\/td><td>zapkazatu@wkau.kz<\/td><\/tr><tr><td>KAZAK\u0130STAN<\/td><td>Yessenov University<\/td><td>01.11.2024<\/td><td>biibinaz.almanova@yu.edu.kz<\/td><\/tr><tr><td>KAZAK\u0130STAN<\/td><td>E.A. Buketov Karaganda University<\/td><td>16.07.2024<\/td><td>icd.buketov.university@gmail.com <\/td><\/tr><tr><td>KAZAK\u0130STAN<\/td><td>Abai Kazakh National Pedagogical University<\/td><td>11.12.2019<\/td><td>zh.murat@abaiuniversity.edu.kz<\/td><\/tr><tr><td>KAZAK\u0130STAN<\/td><td>Non-Commercial Joint-Stock Company Karaganda Medical University<\/td><td>16.07.2024<\/td><td>S.Kenzhebekova@qmu.kz<\/td><\/tr><tr><td>KAZAK\u0130STAN<\/td><td>Bolashaq Academy<\/td><td>13.10.2023<\/td><td>ku_bolashak@mail.ru<\/td><\/tr><tr><td>KAZAK\u0130STAN<\/td><td>Syrdariya University<\/td><td>01.03.2021<\/td><td>international@kaznpu.kz<\/td><\/tr><tr><td>KAZAK\u0130STAN<\/td><td>Kazakh National Agrarian University<\/td><td>21.04.2021<\/td><td>info@kaznaru.edu.kz<\/td><\/tr><tr><td>KAZAK\u0130STAN<\/td><td>Al-Farabi Kazakh National University<\/td><td>07.11.2019<\/td><td>international@kaznu.edu.kz<\/td><\/tr><tr><td>KAZAK\u0130STAN<\/td><td>Khoja Ahmet Yesevi International Turkish-Kazakh University<\/td><td>14.10.2022<\/td><td>emre.gulce@ayu.edu.kz<\/td><\/tr><tr><td>KAZAK\u0130STAN<\/td><td>Saken Seifullin Kazakh Agrotechnical University<\/td><td>16.07.2024<\/td><td>office@kazatu.edu.kz <\/td><\/tr><tr><td>KAZAK\u0130STAN<\/td><td>Kazakh National Agrarian University<\/td><td>27.05.2021<\/td><td>info@kaznaru.edu.kz<\/td><\/tr><tr><td>KAZAK\u0130STAN<\/td><td>Shymkent University<\/td><td>13.12.2022<\/td><td>Shu50@mail.ru<\/td><\/tr><tr><td>KAZAK\u0130STAN<\/td><td>L. N. Gumilyov Eurasian National University<\/td><td>16.07.2024<\/td><td>enu@enu.kz<\/td><\/tr><tr><td>KAZAK\u0130STAN<\/td><td>Shakarim University of Semey<\/td><td>04.01.2022<\/td><td>international.shakarim@gmail.com<\/td><\/tr><tr><td>KAZAK\u0130STAN<\/td><td>Alikhan Bokeikhan University<\/td><td>03.04.2024<\/td><td>semey@abu.edu.kz<\/td><\/tr><tr><td>KAZAK\u0130STAN<\/td><td>Zhubanov Aktobe Regional University<\/td><td>08.12.2023<\/td><td>zhubanov_ssc@zhubanov.edu.kz<\/td><\/tr><tr><td>KAZAK\u0130STAN<\/td><td>A. K. Kussayinov Eurasian Humanities Institute<\/td><td>17.07.2024<\/td><td>eagi@list.ru<\/td><\/tr><tr><td>KAZAK\u0130STAN<\/td><td>Maqsut Narikbayev KAZGUU University<\/td><td>17.07.2024<\/td><td>mobility@kazguu.kz<\/td><\/tr><tr><td>KAZAK\u0130STAN<\/td><td>Abylkas Saginov Karaganda Technical University<\/td><td>16.07.2024<\/td><td>kstu@kstu.kz<\/td><\/tr><tr><td>KAZAK\u0130STAN<\/td><td>Astana Medical University<\/td><td>17.07.2024<\/td><td>astana.medical.university@gmail.com<\/td><\/tr><tr><td>KAZAK\u0130STAN<\/td><td>Karaganda State University <\/td><td>01.02.2021<\/td><td><\/td><\/tr><tr><td>KIRGIZ\u0130STAN<\/td><td>Kyrgyz - Turkish Manas University<\/td><td>02.01.2026<\/td><td>iro@manas.edu.kg<\/td><\/tr><tr><td>KIRGIZ\u0130STAN<\/td><td>Kyrgyz - Russian Slavic University named after Yeltsin<\/td><td>01.01.2021<\/td><td>info@krsu.ne<\/td><\/tr><tr><td>KIRGIZ\u0130STAN<\/td><td>International University of Kyrgyzstan<\/td><td>14.11.2023<\/td><td><\/td><\/tr><tr><td>KIRGIZ\u0130STAN<\/td><td>Osh Technological University named after M. M. Adyshev<\/td><td>11.11.2025<\/td><td>datkakuduret@gmail.com<\/td><\/tr><tr><td>L\u0130TVANYA <\/td><td>Vilnius University <\/td><td>30.05.2024<\/td><td><\/td><\/tr><tr><td>MACAR\u0130STAN<\/td><td>Obuda University<\/td><td>17.12.2024<\/td><td>baranyi.emese@uni-obuda.hu <\/td><\/tr><tr><td>MALEZYA<\/td><td>Universiti Putra Malaysia<\/td><td>18.01.2022<\/td><td>intl@upm.edu.my<\/td><\/tr><tr><td>MALEZYA<\/td><td>International Islamic University Malaysia<\/td><td>17.04.2024<\/td><td>io@iium.edu.my<\/td><\/tr><tr><td>MALEZYA<\/td><td>Universiti Teknologi Malaysia<\/td><td>18.11.2020<\/td><td>international@utm.my<\/td><\/tr><tr><td>MALEZYA<\/td><td>Universiti Sains Islam Malaysia<\/td><td>25.11.2022<\/td><td>dgm@usim.edu.my<\/td><\/tr><tr><td>MALEZYA<\/td><td>Malaya University<\/td><td>12.05.2023<\/td><td>corporate@um.edu.my<\/td><\/tr><tr><td>MALEZYA<\/td><td>Universiti Teknikal Malaysia Melaka<\/td><td>25.09.2023<\/td><td><\/td><\/tr><tr><td>MO\u011eOL\u0130STAN<\/td><td>National University of Mongolia<\/td><td>20.06.2022<\/td><td>int_rel@num.edu.mn<\/td><\/tr><tr><td>\u00d6ZBEK\u0130STAN<\/td><td>Karakalpak State University<\/td><td>01.02.2019<\/td><td>qmu@qmu.uz<\/td><\/tr><tr><td>\u00d6ZBEK\u0130STAN<\/td><td>Termez Branch of Tashkent Medical Academy<\/td><td>22.03.2022<\/td><td>devonxona@ttatf.uz<\/td><\/tr><tr><td>\u00d6ZBEK\u0130STAN<\/td><td>Samarkand State University <\/td><td>04.10.2023<\/td><td>devonxona@samdu.uz<\/td><\/tr><tr><td>\u00d6ZBEK\u0130STAN<\/td><td>Kokand State University<\/td><td>15.09.2025<\/td><td>intellect_star@mail.ru<\/td><\/tr><tr><td>\u00d6ZBEK\u0130STAN<\/td><td>Fergana Regional Branch of Uzbekistan State Institute of Arts and Culture<\/td><td>04.10.2022<\/td><td>atmdsmi@gmail.com<\/td><\/tr><tr><td>\u00d6ZBEK\u0130STAN<\/td><td>Tashkent State University of Uzbek Language and Literature<\/td><td>04.10.2023<\/td><td>interdep@navoiy-uni.uz<\/td><\/tr><tr><td>\u00d6ZBEK\u0130STAN<\/td><td>Samarkand Institute of Archeology<\/td><td>04.10.2023<\/td><td>tar-fak@samdu.uz<\/td><\/tr><tr><td>\u00d6ZBEK\u0130STAN<\/td><td>Samarkand State Medical Institute<\/td><td>04.10.2023<\/td><td>international.department@sammu.uz<\/td><\/tr><tr><td>\u00d6ZBEK\u0130STAN<\/td><td>Tashkent State Medical University<\/td><td>08.09.2025<\/td><td>info@tma.uz<\/td><\/tr><tr><td>\u00d6ZBEK\u0130STAN<\/td><td>Uzbekistan State University of Physical Education and Sports<\/td><td>03.10.2023<\/td><td>info@jtsu.uz<\/td><\/tr><tr><td>\u00d6ZBEK\u0130STAN<\/td><td>Afshona Public Health Technical Collage Named After Abu Ali Ibn Sina<\/td><td>04.10.2023<\/td><td>sardormurotov87@gmail.com<\/td><\/tr><tr><td>\u00d6ZBEK\u0130STAN<\/td><td>The Imam Bukhari International Scientific Center<\/td><td>04.10.2023<\/td><td>info@bukhari.uz<\/td><\/tr><tr><td>\u00d6ZBEK\u0130STAN<\/td><td>Karshi State University<\/td><td>12.10.2023<\/td><td>kasu_info@edu.uz<\/td><\/tr><tr><td>\u00d6ZBEK\u0130STAN<\/td><td>Kokand University<\/td><td>12.05.2022<\/td><td>info@kokanduni.u<\/td><\/tr><tr><td>\u00d6ZBEK\u0130STAN<\/td><td>Turon University of Karshi<\/td><td>27.05.2025<\/td><td>info@turonuniversity.uz<\/td><\/tr><tr><td>\u00d6ZBEK\u0130STAN<\/td><td>Tashkent State University of Oriental Studies<\/td><td>28.09.2024<\/td><td>info@tsuos.uz<\/td><\/tr><tr><td>\u00d6ZBEK\u0130STAN<\/td><td>Bukhara Engineering-Technological Institute<\/td><td>28.09.2024<\/td><td>iibp@bmti.uz<\/td><\/tr><tr><td>\u00d6ZBEK\u0130STAN<\/td><td>Tashkent Institute of Textile and Light Industry<\/td><td>28.09.2024<\/td><td>mail@ttyesi.uz<\/td><\/tr><tr><td>\u00d6ZBEK\u0130STAN<\/td><td>Tashkent State Transport University<\/td><td>28.09.2024<\/td><td>tstu_rektorat@tstu.ru<\/td><\/tr><tr><td>\u00d6ZBEK\u0130STAN<\/td><td>Bukhara State Medical Institute named after Abu Ali Ibn Sina <\/td><td>01.01.2023<\/td><td><\/td><\/tr><tr><td>\u00d6ZBEK\u0130STAN<\/td><td>International Innovation University <\/td><td>01.01.2023<\/td><td><\/td><\/tr><tr><td>\u00d6ZBEK\u0130STAN<\/td><td>Kokand State Pedagogical institute<\/td><td>10.05.2022<\/td><td><\/td><\/tr><tr><td>\u00d6ZBEK\u0130STAN<\/td><td>&quot;Silk Road&quot; University of Tourism and Cultural Heritage<\/td><td>04.10.2023<\/td><td><\/td><\/tr><tr><td>\u00d6ZBEK\u0130STAN<\/td><td>Tashkent State Dental Institute<\/td><td>01.01.2023<\/td><td><\/td><\/tr><tr><td>\u00d6ZBEK\u0130STAN<\/td><td>Samarkand State University of Veterinary Medicine, Livestock and Biotechnologies<\/td><td>15.08.2022<\/td><td><\/td><\/tr><tr><td>\u00d6ZBEK\u0130STAN<\/td><td>The Uzbekistan State Institute Of Arts And Culture\nUzbekistan <\/td><td>04.05.2023<\/td><td><\/td><\/tr><tr><td>\u00d6ZBEK\u0130STAN<\/td><td>Yangi Asr University<\/td><td>21.11.2025<\/td><td>yangiasruniversiteti@gmail.com<\/td><\/tr><tr><td>PAK\u0130STAN<\/td><td>University of Veterinary and Animal Sciences<\/td><td>01.01.2019<\/td><td>ad.ua@uvas.edu.pk<\/td><\/tr><tr><td>POLONYA<\/td><td>Lublin University of Technology<\/td><td>03.06.2024<\/td><td>karolina.wieczorek@up.lublin.pl<\/td><\/tr><tr><td>POLONYA<\/td><td>University of Life Sciences in Lublin<\/td><td>03.06.2024<\/td><td>poczta@up.lublin.pl<\/td><\/tr><tr><td>POLONYA<\/td><td>Maria Curie-Sklodowska University (UMCS)<\/td><td>03.06.2024<\/td><td>studyinenglish@umcs.pl<\/td><\/tr><tr><td>POLONYA<\/td><td>Warsaw University of Life Sciences<\/td><td>03.06.2024<\/td><td>joanna_zach@sggw.edu.pl<\/td><\/tr><tr><td>ROMANYA<\/td><td>Carol Davila University of Medicine and Pharmacy<\/td><td>09.12.2025<\/td><td>international@umfcd.ro<\/td><\/tr><tr><td>RUSYA FEDERASYONU<\/td><td>Zoological Institute, Russian Academy of Sciences<\/td><td>24.01.2025<\/td><td><\/td><\/tr><tr><td>RUSYA FEDERASYONU<\/td><td>Moscow City University<\/td><td>01.02.2021<\/td><td>inter@mgpu.ru<\/td><\/tr><tr><td>RUSYA FEDERASYONU<\/td><td>Saint-Petersburg State University<\/td><td>29.12.2020<\/td><td>spbu@spbu.ru<\/td><\/tr><tr><td>RUSYA FEDERASYONU<\/td><td>Ryazan State Agrotechnological University named after Kostychev P. A. Ryazan<\/td><td>17.09.2019<\/td><td>university@rgatu.ru\t<\/td><\/tr><tr><td>RUSYA FEDERASYONU<\/td><td>Komarov Botanical Institute of the Russian Academy of Sciences<\/td><td>03.02.2025<\/td><td><\/td><\/tr><tr><td>RUSYA FEDERASYONU<\/td><td>Moscow State University<\/td><td>01.02.2021<\/td><td>msu.international@rector.msu.ru<\/td><\/tr><tr><td>RUSYA FEDERASYONU<\/td><td>Saint Petersburg State University of Information Technology, Optical Design and Engineering<\/td><td>01.10.2019<\/td><td>international@itmo.ru<\/td><\/tr><tr><td>RUSYA FEDERASYONU<\/td><td>Severtsov Intitute of Ecology and Evolution of Russian Academy of Sciences<\/td><td>10.11.2024<\/td><td><\/td><\/tr><tr><td>SUDAN<\/td><td>University of Bahri<\/td><td>06.03.2023<\/td><td>awatif.lateef@bahri.edu.sd<\/td><\/tr><tr><td>UKRAYNA<\/td><td>Khmelnytskyi National University<\/td><td>01.01.2021<\/td><td>iro@khmnu.edu.ua<\/td><\/tr><tr><td>UKRAYNA<\/td><td>Taras Shevchenko National University of Kyiv<\/td><td>20.10.2021<\/td><td>rpetyur@knu.ua<\/td><\/tr><tr><td>UKRAYNA<\/td><td>Odessa State Agrarian University <\/td><td>30.10.2023<\/td><td>osau@osau.edu.ua<\/td><\/tr><tr><td>UKRAYNA<\/td><td>Ukrainian Lingua-Information Foundation of the National Academy of Sciences of Ukraine<\/td><td>22.03.2024<\/td><td>margo.nadutenko@gmail.com<\/td><\/tr><tr><td>UKRAYNA<\/td><td>Odesa Regional Academy of In-Service Education<\/td><td>21.03.2024<\/td><td>msti@oano.ukr.education<\/td><\/tr><tr><td>UKRAYNA<\/td><td>Ternopil Volodymyr Hnatiuk National Pedagogical University<\/td><td>08.09.2025<\/td><td>fro@tnpu.edu.ua<\/td><\/tr><tr><td>UKRAYNA<\/td><td>V. I. Vernadsky Taurida National University<\/td><td>10.11.2025<\/td><td>asoyanemma@gmail.com<\/td><\/tr><tr><td>\u00dcRD\u00dcN<\/td><td>Princess Sumaya University for Technology<\/td><td>30.10.2019<\/td><td>comm_eng@psut.edu.jo<\/td><\/tr><\/tbody><\/table>\n\n\t\n\n\n\t\t\t\t<\/div>\n\t\t\t\t<\/div>\n\t\t\t\t\t<\/div>\n\t\t<\/div>\n\t\t\t\t\t<\/div>\n\t\t<\/section>\n\t\t\t\t<\/div>\n\t\t","protected":false},"excerpt":{"rendered":"<p>Ba\u015fl\u0131ks\u0131z Belge \u00dcLKE KURUM ANLA\u015eMA TAR\u0130H\u0130 \u0130leti\u015fim AMER\u0130KA B\u0130RLE\u015e\u0130K DEVLETLER\u0130 University Of The Incarnete Word 24.12.2019 intl@uiwtx.edu AMER\u0130KA B\u0130RLE\u015e\u0130K DEVLETLER\u0130 The Regents of The University of California on Behalf of Its Riverside Campus 19.10.2021 internationalaffairs@ucr.edu AMER\u0130KA B\u0130RLE\u015e\u0130K DEVLETLER\u0130 University of Maryland 10.11.2025 jdwang@umd.edu AZERBAYCAN Khazar University 29.05.2022 international@khazar.org AZERBAYCAN Azerbaijan Medical University 17.01.2022 international@amu.edu.az AZERBAYCAN [&hellip;]<\/p>\n","protected":false},"author":658,"featured_media":0,"parent":0,"menu_order":0,"comment_status":"closed","ping_status":"closed","template":"","meta":{"footnotes":""},"class_list":["post-11247","page","type-page","status-publish","hentry"],"_links":{"self":[{"href":"https:\/\/atauni.edu.tr\/dis-iliskiler-ofisi\/wp-json\/wp\/v2\/pages\/11247","targetHints":{"allow":["GET"]}}],"collection":[{"href":"https:\/\/atauni.edu.tr\/dis-iliskiler-ofisi\/wp-json\/wp\/v2\/pages"}],"about":[{"href":"https:\/\/atauni.edu.tr\/dis-iliskiler-ofisi\/wp-json\/wp\/v2\/types\/page"}],"author":[{"embeddable":true,"href":"https:\/\/atauni.edu.tr\/dis-iliskiler-ofisi\/wp-json\/wp\/v2\/users\/658"}],"replies":[{"embeddable":true,"href":"https:\/\/atauni.edu.tr\/dis-iliskiler-ofisi\/wp-json\/wp\/v2\/comments?post=11247"}],"version-history":[{"count":27,"href":"https:\/\/atauni.edu.tr\/dis-iliskiler-ofisi\/wp-json\/wp\/v2\/pages\/11247\/revisions"}],"predecessor-version":[{"id":11963,"href":"https:\/\/atauni.edu.tr\/dis-iliskiler-ofisi\/wp-json\/wp\/v2\/pages\/11247\/revisions\/11963"}],"wp:attachment":[{"href":"https:\/\/atauni.edu.tr\/dis-iliskiler-ofisi\/wp-json\/wp\/v2\/media?parent=11247"}],"curies":[{"name":"wp","href":"https:\/\/api.w.org\/{rel}","templated":true}]}}