{"id":1853,"date":"2022-07-04T08:11:40","date_gmt":"2022-07-04T08:11:40","guid":{"rendered":"https:\/\/oia.atauni.edu.tr\/new\/?page_id=1853"},"modified":"2022-07-04T08:11:40","modified_gmt":"2022-07-04T08:11:40","slug":"giden-ogretim-uyesi-rehberi","status":"publish","type":"page","link":"https:\/\/atauni.edu.tr\/dis-iliskiler-ofisi\/giden-ogretim-uyesi-rehberi\/","title":{"rendered":"Giden \u00d6\u011fretim \u00dcyesi Rehberi"},"content":{"rendered":"\t\t<div data-elementor-type=\"wp-page\" data-elementor-id=\"1853\" class=\"elementor elementor-1853\" data-elementor-post-type=\"page\">\n\t\t\t\t\t\t<section class=\"elementor-section elementor-top-section elementor-element elementor-element-6670214 elementor-section-boxed elementor-section-height-default elementor-section-height-default\" data-id=\"6670214\" data-element_type=\"section\">\n\t\t\t\t\t\t<div class=\"elementor-container elementor-column-gap-default\">\n\t\t\t\t\t<div class=\"elementor-column elementor-col-100 elementor-top-column elementor-element elementor-element-1b08e83\" data-id=\"1b08e83\" data-element_type=\"column\">\n\t\t\t<div class=\"elementor-widget-wrap elementor-element-populated\">\n\t\t\t\t\t\t<div class=\"elementor-element elementor-element-a75a6de elementor-widget elementor-widget-text-editor\" data-id=\"a75a6de\" data-element_type=\"widget\" data-widget_type=\"text-editor.default\">\n\t\t\t\t<div class=\"elementor-widget-container\">\n\t\t\t\t\t\t\t\t\t<p align=\"justify\">\u00d6\u011fretim \u00dcyelerimizin yurt d\u0131\u015f\u0131na y\u00f6nelik bir\u00e7ok faaliyeti olabilmektedir. Bu faaliyetlerden baz\u0131lar\u0131 d\u0131\u015f ili\u015fkiler ofisi taraf\u0131ndan y\u00fcr\u00fct\u00fclen programlarla ger\u00e7ekle\u015fmekte, baz\u0131lar\u0131 ise di\u011fer birim, kurum ve kurulu\u015flar\u0131 ilgilendirmektedir. D\u0131\u015f ili\u015fkiler ofisi taraf\u0131ndan y\u00fcr\u00fct\u00fclen programlar Erasmus+, Mevlana ve Farabi programlar\u0131d\u0131r.<\/p><p align=\"justify\">Erasmus+ kapsam\u0131nda iki t\u00fcr hareketlilik y\u00fcr\u00fct\u00fclmektedir KA103 ve KA107. Her iki programda da \u00f6\u011fretim \u00fcyesinin k\u0131sa s\u00fcreli ders verme(1 hafta i\u00e7in 8 saat) faaliyeti ger\u00e7ekle\u015ftirmesi gerekmektedir.<\/p><div class=\"bd-row row-0 n-4 lv-2 first clearfix\"><div class=\"items-wrapper items-inside index-1 first\"><div class=\"item-inner stpb-heading\"><h5 class=\" align-default\">Erasmus+ KA131 Program\u0131 Nedir?<\/h5><\/div><\/div><\/div><div class=\"bd-row row-1 n-4 lv-2 clearfix\"><div class=\"items-wrapper items-inside index-2\"><div class=\"item-inner stpb-text\"><div class=\"item-text-wrapper text-default no-effect\"><p align=\"justify\">Erasmus+ KA103 program\u0131 ile AB \u00fcyesi \u00fclkeler ve AB \u00fcyesi olmayan program \u00fclkelerine (Norve\u00e7, \u0130zlanda, Lihten\u015ftayn, \u0130svi\u00e7re, Makedonya) hareketlilik yap\u0131labilmektedir. Hareketlili\u011fin yap\u0131labilmesi i\u00e7in bu \u00fclkelerdeki \u00fcniversitelerin gitmek istenilen b\u00f6l\u00fcm\u00fcyle bir Erasmus+ anla\u015fmas\u0131 yap\u0131lm\u0131\u015f olmas\u0131 gerekir. E\u011fer b\u00f6yle bir anla\u015fma yoksa, \u00f6\u011fretim \u00fcyesinin kar\u015f\u0131 \u00fcniversite ile bu anla\u015fman\u0131n yap\u0131labilece\u011fine y\u00f6nelik \u00f6n bilgisi ile ofisimiz taraf\u0131ndan anla\u015fma yapmak i\u00e7in gerekli i\u015flemler ba\u015flat\u0131labilecektir. Ancak anla\u015fman\u0131n bu \u015fekilde yap\u0131lmas\u0131n\u0131n, ilgili \u00f6\u011fretim \u00fcyesinin Erasmus+ kapsam\u0131nda hareketlilik yapmas\u0131na y\u00f6nelik bir garanti sa\u011flamayaca\u011f\u0131n\u0131 da vurgulamak gerekir. Ulusal ajans\u0131n \u015feffafl\u0131k ve e\u015fitlik ilkelerine uygun olarak, ba\u015fvurular aras\u0131ndan yap\u0131lan se\u00e7im sonucunda gidecek \u00f6\u011fretim \u00fcyeleri belirlenmektedir. Yine bu programla yurt d\u0131\u015f\u0131ndaki Avrupa \u00fclkelerindeki \u00fcniversitelerden Atat\u00fcrk \u00dcniversitesine de \u00f6\u011fretim \u00fcyeleri gelebilmektedir. Bu durumdaki yabanc\u0131 \u00f6\u011fretim \u00fcyesi di\u011fer \u00fcniversitenin Erasmus+ ofisine ba\u015fvurarak gerekli i\u015flemlerini ba\u015flat\u0131rlar. Yabanc\u0131 \u00f6\u011fretim \u00fcyelerine Atat\u00fcrk \u00dcniversitesi D\u0131\u015f \u0130li\u015fkiler Ofisi taraf\u0131ndan Bu program ile ilgili daha ayr\u0131nt\u0131l\u0131 bilgiye Erasmus+ KA103 Tan\u0131t\u0131m sayfas\u0131ndan ula\u015f\u0131labilir.<\/p><div class=\"bd-row row-0 n-4 lv-2 first clearfix\"><div class=\"items-wrapper items-inside index-1 first\"><div class=\"item-inner stpb-heading\"><h5 class=\" align-default\">Erasmus+ KA171 Program\u0131 Nedir?<\/h5><\/div><\/div><\/div><div class=\"bd-row row-1 n-4 lv-2 clearfix\"><div class=\"items-wrapper items-inside index-2\"><div class=\"item-inner stpb-text\"><div class=\"item-text-wrapper text-default no-effect\"><p align=\"justify\">KA107 program\u0131 KA103 kapsam\u0131na girmeyen partner \u00fclkelerle yap\u0131lan hareketlilik faaliyetlerini i\u00e7ermektedir. Bu kapsamda \u00fcniversitemizin verdi\u011fi proje L\u00fcbnan ve \u00dcrd\u00fcn i\u00e7in kabul edilmi\u015f olup, \u00d6\u011fretim \u00dcyelerimiz, Erasmus+ KA107 program\u0131 ile L\u00fcbnan ve \u00dcrd\u00fcnde anla\u015fmal\u0131 oldu\u011fumuz \u00fcniversitelerle k\u0131sa s\u00fcreli hareketlilik ger\u00e7ekle\u015ftirilebilmektedir. Daha ayr\u0131nt\u0131l\u0131 bilgiye KA107 tan\u0131t\u0131m sayfam\u0131zdan eri\u015filebilir.<\/p><p align=\"justify\">\u00a0<\/p><\/div><\/div><\/div><\/div><\/div><div class=\"bd-row row-2 n-4 lv-2 clearfix\"><div class=\"items-wrapper items-inside index-3\"><div class=\"item-inner stpb-heading\"><h5 class=\" align-default\">Farabi Program\u0131 Nedir?<\/h5><\/div><\/div><\/div><div class=\"bd-row row-3 n-4 lv-2 last clearfix\"><div class=\"items-wrapper items-inside index-4 last\"><div class=\"item-inner stpb-text\"><div class=\"item-text-wrapper text-default no-effect\"><p align=\"justify\">Farabi program\u0131 ile yurt i\u00e7inde anla\u015fmal\u0131 olunan \u00fcniversitelerle hareketlilik ger\u00e7ekle\u015ftirilebilir. (Farabi De\u011fi\u015fim Program\u0131 \u00f6\u011fretim \u00fcyeleri i\u00e7in Y\u00d6K taraf\u0131ndan ge\u00e7ici olarak durdurulmu\u015ftur.)<\/p><p align=\"justify\">\u00a0<\/p><\/div><div class=\"bd-row row-2 n-4 lv-2 clearfix\"><div class=\"items-wrapper items-inside index-3\"><div class=\"item-inner stpb-heading\"><h5 class=\" align-default\">Mevlana Program\u0131 Nedir?<\/h5><\/div><\/div><\/div><div class=\"bd-row row-3 n-4 lv-2 last clearfix\"><div class=\"items-wrapper items-inside index-4 last\"><div class=\"item-inner stpb-text\"><div class=\"item-text-wrapper text-default no-effect\"><p align=\"justify\">Mevlana Program\u0131 Y\u00d6K taraf\u0131ndan \u00fcniversitelerle y\u00fcr\u00fct\u00fclmekte olan bir programd\u0131r. Mevlana Program\u0131 ile \u00f6\u011fretim \u00fcyelerimiz yurtd\u0131\u015f\u0131na y\u00f6nelik hareketlili\u011fi ancak Proje Tabanl\u0131 Mevlana kapsam\u0131nda ger\u00e7ekle\u015ftirebilmektedirler. Proje tabanl\u0131 Mevlana ile Erasmus \u00fclkeleri de dahil olmak \u00fczere 190 farkl\u0131 \u00fclke ile hareketlilik ger\u00e7ekle\u015ftirilebilmektedir. Konu ile ilgili ayr\u0131nt\u0131l\u0131 bilgi\u00a0<a href=\"https:\/\/oia.atauni.edu.tr\/new\/mevlana-bilgi\/\">Proje Tabanl\u0131 Mevlana<\/a>\u00a0sayfam\u0131zdan \u00f6\u011frenilebilir.<\/p><\/div><\/div><\/div><\/div><\/div><\/div><\/div><\/div><\/div><\/div>\t\t\t\t\t\t\t\t<\/div>\n\t\t\t\t<\/div>\n\t\t\t\t\t<\/div>\n\t\t<\/div>\n\t\t\t\t\t<\/div>\n\t\t<\/section>\n\t\t\t\t<\/div>\n\t\t","protected":false},"excerpt":{"rendered":"<p>\u00d6\u011fretim \u00dcyelerimizin yurt d\u0131\u015f\u0131na y\u00f6nelik bir\u00e7ok faaliyeti olabilmektedir. Bu faaliyetlerden baz\u0131lar\u0131 d\u0131\u015f ili\u015fkiler ofisi taraf\u0131ndan y\u00fcr\u00fct\u00fclen programlarla ger\u00e7ekle\u015fmekte, baz\u0131lar\u0131 ise di\u011fer birim, kurum ve kurulu\u015flar\u0131 ilgilendirmektedir. D\u0131\u015f ili\u015fkiler ofisi taraf\u0131ndan y\u00fcr\u00fct\u00fclen programlar Erasmus+, Mevlana ve Farabi programlar\u0131d\u0131r. Erasmus+ kapsam\u0131nda iki t\u00fcr hareketlilik y\u00fcr\u00fct\u00fclmektedir KA103 ve KA107. Her iki programda da \u00f6\u011fretim \u00fcyesinin k\u0131sa s\u00fcreli ders [&hellip;]<\/p>\n","protected":false},"author":658,"featured_media":0,"parent":0,"menu_order":0,"comment_status":"closed","ping_status":"closed","template":"","meta":{"footnotes":""},"class_list":["post-1853","page","type-page","status-publish","hentry"],"_links":{"self":[{"href":"https:\/\/atauni.edu.tr\/dis-iliskiler-ofisi\/wp-json\/wp\/v2\/pages\/1853","targetHints":{"allow":["GET"]}}],"collection":[{"href":"https:\/\/atauni.edu.tr\/dis-iliskiler-ofisi\/wp-json\/wp\/v2\/pages"}],"about":[{"href":"https:\/\/atauni.edu.tr\/dis-iliskiler-ofisi\/wp-json\/wp\/v2\/types\/page"}],"author":[{"embeddable":true,"href":"https:\/\/atauni.edu.tr\/dis-iliskiler-ofisi\/wp-json\/wp\/v2\/users\/658"}],"replies":[{"embeddable":true,"href":"https:\/\/atauni.edu.tr\/dis-iliskiler-ofisi\/wp-json\/wp\/v2\/comments?post=1853"}],"version-history":[{"count":0,"href":"https:\/\/atauni.edu.tr\/dis-iliskiler-ofisi\/wp-json\/wp\/v2\/pages\/1853\/revisions"}],"wp:attachment":[{"href":"https:\/\/atauni.edu.tr\/dis-iliskiler-ofisi\/wp-json\/wp\/v2\/media?parent=1853"}],"curies":[{"name":"wp","href":"https:\/\/api.w.org\/{rel}","templated":true}]}}