{"id":5734,"date":"2021-07-13T11:37:45","date_gmt":"2021-07-13T08:37:45","guid":{"rendered":"https:\/\/portaltest.atauni.edu.tr\/bilgisayar-muhendisligi\/?page_id=5734"},"modified":"2021-08-27T15:50:14","modified_gmt":"2021-08-27T12:50:14","slug":"ogrenci-deneyimi","status":"publish","type":"page","link":"https:\/\/atauni.edu.tr\/dis-ticaret-bolumu\/ogrenci-deneyimi\/","title":{"rendered":"\u00d6\u011frenci Deneyimi"},"content":{"rendered":"\t\t<div data-elementor-type=\"wp-page\" data-elementor-id=\"5734\" class=\"elementor elementor-5734\" data-elementor-post-type=\"page\">\n\t\t\t\t\t\t<section class=\"elementor-section elementor-top-section elementor-element elementor-element-730d320 elementor-section-boxed elementor-section-height-default elementor-section-height-default\" data-id=\"730d320\" data-element_type=\"section\">\n\t\t\t\t\t\t<div class=\"elementor-container elementor-column-gap-default\">\n\t\t\t\t\t<div class=\"elementor-column elementor-col-100 elementor-top-column elementor-element elementor-element-753d0860\" data-id=\"753d0860\" data-element_type=\"column\">\n\t\t\t<div class=\"elementor-widget-wrap\">\n\t\t\t\t\t\t\t<\/div>\n\t\t<\/div>\n\t\t\t\t\t<\/div>\n\t\t<\/section>\n\t\t\t\t<section class=\"elementor-section elementor-top-section elementor-element elementor-element-9be811a elementor-section-boxed elementor-section-height-default elementor-section-height-default\" data-id=\"9be811a\" data-element_type=\"section\">\n\t\t\t\t\t\t<div class=\"elementor-container elementor-column-gap-default\">\n\t\t\t\t\t<div class=\"elementor-column elementor-col-100 elementor-top-column elementor-element elementor-element-1ed847b7\" data-id=\"1ed847b7\" data-element_type=\"column\">\n\t\t\t<div class=\"elementor-widget-wrap elementor-element-populated\">\n\t\t\t\t\t\t<div class=\"elementor-element elementor-element-4ce0d07f elementor-widget elementor-widget-heading\" data-id=\"4ce0d07f\" data-element_type=\"widget\" data-widget_type=\"heading.default\">\n\t\t\t\t<div class=\"elementor-widget-container\">\n\t\t\t\t\t<h2 class=\"elementor-heading-title elementor-size-default\">\u00d6\u011frenci Deneyimi<\/h2>\t\t\t\t<\/div>\n\t\t\t\t<\/div>\n\t\t\t\t<div class=\"elementor-element elementor-element-63260862 elementor-widget-divider--view-line elementor-widget elementor-widget-divider\" data-id=\"63260862\" data-element_type=\"widget\" data-widget_type=\"divider.default\">\n\t\t\t\t<div class=\"elementor-widget-container\">\n\t\t\t\t\t\t\t<div class=\"elementor-divider\">\n\t\t\t<span class=\"elementor-divider-separator\">\n\t\t\t\t\t\t<\/span>\n\t\t<\/div>\n\t\t\t\t\t\t<\/div>\n\t\t\t\t<\/div>\n\t\t\t\t\t<\/div>\n\t\t<\/div>\n\t\t\t\t\t<\/div>\n\t\t<\/section>\n\t\t\t\t<section class=\"elementor-section elementor-top-section elementor-element elementor-element-4debb41 elementor-section-boxed elementor-section-height-default elementor-section-height-default\" data-id=\"4debb41\" data-element_type=\"section\">\n\t\t\t\t\t\t<div class=\"elementor-container elementor-column-gap-default\">\n\t\t\t\t\t<div class=\"elementor-column elementor-col-100 elementor-top-column elementor-element elementor-element-28420b1\" data-id=\"28420b1\" data-element_type=\"column\">\n\t\t\t<div class=\"elementor-widget-wrap elementor-element-populated\">\n\t\t\t\t\t\t<div class=\"elementor-element elementor-element-e007b90 elementor-widget elementor-widget-ova_testimonial\" data-id=\"e007b90\" data-element_type=\"widget\" data-settings=\"{&quot;pause_on_hover&quot;:&quot;yes&quot;,&quot;infinite&quot;:&quot;yes&quot;,&quot;autoplay&quot;:&quot;yes&quot;,&quot;autoplay_speed&quot;:3000,&quot;dot_control&quot;:&quot;yes&quot;}\" data-widget_type=\"ova_testimonial.default\">\n\t\t\t\t<div class=\"elementor-widget-container\">\n\t\t\t\t\t\n\t\t\n\t\t\t<section class=\"ova-testimonial \">\n\t\t\t\t<div class=\"slide-testimonials owl-carousel owl-theme\" data-options=\"{&quot;items&quot;:3,&quot;slideBy&quot;:1,&quot;margin&quot;:30,&quot;autoplayHoverPause&quot;:true,&quot;loop&quot;:true,&quot;autoplay&quot;:true,&quot;autoplayTimeout&quot;:3000,&quot;smartSpeed&quot;:500,&quot;dots&quot;:true}\">\n\t\t\t\t\t\t\t\t\t\t\t<div class=\"item\">\n\t\t\t\t\t\t\t<div class=\"client_info\">\n\t\t\t\t\t\t\t\t\t\t\t\t\t\t\t\t\t<p class=\"evaluate\">Atat\u00fcrk \u00dcniversitesi D\u0131\u015f Ticaret B\u00f6l\u00fcm\u00fc \u00f6\u011frencileri, e\u011fitim hayatlar\u0131 boyunca bir\u00e7ok de\u011ferli deneyim ya\u015farlar. B\u00f6l\u00fcm\u00fcn g\u00fc\u00e7l\u00fc altyap\u0131s\u0131 ve deneyimli akademik kadrosu, \u00f6\u011frencilere teorik ve pratik bilgiler kazand\u0131r\u0131rken ayn\u0131 zamanda sekt\u00f6rle ba\u011flant\u0131l\u0131 projelerde \u00e7al\u0131\u015farak deneyim kazanmalar\u0131na olanak tan\u0131r.\n\n\u00d6\u011frenciler, d\u0131\u015f ticaretin t\u00fcm y\u00f6nlerini kapsayan geni\u015f bir m\u00fcfredat \u00e7er\u00e7evesinde e\u011fitim al\u0131rlar. Dersler, yaln\u0131zca teorik bilgilerin aktar\u0131m\u0131n\u0131 de\u011fil, ayn\u0131 zamanda d\u0131\u015f ticaret uygulamalar\u0131na y\u00f6nelik pratik \u00e7al\u0131\u015fmalar\u0131 da i\u00e7erir. Bu sayede \u00f6\u011frenciler, ger\u00e7ek d\u00fcnya sorunlar\u0131na \u00e7\u00f6z\u00fcmler \u00fcretme becerisi kazan\u0131r ve i\u015f hayat\u0131na haz\u0131r bir \u015fekilde mezun olurlar.\n\nB\u00f6l\u00fcm, \u00f6\u011frencilerine \u00e7e\u015fitli f\u0131rsatlar sunar. Staj olanaklar\u0131, \u00f6\u011frencilerin d\u0131\u015f ticaret sekt\u00f6r\u00fcnde deneyim kazan\u0131p network kurmalar\u0131n\u0131 sa\u011flar. Ayr\u0131ca, b\u00f6l\u00fcm\u00fcn organize etti\u011fi seminerler, konferanslar ve workshoplarla \u00f6\u011frenciler, sekt\u00f6r\u00fcn \u00f6nde gelen isimlerini dinleme ve onlardan \u00f6\u011frenme f\u0131rsat\u0131 bulurlar.\n\nAtat\u00fcrk \u00dcniversitesi D\u0131\u015f Ticaret B\u00f6l\u00fcm\u00fc \u00f6\u011frencileri, mezun olduktan sonra \u00e7e\u015fitli sekt\u00f6rlerde ba\u015far\u0131l\u0131 bir \u015fekilde \u00e7al\u0131\u015fmaya ba\u015flarlar. D\u0131\u015f ticaret, lojistik, uluslararas\u0131 pazarlama gibi alanlarda istihdam edilen mezunlar, ald\u0131klar\u0131 e\u011fitim sayesinde h\u0131zl\u0131 bir \u015fekilde adapte olabilme ve etkili sonu\u00e7lar elde etme kabiliyetine sahiptirler.\n\nB\u00f6l\u00fcm\u00fcn amac\u0131, \u00f6\u011frencilere sadece teorik bilgiler de\u011fil, ayn\u0131 zamanda i\u015f hayat\u0131nda ba\u015far\u0131l\u0131 olmalar\u0131 i\u00e7in gerekli olan becerileri kazand\u0131rmakt\u0131r. \u00d6\u011frenci deneyimi, yaln\u0131zca akademik ba\u015far\u0131ya odaklanmakla kalmaz, ayr\u0131ca ki\u015fisel geli\u015fim ve sosyal sorumluluk bilincini de i\u00e7erir. Atat\u00fcrk \u00dcniversitesi D\u0131\u015f Ticaret B\u00f6l\u00fcm\u00fc, \u00f6\u011frencilerini d\u0131\u015f ticaret sekt\u00f6r\u00fcn\u00fcn liderleri olarak yeti\u015ftirmeyi hedefler.<\/p>\n\t\t\t\t\t\t\t\t\n\t\t\t\t\t\t\t\t<div class=\"info\">\n\t\t\t\t\t\t\t\t\t\t\t\t\t\t\t\t\t\t<div class=\"name-job\">\n\t\t\t\t\t\t\t\t\t\t\t\t\t\t\t\t\t\t\t\t\t<p class=\"name second_font\">Atat\u00fcrk \u00dcniversitesi D\u0131\u015f Ticaret B\u00f6l\u00fcm\u00fc \u00f6\u011frencileri, e\u011fitim hayatlar\u0131 boyunca bir\u00e7ok de\u011ferli deneyim ya\u015farlar. B\u00f6l\u00fcm\u00fcn g\u00fc\u00e7l\u00fc altyap\u0131s\u0131 ve deneyimli akademik kadrosu, \u00f6\u011frencilere teorik ve pratik bilgiler kazand\u0131r\u0131rken ayn\u0131 zamanda sekt\u00f6rle ba\u011flant\u0131l\u0131 projelerde \u00e7al\u0131\u015farak deneyim kazanmalar\u0131na olanak tan\u0131r.\n\n\u00d6\u011frenciler, d\u0131\u015f ticaretin t\u00fcm y\u00f6nlerini kapsayan geni\u015f bir m\u00fcfredat \u00e7er\u00e7evesinde e\u011fitim al\u0131rlar. Dersler, yaln\u0131zca teorik bilgilerin aktar\u0131m\u0131n\u0131 de\u011fil, ayn\u0131 zamanda d\u0131\u015f ticaret uygulamalar\u0131na y\u00f6nelik pratik \u00e7al\u0131\u015fmalar\u0131 da i\u00e7erir. Bu sayede \u00f6\u011frenciler, ger\u00e7ek d\u00fcnya sorunlar\u0131na \u00e7\u00f6z\u00fcmler \u00fcretme becerisi kazan\u0131r ve i\u015f hayat\u0131na haz\u0131r bir \u015fekilde mezun olurlar.\n\nB\u00f6l\u00fcm, \u00f6\u011frencilerine \u00e7e\u015fitli f\u0131rsatlar sunar. Staj olanaklar\u0131, \u00f6\u011frencilerin d\u0131\u015f ticaret sekt\u00f6r\u00fcnde deneyim kazan\u0131p network kurmalar\u0131n\u0131 sa\u011flar. Ayr\u0131ca, b\u00f6l\u00fcm\u00fcn organize etti\u011fi seminerler, konferanslar ve workshoplarla \u00f6\u011frenciler, sekt\u00f6r\u00fcn \u00f6nde gelen isimlerini dinleme ve onlardan \u00f6\u011frenme f\u0131rsat\u0131 bulurlar.\n\nAtat\u00fcrk \u00dcniversitesi D\u0131\u015f Ticaret B\u00f6l\u00fcm\u00fc \u00f6\u011frencileri, mezun olduktan sonra \u00e7e\u015fitli sekt\u00f6rlerde ba\u015far\u0131l\u0131 bir \u015fekilde \u00e7al\u0131\u015fmaya ba\u015flarlar. D\u0131\u015f ticaret, lojistik, uluslararas\u0131 pazarlama gibi alanlarda istihdam edilen mezunlar, ald\u0131klar\u0131 e\u011fitim sayesinde h\u0131zl\u0131 bir \u015fekilde adapte olabilme ve etkili sonu\u00e7lar elde etme kabiliyetine sahiptirler.\n\nB\u00f6l\u00fcm\u00fcn amac\u0131, \u00f6\u011frencilere sadece teorik bilgiler de\u011fil, ayn\u0131 zamanda i\u015f hayat\u0131nda ba\u015far\u0131l\u0131 olmalar\u0131 i\u00e7in gerekli olan becerileri kazand\u0131rmakt\u0131r. \u00d6\u011frenci deneyimi, yaln\u0131zca akademik ba\u015far\u0131ya odaklanmakla kalmaz, ayr\u0131ca ki\u015fisel geli\u015fim ve sosyal sorumluluk bilincini de i\u00e7erir. Atat\u00fcrk \u00dcniversitesi D\u0131\u015f Ticaret B\u00f6l\u00fcm\u00fc, \u00f6\u011frencilerini d\u0131\u015f ticaret sekt\u00f6r\u00fcn\u00fcn liderleri olarak yeti\u015ftirmeyi hedefler.<\/p>\n\t\t\t\t\t\t\t\t\t\t\t\t\t\t\t\t\t\t\t\t\t\t\t\t\t\t\t\t\t\t\t<p class=\"job\">Atat\u00fcrk \u00dcniversitesi D\u0131\u015f Ticaret B\u00f6l\u00fcm\u00fc \u00f6\u011frencileri, e\u011fitim hayatlar\u0131 boyunca bir\u00e7ok de\u011ferli deneyim ya\u015farlar. B\u00f6l\u00fcm\u00fcn g\u00fc\u00e7l\u00fc altyap\u0131s\u0131 ve deneyimli akademik kadrosu, \u00f6\u011frencilere teorik ve pratik bilgiler kazand\u0131r\u0131rken ayn\u0131 zamanda sekt\u00f6rle ba\u011flant\u0131l\u0131 projelerde \u00e7al\u0131\u015farak deneyim kazanmalar\u0131na olanak tan\u0131r.\n\n\u00d6\u011frenciler, d\u0131\u015f ticaretin t\u00fcm y\u00f6nlerini kapsayan geni\u015f bir m\u00fcfredat \u00e7er\u00e7evesinde e\u011fitim al\u0131rlar. Dersler, yaln\u0131zca teorik bilgilerin aktar\u0131m\u0131n\u0131 de\u011fil, ayn\u0131 zamanda d\u0131\u015f ticaret uygulamalar\u0131na y\u00f6nelik pratik \u00e7al\u0131\u015fmalar\u0131 da i\u00e7erir. Bu sayede \u00f6\u011frenciler, ger\u00e7ek d\u00fcnya sorunlar\u0131na \u00e7\u00f6z\u00fcmler \u00fcretme becerisi kazan\u0131r ve i\u015f hayat\u0131na haz\u0131r bir \u015fekilde mezun olurlar.\n\nB\u00f6l\u00fcm, \u00f6\u011frencilerine \u00e7e\u015fitli f\u0131rsatlar sunar. Staj olanaklar\u0131, \u00f6\u011frencilerin d\u0131\u015f ticaret sekt\u00f6r\u00fcnde deneyim kazan\u0131p network kurmalar\u0131n\u0131 sa\u011flar. Ayr\u0131ca, b\u00f6l\u00fcm\u00fcn organize etti\u011fi seminerler, konferanslar ve workshoplarla \u00f6\u011frenciler, sekt\u00f6r\u00fcn \u00f6nde gelen isimlerini dinleme ve onlardan \u00f6\u011frenme f\u0131rsat\u0131 bulurlar.\n\nAtat\u00fcrk \u00dcniversitesi D\u0131\u015f Ticaret B\u00f6l\u00fcm\u00fc \u00f6\u011frencileri, mezun olduktan sonra \u00e7e\u015fitli sekt\u00f6rlerde ba\u015far\u0131l\u0131 bir \u015fekilde \u00e7al\u0131\u015fmaya ba\u015flarlar. D\u0131\u015f ticaret, lojistik, uluslararas\u0131 pazarlama gibi alanlarda istihdam edilen mezunlar, ald\u0131klar\u0131 e\u011fitim sayesinde h\u0131zl\u0131 bir \u015fekilde adapte olabilme ve etkili sonu\u00e7lar elde etme kabiliyetine sahiptirler.\n\nB\u00f6l\u00fcm\u00fcn amac\u0131, \u00f6\u011frencilere sadece teorik bilgiler de\u011fil, ayn\u0131 zamanda i\u015f hayat\u0131nda ba\u015far\u0131l\u0131 olmalar\u0131 i\u00e7in gerekli olan becerileri kazand\u0131rmakt\u0131r. \u00d6\u011frenci deneyimi, yaln\u0131zca akademik ba\u015far\u0131ya odaklanmakla kalmaz, ayr\u0131ca ki\u015fisel geli\u015fim ve sosyal sorumluluk bilincini de i\u00e7erir. Atat\u00fcrk \u00dcniversitesi D\u0131\u015f Ticaret B\u00f6l\u00fcm\u00fc, \u00f6\u011frencilerini d\u0131\u015f ticaret sekt\u00f6r\u00fcn\u00fcn liderleri olarak yeti\u015ftirmeyi hedefler.<\/p>\n\t\t\t\t\t\t\t\t\t\t\t\t\t\t\t\t\t\t\t<\/div>\n\t\t\t\t\t\t\t\t<\/div>\n\t\t\t\t\t\t\t\t\n\t\t\t\t\t\t\t\t\t\t\t\t\t\t\t\t\t<div class=\"icon-quote\">\n\t\t\t\t\t\t\t\t\t\t<span class=\"flaticon-left-quote-1\"><\/span>\n\t\t\t\t\t\t\t\t\t<\/div>\n\t\t\t\t\t\t\t\t\t\t\t\t\t\t\t<\/div>\n\t\t\t\t\t\t<\/div>\n\t\t\t\t\t\t\t\t\t<\/div>\n\t\t\t<\/section>\n\n\t\t\t\t\n\t\t\t\t\t\t<\/div>\n\t\t\t\t<\/div>\n\t\t\t\t\t<\/div>\n\t\t<\/div>\n\t\t\t\t\t<\/div>\n\t\t<\/section>\n\t\t\t\t<\/div>\n\t\t","protected":false},"excerpt":{"rendered":"<p>**\u00d6\u011frenci Deneyimi** D\u0131\u015f Ticaret B\u00f6l\u00fcm\u00fcm\u00fcz, \u00f6\u011frencilerini sadece teorik bilgilerle de\u011fil, ayn\u0131 zamanda ger\u00e7ek ya\u015fam deneyimleriyle donatmay\u0131 hedefler. Bu ama\u00e7la, b\u00f6l\u00fcm\u00fcm\u00fczde \u00e7e\u015fitli aktiviteler ve projeler d\u00fczenlenerek \u00f6\u011frencilere sekt\u00f6r\u00fcn i\u00e7inde yer alma f\u0131rsat\u0131 sunulur. \u00d6\u011frencilerimiz, d\u0131\u015f ticaretin t\u00fcm a\u015famalar\u0131n\u0131 yak\u0131ndan tan\u0131ma f\u0131rsat\u0131 bulurlar. \u0130hracat ve ithalat i\u015flemlerinin nas\u0131l y\u00fcr\u00fct\u00fcld\u00fc\u011f\u00fcn\u00fc \u00f6\u011frenirler, uluslararas\u0131 pazarlama stratejileri geli\u015ftirme olanaklar\u0131na sahip olurlar. [&hellip;]<\/p>\n","protected":false},"author":1,"featured_media":0,"parent":0,"menu_order":0,"comment_status":"closed","ping_status":"closed","template":"elementor_header_footer","meta":{"footnotes":""},"class_list":["post-5734","page","type-page","status-publish","hentry"],"_links":{"self":[{"href":"https:\/\/atauni.edu.tr\/dis-ticaret-bolumu\/wp-json\/wp\/v2\/pages\/5734","targetHints":{"allow":["GET"]}}],"collection":[{"href":"https:\/\/atauni.edu.tr\/dis-ticaret-bolumu\/wp-json\/wp\/v2\/pages"}],"about":[{"href":"https:\/\/atauni.edu.tr\/dis-ticaret-bolumu\/wp-json\/wp\/v2\/types\/page"}],"author":[{"embeddable":true,"href":"https:\/\/atauni.edu.tr\/dis-ticaret-bolumu\/wp-json\/wp\/v2\/users\/1"}],"replies":[{"embeddable":true,"href":"https:\/\/atauni.edu.tr\/dis-ticaret-bolumu\/wp-json\/wp\/v2\/comments?post=5734"}],"version-history":[{"count":20,"href":"https:\/\/atauni.edu.tr\/dis-ticaret-bolumu\/wp-json\/wp\/v2\/pages\/5734\/revisions"}],"predecessor-version":[{"id":6103,"href":"https:\/\/atauni.edu.tr\/dis-ticaret-bolumu\/wp-json\/wp\/v2\/pages\/5734\/revisions\/6103"}],"wp:attachment":[{"href":"https:\/\/atauni.edu.tr\/dis-ticaret-bolumu\/wp-json\/wp\/v2\/media?parent=5734"}],"curies":[{"name":"wp","href":"https:\/\/api.w.org\/{rel}","templated":true}]}}