{"id":5728,"date":"2021-07-13T11:33:38","date_gmt":"2021-07-13T08:33:38","guid":{"rendered":"https:\/\/portaltest.atauni.edu.tr\/bilgisayar-muhendisligi\/?page_id=5728"},"modified":"2024-02-01T00:44:29","modified_gmt":"2024-01-31T21:44:29","slug":"anabilim-dali-tanitimi","status":"publish","type":"page","link":"https:\/\/atauni.edu.tr\/dolerme-ve-suni-tohumlama-anabilim-dali\/anabilim-dali-tanitimi\/","title":{"rendered":"Anabilim Dal\u0131 Tan\u0131t\u0131m\u0131"},"content":{"rendered":"\t\t<div data-elementor-type=\"wp-page\" data-elementor-id=\"5728\" class=\"elementor elementor-5728\" data-elementor-post-type=\"page\">\n\t\t\t\t\t\t<section class=\"elementor-section elementor-top-section elementor-element elementor-element-730d320 elementor-section-boxed elementor-section-height-default elementor-section-height-default\" data-id=\"730d320\" data-element_type=\"section\">\n\t\t\t\t\t\t<div class=\"elementor-container elementor-column-gap-default\">\n\t\t\t\t\t<div class=\"elementor-column elementor-col-100 elementor-top-column elementor-element elementor-element-753d0860\" data-id=\"753d0860\" data-element_type=\"column\">\n\t\t\t<div class=\"elementor-widget-wrap\">\n\t\t\t\t\t\t\t<\/div>\n\t\t<\/div>\n\t\t\t\t\t<\/div>\n\t\t<\/section>\n\t\t\t\t<section class=\"elementor-section elementor-top-section elementor-element elementor-element-9be811a elementor-section-boxed elementor-section-height-default elementor-section-height-default\" data-id=\"9be811a\" data-element_type=\"section\">\n\t\t\t\t\t\t<div class=\"elementor-container elementor-column-gap-default\">\n\t\t\t\t\t<div class=\"elementor-column elementor-col-100 elementor-top-column elementor-element elementor-element-1ed847b7\" data-id=\"1ed847b7\" data-element_type=\"column\">\n\t\t\t<div class=\"elementor-widget-wrap elementor-element-populated\">\n\t\t\t\t\t\t<div class=\"elementor-element elementor-element-4ce0d07f elementor-widget elementor-widget-heading\" data-id=\"4ce0d07f\" data-element_type=\"widget\" data-widget_type=\"heading.default\">\n\t\t\t\t<div class=\"elementor-widget-container\">\n\t\t\t\t\t<h2 class=\"elementor-heading-title elementor-size-default\">D\u00f6lerme ve Suni Tohumlama Anabilim Dal\u0131 Hakk\u0131nda<\/h2>\t\t\t\t<\/div>\n\t\t\t\t<\/div>\n\t\t\t\t<div class=\"elementor-element elementor-element-63260862 elementor-widget-divider--view-line elementor-widget elementor-widget-divider\" data-id=\"63260862\" data-element_type=\"widget\" data-widget_type=\"divider.default\">\n\t\t\t\t<div class=\"elementor-widget-container\">\n\t\t\t\t\t\t\t<div class=\"elementor-divider\">\n\t\t\t<span class=\"elementor-divider-separator\">\n\t\t\t\t\t\t<\/span>\n\t\t<\/div>\n\t\t\t\t\t\t<\/div>\n\t\t\t\t<\/div>\n\t\t\t\t\t<\/div>\n\t\t<\/div>\n\t\t\t\t\t<\/div>\n\t\t<\/section>\n\t\t\t\t<section class=\"elementor-section elementor-top-section elementor-element elementor-element-681db8b elementor-section-boxed elementor-section-height-default elementor-section-height-default\" data-id=\"681db8b\" data-element_type=\"section\">\n\t\t\t\t\t\t<div class=\"elementor-container elementor-column-gap-default\">\n\t\t\t\t\t<div class=\"elementor-column elementor-col-100 elementor-top-column elementor-element elementor-element-ad4dac5\" data-id=\"ad4dac5\" data-element_type=\"column\">\n\t\t\t<div class=\"elementor-widget-wrap elementor-element-populated\">\n\t\t\t\t\t\t<div class=\"elementor-element elementor-element-2f96b3d elementor-widget elementor-widget-text-editor\" data-id=\"2f96b3d\" data-element_type=\"widget\" data-widget_type=\"text-editor.default\">\n\t\t\t\t<div class=\"elementor-widget-container\">\n\t\t\t\t\t\t\t\t\t<p>Anabilim Dal\u0131m\u0131zda bulunan \u00e7al\u0131\u015fma alanlar\u0131 ve olanaklar\u0131 a\u015fa\u011f\u0131da sunulmu\u015ftur;<\/p><p><u>Karanl\u0131k Oda Laboratuvar\u0131m\u0131zda;<\/u> Floresan mikroskobumuz mevcuttur.<\/p><p><u>\u00d6\u011frenci Laboratuvar\u0131m\u0131zda;<\/u> I\u015f\u0131k mikroskoplar\u0131m\u0131z, su banyosu, santrif\u00fcj cihaz\u0131, \u0131s\u0131tma tablas\u0131, hassas terazi, elektroejak\u00fclat\u00f6r, manuel pipetler, katater, suni tohumlama tank\u0131 gibi \u00f6\u011frenci uygulamalar\u0131 i\u00e7in t\u00fcm ekipmanlar\u0131m\u0131z mevcuttur.<\/p><p><u>Ara\u015ft\u0131rma Laboratuvar\u0131m\u0131zda;<\/u> Hayvanlardan sperma almak i\u00e7in kullan\u0131lan ekipmanlar (suni vajen, elektroejak\u00fclat\u00f6r vb.), sperman\u0131n muayenesi ve de\u011ferlendirilmesi amac\u0131yla kullan\u0131lan ekipmanlar (mikroskop, su banyosu, \u0131s\u0131tma tablas\u0131, so\u011futmal\u0131 santrif\u00fcj vb.), sperman\u0131n suland\u0131r\u0131lmas\u0131 amac\u0131yla kullan\u0131lan malzemeler, sperman\u0131n saklanmas\u0131 amac\u0131yla kullan\u0131lan malzemeler (s\u0131v\u0131 azot tank\u0131, buzdolab\u0131), suni tohumlama uygulamas\u0131nda \u00a0kullan\u0131lan ekipmanlar (s\u0131v\u0131 azot tank\u0131, goblet, kanister, suni tohumlama \u00e7antas\u0131, di\u011fer yard\u0131mc\u0131 ekipmanlar) bulunmaktad\u0131r.<\/p>\t\t\t\t\t\t\t\t<\/div>\n\t\t\t\t<\/div>\n\t\t\t\t\t<\/div>\n\t\t<\/div>\n\t\t\t\t\t<\/div>\n\t\t<\/section>\n\t\t\t\t<\/div>\n\t\t","protected":false},"excerpt":{"rendered":"<p>D\u00f6lerme ve Suni Tohumlama Anabilim Dal\u0131 Hakk\u0131nda Anabilim Dal\u0131m\u0131zda bulunan \u00e7al\u0131\u015fma alanlar\u0131 ve olanaklar\u0131 a\u015fa\u011f\u0131da sunulmu\u015ftur; Karanl\u0131k Oda Laboratuvar\u0131m\u0131zda; Floresan mikroskobumuz mevcuttur. \u00d6\u011frenci Laboratuvar\u0131m\u0131zda; I\u015f\u0131k mikroskoplar\u0131m\u0131z, su banyosu, santrif\u00fcj cihaz\u0131, \u0131s\u0131tma tablas\u0131, hassas terazi, elektroejak\u00fclat\u00f6r, manuel pipetler, katater, suni tohumlama tank\u0131 gibi \u00f6\u011frenci uygulamalar\u0131 i\u00e7in t\u00fcm ekipmanlar\u0131m\u0131z mevcuttur. Ara\u015ft\u0131rma Laboratuvar\u0131m\u0131zda; Hayvanlardan sperma almak i\u00e7in kullan\u0131lan [&hellip;]<\/p>\n","protected":false},"author":1,"featured_media":0,"parent":0,"menu_order":0,"comment_status":"closed","ping_status":"closed","template":"elementor_header_footer","meta":{"footnotes":""},"class_list":["post-5728","page","type-page","status-publish","hentry"],"_links":{"self":[{"href":"https:\/\/atauni.edu.tr\/dolerme-ve-suni-tohumlama-anabilim-dali\/wp-json\/wp\/v2\/pages\/5728","targetHints":{"allow":["GET"]}}],"collection":[{"href":"https:\/\/atauni.edu.tr\/dolerme-ve-suni-tohumlama-anabilim-dali\/wp-json\/wp\/v2\/pages"}],"about":[{"href":"https:\/\/atauni.edu.tr\/dolerme-ve-suni-tohumlama-anabilim-dali\/wp-json\/wp\/v2\/types\/page"}],"author":[{"embeddable":true,"href":"https:\/\/atauni.edu.tr\/dolerme-ve-suni-tohumlama-anabilim-dali\/wp-json\/wp\/v2\/users\/1"}],"replies":[{"embeddable":true,"href":"https:\/\/atauni.edu.tr\/dolerme-ve-suni-tohumlama-anabilim-dali\/wp-json\/wp\/v2\/comments?post=5728"}],"version-history":[{"count":12,"href":"https:\/\/atauni.edu.tr\/dolerme-ve-suni-tohumlama-anabilim-dali\/wp-json\/wp\/v2\/pages\/5728\/revisions"}],"predecessor-version":[{"id":6197,"href":"https:\/\/atauni.edu.tr\/dolerme-ve-suni-tohumlama-anabilim-dali\/wp-json\/wp\/v2\/pages\/5728\/revisions\/6197"}],"wp:attachment":[{"href":"https:\/\/atauni.edu.tr\/dolerme-ve-suni-tohumlama-anabilim-dali\/wp-json\/wp\/v2\/media?parent=5728"}],"curies":[{"name":"wp","href":"https:\/\/api.w.org\/{rel}","templated":true}]}}