{"id":5638,"date":"2021-07-13T09:49:25","date_gmt":"2021-07-13T06:49:25","guid":{"rendered":"https:\/\/portaltest.atauni.edu.tr\/bilgisayar-muhendisligi\/?page_id=5638"},"modified":"2022-03-13T21:14:14","modified_gmt":"2022-03-13T18:14:14","slug":"tarihce","status":"publish","type":"page","link":"https:\/\/atauni.edu.tr\/ebelik\/tarihce\/","title":{"rendered":"Tarih\u00e7e"},"content":{"rendered":"\t\t<div data-elementor-type=\"wp-page\" data-elementor-id=\"5638\" class=\"elementor elementor-5638\" data-elementor-post-type=\"page\">\n\t\t\t\t\t\t<section class=\"elementor-section elementor-top-section elementor-element elementor-element-730d320 elementor-section-boxed elementor-section-height-default elementor-section-height-default\" data-id=\"730d320\" data-element_type=\"section\">\n\t\t\t\t\t\t<div class=\"elementor-container elementor-column-gap-default\">\n\t\t\t\t\t<div class=\"elementor-column elementor-col-100 elementor-top-column elementor-element elementor-element-753d0860\" data-id=\"753d0860\" data-element_type=\"column\">\n\t\t\t<div class=\"elementor-widget-wrap\">\n\t\t\t\t\t\t\t<\/div>\n\t\t<\/div>\n\t\t\t\t\t<\/div>\n\t\t<\/section>\n\t\t\t\t<section class=\"elementor-section elementor-top-section elementor-element elementor-element-9be811a elementor-section-boxed elementor-section-height-default elementor-section-height-default\" data-id=\"9be811a\" data-element_type=\"section\">\n\t\t\t\t\t\t<div class=\"elementor-container elementor-column-gap-default\">\n\t\t\t\t\t<div class=\"elementor-column elementor-col-100 elementor-top-column elementor-element elementor-element-1ed847b7\" data-id=\"1ed847b7\" data-element_type=\"column\">\n\t\t\t<div class=\"elementor-widget-wrap elementor-element-populated\">\n\t\t\t\t\t\t<div class=\"elementor-element elementor-element-4ce0d07f elementor-widget elementor-widget-heading\" data-id=\"4ce0d07f\" data-element_type=\"widget\" data-widget_type=\"heading.default\">\n\t\t\t\t<div class=\"elementor-widget-container\">\n\t\t\t\t\t<h2 class=\"elementor-heading-title elementor-size-default\">Tarih\u00e7e<\/h2>\t\t\t\t<\/div>\n\t\t\t\t<\/div>\n\t\t\t\t<div class=\"elementor-element elementor-element-63260862 elementor-widget-divider--view-line elementor-widget elementor-widget-divider\" data-id=\"63260862\" data-element_type=\"widget\" data-widget_type=\"divider.default\">\n\t\t\t\t<div class=\"elementor-widget-container\">\n\t\t\t\t\t\t\t<div class=\"elementor-divider\">\n\t\t\t<span class=\"elementor-divider-separator\">\n\t\t\t\t\t\t<\/span>\n\t\t<\/div>\n\t\t\t\t\t\t<\/div>\n\t\t\t\t<\/div>\n\t\t\t\t\t<\/div>\n\t\t<\/div>\n\t\t\t\t\t<\/div>\n\t\t<\/section>\n\t\t\t\t<section class=\"elementor-section elementor-top-section elementor-element elementor-element-681db8b elementor-section-boxed elementor-section-height-default elementor-section-height-default\" data-id=\"681db8b\" data-element_type=\"section\">\n\t\t\t\t\t\t<div class=\"elementor-container elementor-column-gap-default\">\n\t\t\t\t\t<div class=\"elementor-column elementor-col-100 elementor-top-column elementor-element elementor-element-ad4dac5\" data-id=\"ad4dac5\" data-element_type=\"column\">\n\t\t\t<div class=\"elementor-widget-wrap elementor-element-populated\">\n\t\t\t\t\t\t<div class=\"elementor-element elementor-element-c110dae elementor-widget elementor-widget-text-editor\" data-id=\"c110dae\" data-element_type=\"widget\" data-widget_type=\"text-editor.default\">\n\t\t\t\t<div class=\"elementor-widget-container\">\n\t\t\t\t\t\t\t\t\t<p>Atat\u00fcrk \u00dcniversitesinde ebelik e\u011fitimi \u00a01992 y\u0131l\u0131nda Erzurum Sa\u011fl\u0131k Hizmetleri Meslek Y\u00fcksek Okulunda \u00f6n lisans d\u00fczeyinde ba\u015flam\u0131\u015ft\u0131r. 21.11.1996 tarihinde okulun e\u011fitim s\u00fcresi\u00a0 4 y\u0131la \u00e7\u0131kar\u0131larak ebelik e\u011fitimi lisans d\u00fczeyinde verilmeye ba\u015flanm\u0131\u015ft\u0131r. \u0130lgili okulun ad\u0131 da Erzurum Sa\u011fl\u0131k Y\u00fcksek Okulu olarak de\u011fi\u015ftirilmi\u015ftir. 2009 y\u0131l\u0131nda ilgili y\u00fcksekokulun t\u00fcm \u00f6\u011frencileri, akademik ve idari personeli Sa\u011fl\u0131k Bilimleri fak\u00fcltesine aktar\u0131lm\u0131\u015ft\u0131r. \u00a0Ebelik B\u00f6l\u00fcm\u00fc \u00f6\u011frencileri teorik derslerde \u00f6\u011frendikleri bilgileri \u00f6\u011fretim elemanlar\u0131 g\u00f6zetiminde \u00f6ncelikle beceri laboratuar\u0131nda daha sonra Atat\u00fcrk \u00dcniversitesi Ara\u015ft\u0131rma Hastanesinde, Sa\u011fl\u0131k Bakanl\u0131\u011f\u0131 b\u00fcnyesindeki \u015eehir hastanesinde, \u00a0toplum sa\u011fl\u0131\u011f\u0131 ve aile sa\u011fl\u0131\u011f\u0131 merkezlerinde uygulama alan\u0131na aktarmaktad\u0131rlar.<\/p>\t\t\t\t\t\t\t\t<\/div>\n\t\t\t\t<\/div>\n\t\t\t\t\t<\/div>\n\t\t<\/div>\n\t\t\t\t\t<\/div>\n\t\t<\/section>\n\t\t\t\t<\/div>\n\t\t","protected":false},"excerpt":{"rendered":"<p>Tarih\u00e7e Atat\u00fcrk \u00dcniversitesinde ebelik e\u011fitimi \u00a01992 y\u0131l\u0131nda Erzurum Sa\u011fl\u0131k Hizmetleri Meslek Y\u00fcksek Okulunda \u00f6n lisans d\u00fczeyinde ba\u015flam\u0131\u015ft\u0131r. 21.11.1996 tarihinde okulun e\u011fitim s\u00fcresi\u00a0 4 y\u0131la \u00e7\u0131kar\u0131larak ebelik e\u011fitimi lisans d\u00fczeyinde verilmeye ba\u015flanm\u0131\u015ft\u0131r. \u0130lgili okulun ad\u0131 da Erzurum Sa\u011fl\u0131k Y\u00fcksek Okulu olarak de\u011fi\u015ftirilmi\u015ftir. 2009 y\u0131l\u0131nda ilgili y\u00fcksekokulun t\u00fcm \u00f6\u011frencileri, akademik ve idari personeli Sa\u011fl\u0131k Bilimleri fak\u00fcltesine aktar\u0131lm\u0131\u015ft\u0131r. [&hellip;]<\/p>\n","protected":false},"author":1,"featured_media":0,"parent":0,"menu_order":0,"comment_status":"closed","ping_status":"closed","template":"","meta":{"footnotes":""},"class_list":["post-5638","page","type-page","status-publish","hentry"],"_links":{"self":[{"href":"https:\/\/atauni.edu.tr\/ebelik\/wp-json\/wp\/v2\/pages\/5638","targetHints":{"allow":["GET"]}}],"collection":[{"href":"https:\/\/atauni.edu.tr\/ebelik\/wp-json\/wp\/v2\/pages"}],"about":[{"href":"https:\/\/atauni.edu.tr\/ebelik\/wp-json\/wp\/v2\/types\/page"}],"author":[{"embeddable":true,"href":"https:\/\/atauni.edu.tr\/ebelik\/wp-json\/wp\/v2\/users\/1"}],"replies":[{"embeddable":true,"href":"https:\/\/atauni.edu.tr\/ebelik\/wp-json\/wp\/v2\/comments?post=5638"}],"version-history":[{"count":25,"href":"https:\/\/atauni.edu.tr\/ebelik\/wp-json\/wp\/v2\/pages\/5638\/revisions"}],"predecessor-version":[{"id":6378,"href":"https:\/\/atauni.edu.tr\/ebelik\/wp-json\/wp\/v2\/pages\/5638\/revisions\/6378"}],"wp:attachment":[{"href":"https:\/\/atauni.edu.tr\/ebelik\/wp-json\/wp\/v2\/media?parent=5638"}],"curies":[{"name":"wp","href":"https:\/\/api.w.org\/{rel}","templated":true}]}}