{"id":11544,"date":"2022-11-14T10:57:15","date_gmt":"2022-11-14T07:57:15","guid":{"rendered":"http:\/\/birimler.atauni.edu.tr\/eczacilik-fakultesi\/?page_id=11544"},"modified":"2023-05-09T09:28:30","modified_gmt":"2023-05-09T06:28:30","slug":"2022-yili-etkinlikleri-2","status":"publish","type":"page","link":"https:\/\/atauni.edu.tr\/eczacilik-fakultesi\/2022-yili-etkinlikleri-2\/","title":{"rendered":"2022 Y\u0131l\u0131 Etkinlikleri"},"content":{"rendered":"\t\t<div data-elementor-type=\"wp-page\" data-elementor-id=\"11544\" class=\"elementor elementor-11544\" data-elementor-post-type=\"page\">\n\t\t\t\t\t\t<section class=\"elementor-section elementor-top-section elementor-element elementor-element-b08a40f elementor-section-boxed elementor-section-height-default elementor-section-height-default\" data-id=\"b08a40f\" data-element_type=\"section\">\n\t\t\t\t\t\t<div class=\"elementor-container elementor-column-gap-default\">\n\t\t\t\t\t<div class=\"elementor-column elementor-col-100 elementor-top-column elementor-element elementor-element-e2ab2a6\" data-id=\"e2ab2a6\" data-element_type=\"column\">\n\t\t\t<div class=\"elementor-widget-wrap elementor-element-populated\">\n\t\t\t\t\t\t<div class=\"elementor-element elementor-element-b84d67d elementor-widget elementor-widget-text-editor\" data-id=\"b84d67d\" data-element_type=\"widget\" data-widget_type=\"text-editor.default\">\n\t\t\t\t<div class=\"elementor-widget-container\">\n\t\t\t\t\t\t\t\t\t<p><a href=\"http:\/\/birimler.atauni.edu.tr\/eczacilik-fakultesi\/oryantasyon-programi\/\">ORYANTASYON PROGRAMI<\/a><\/p>\n<p><a href=\"http:\/\/birimler.atauni.edu.tr\/eczacilik-fakultesi\/mezuniyet-balosu\/\">MEZUN\u0130YET BALOSU<\/a><\/p>\n<p><a href=\"http:\/\/birimler.atauni.edu.tr\/eczacilik-fakultesi\/patent-yolunda-birlikte\/\">PATENT YOLUNDA B\u0130RL\u0130KTE \u00dcN\u0130VERS\u0130TE \u00d6ZEL PROGRAMI<\/a><\/p>\n<p><a href=\"http:\/\/birimler.atauni.edu.tr\/eczacilik-fakultesi\/dakaf-2022\/\">DAKAF 2022<\/a><\/p>\n<p><a href=\"http:\/\/birimler.atauni.edu.tr\/eczacilik-fakultesi\/birim-toplantilari\/\">B\u0130R\u0130M TOPLANTILARI<\/a><\/p>\n<p><a href=\"http:\/\/birimler.atauni.edu.tr\/eczacilik-fakultesi\/labsis-toplantisi\/\">LABS\u0130S TOPLANTISI<\/a><\/p>\n<p><a href=\"http:\/\/birimler.atauni.edu.tr\/eczacilik-fakultesi\/arastirma-universitesi-ve-patent-interaksiyonu\/\">ARA\u015eTIRMA \u00dcN\u0130VERS\u0130TES\u0130 VE PATENT \u0130NTERAKS\u0130YONU<\/a><br><\/p>\t\t\t\t\t\t\t\t<\/div>\n\t\t\t\t<\/div>\n\t\t\t\t\t<\/div>\n\t\t<\/div>\n\t\t\t\t\t<\/div>\n\t\t<\/section>\n\t\t\t\t<\/div>\n\t\t","protected":false},"excerpt":{"rendered":"<p>ORYANTASYON PROGRAMI MEZUN\u0130YET BALOSU PATENT YOLUNDA B\u0130RL\u0130KTE \u00dcN\u0130VERS\u0130TE \u00d6ZEL PROGRAMI DAKAF 2022 B\u0130R\u0130M TOPLANTILARI LABS\u0130S TOPLANTISI ARA\u015eTIRMA \u00dcN\u0130VERS\u0130TES\u0130 VE PATENT \u0130NTERAKS\u0130YONU<\/p>\n","protected":false},"author":47,"featured_media":0,"parent":0,"menu_order":0,"comment_status":"closed","ping_status":"closed","template":"","meta":{"footnotes":""},"class_list":["post-11544","page","type-page","status-publish","hentry"],"_links":{"self":[{"href":"https:\/\/atauni.edu.tr\/eczacilik-fakultesi\/wp-json\/wp\/v2\/pages\/11544","targetHints":{"allow":["GET"]}}],"collection":[{"href":"https:\/\/atauni.edu.tr\/eczacilik-fakultesi\/wp-json\/wp\/v2\/pages"}],"about":[{"href":"https:\/\/atauni.edu.tr\/eczacilik-fakultesi\/wp-json\/wp\/v2\/types\/page"}],"author":[{"embeddable":true,"href":"https:\/\/atauni.edu.tr\/eczacilik-fakultesi\/wp-json\/wp\/v2\/users\/47"}],"replies":[{"embeddable":true,"href":"https:\/\/atauni.edu.tr\/eczacilik-fakultesi\/wp-json\/wp\/v2\/comments?post=11544"}],"version-history":[{"count":14,"href":"https:\/\/atauni.edu.tr\/eczacilik-fakultesi\/wp-json\/wp\/v2\/pages\/11544\/revisions"}],"predecessor-version":[{"id":12275,"href":"https:\/\/atauni.edu.tr\/eczacilik-fakultesi\/wp-json\/wp\/v2\/pages\/11544\/revisions\/12275"}],"wp:attachment":[{"href":"https:\/\/atauni.edu.tr\/eczacilik-fakultesi\/wp-json\/wp\/v2\/media?parent=11544"}],"curies":[{"name":"wp","href":"https:\/\/api.w.org\/{rel}","templated":true}]}}