{"id":11857,"date":"2022-11-22T14:09:46","date_gmt":"2022-11-22T11:09:46","guid":{"rendered":"http:\/\/birimler.atauni.edu.tr\/eczacilik-fakultesi\/?page_id=11857"},"modified":"2025-10-28T13:39:17","modified_gmt":"2025-10-28T10:39:17","slug":"anabilim-dallari-kriter-komisyon-uyeleri","status":"publish","type":"page","link":"https:\/\/atauni.edu.tr\/eczacilik-fakultesi\/anabilim-dallari-kriter-komisyon-uyeleri\/","title":{"rendered":"Anabilim Dallar\u0131 Kriter Komisyon \u00dcyeleri"},"content":{"rendered":"\n<figure class=\"wp-block-table\"><table><tbody><tr><td>Analitik Kimya AD<\/td><td>Prof. Dr. Y\u00fccel KADIO\u011eLU ve Prof. Dr. Bilal YILMAZ<\/td><\/tr><tr><td>Biyokimya AD<\/td><td>Prof. Dr. Mine G\u00dcLABO\u011eLU &nbsp;<\/td><\/tr><tr><td>Farmas\u00f6tik Mikrobiyoloji AD<\/td><td>Prof. Dr. Yasin BAYIR<\/td><\/tr><tr><td>Farmakognozi AD ve Farmas\u00f6tik Botanik AD<\/td><td>Prof. Dr. Z\u00fchal G\u00dcVENALP<\/td><\/tr><tr><td>Farmakoloji AD<\/td><td>Prof. Dr. Beyzag\u00fcl ERKAYMAN<\/td><\/tr><tr><td>Farmas\u00f6tik Toksikoloji AD<\/td><td>Prof. Dr. Fatma D. M\u0130LO\u011eLU<\/td><\/tr><tr><td>Farmas\u00f6tik Kimya AD<\/td><td>Prof. Dr. Halise \u0130nci G\u00dcL<\/td><\/tr><tr><td>Farmas\u00f6tik Teknoloji AD<\/td><td>Prof. Dr. Meltem \u00c7ET\u0130N<\/td><\/tr><tr><td>Eczac\u0131l\u0131k \u0130\u015fletmecili\u011fi AD<\/td><td>Do\u00e7. Dr. Elif ULUTA\u015e DEN\u0130Z<\/td><\/tr><tr><td>Klinik Eczac\u0131l\u0131k AD<\/td><td>Prof. Dr. Halise \u0130nci G\u00dcL ve Do\u00e7. Dr. R\u00fcstem An\u0131l UGAN<\/td><\/tr><\/tbody><\/table><\/figure>\n","protected":false},"excerpt":{"rendered":"<p>Analitik Kimya AD Prof. Dr. Y\u00fccel KADIO\u011eLU ve Prof. Dr. Bilal YILMAZ Biyokimya AD Prof. Dr. Mine G\u00dcLABO\u011eLU &nbsp; Farmas\u00f6tik Mikrobiyoloji AD Prof. Dr. Yasin BAYIR Farmakognozi AD ve Farmas\u00f6tik Botanik AD Prof. Dr. Z\u00fchal G\u00dcVENALP Farmakoloji AD Prof. Dr. Beyzag\u00fcl ERKAYMAN Farmas\u00f6tik Toksikoloji AD Prof. Dr. Fatma D. M\u0130LO\u011eLU Farmas\u00f6tik Kimya AD Prof. Dr. [&hellip;]<\/p>\n","protected":false},"author":47,"featured_media":0,"parent":0,"menu_order":0,"comment_status":"closed","ping_status":"closed","template":"","meta":{"footnotes":""},"class_list":["post-11857","page","type-page","status-publish","hentry"],"_links":{"self":[{"href":"https:\/\/atauni.edu.tr\/eczacilik-fakultesi\/wp-json\/wp\/v2\/pages\/11857","targetHints":{"allow":["GET"]}}],"collection":[{"href":"https:\/\/atauni.edu.tr\/eczacilik-fakultesi\/wp-json\/wp\/v2\/pages"}],"about":[{"href":"https:\/\/atauni.edu.tr\/eczacilik-fakultesi\/wp-json\/wp\/v2\/types\/page"}],"author":[{"embeddable":true,"href":"https:\/\/atauni.edu.tr\/eczacilik-fakultesi\/wp-json\/wp\/v2\/users\/47"}],"replies":[{"embeddable":true,"href":"https:\/\/atauni.edu.tr\/eczacilik-fakultesi\/wp-json\/wp\/v2\/comments?post=11857"}],"version-history":[{"count":3,"href":"https:\/\/atauni.edu.tr\/eczacilik-fakultesi\/wp-json\/wp\/v2\/pages\/11857\/revisions"}],"predecessor-version":[{"id":13975,"href":"https:\/\/atauni.edu.tr\/eczacilik-fakultesi\/wp-json\/wp\/v2\/pages\/11857\/revisions\/13975"}],"wp:attachment":[{"href":"https:\/\/atauni.edu.tr\/eczacilik-fakultesi\/wp-json\/wp\/v2\/media?parent=11857"}],"curies":[{"name":"wp","href":"https:\/\/api.w.org\/{rel}","templated":true}]}}