{"id":11859,"date":"2022-11-22T14:10:49","date_gmt":"2022-11-22T11:10:49","guid":{"rendered":"http:\/\/birimler.atauni.edu.tr\/eczacilik-fakultesi\/?page_id=11859"},"modified":"2024-08-14T20:16:31","modified_gmt":"2024-08-14T17:16:31","slug":"fakulte-kriter-komisyon-uyeleri","status":"publish","type":"page","link":"https:\/\/atauni.edu.tr\/eczacilik-fakultesi\/fakulte-kriter-komisyon-uyeleri\/","title":{"rendered":"Fak\u00fclte Kriter Komisyon \u00dcyeleri"},"content":{"rendered":"\n<figure class=\"wp-block-table\"><table><tbody><tr><td>Prof. Dr. Beyzag\u00fcl ERKAYMAN- Dekan<\/td><\/tr><tr><td>Prof. Dr. Z\u00fchal G\u00dcVENALP<\/td><\/tr><tr><td>Prof. Dr. Mine G\u00dcLABO\u011eLU<\/td><\/tr><tr><td>Prof. Dr. Meltem \u00c7ET\u0130N<\/td><\/tr><tr><td>Prof. Dr. Bilal YILMAZ<\/td><\/tr><tr><td>Prof. Dr. Yasin BAYIR<\/td><\/tr><tr><td>Prof. Dr. Nurcan K. BAYGUTALP<\/td><\/tr><\/tbody><\/table><\/figure>\n","protected":false},"excerpt":{"rendered":"<p>Prof. Dr. Beyzag\u00fcl ERKAYMAN- Dekan Prof. Dr. Z\u00fchal G\u00dcVENALP Prof. Dr. Mine G\u00dcLABO\u011eLU Prof. Dr. Meltem \u00c7ET\u0130N Prof. Dr. Bilal YILMAZ Prof. Dr. Yasin BAYIR Prof. Dr. Nurcan K. BAYGUTALP<\/p>\n","protected":false},"author":47,"featured_media":0,"parent":0,"menu_order":0,"comment_status":"closed","ping_status":"closed","template":"","meta":{"footnotes":""},"class_list":["post-11859","page","type-page","status-publish","hentry"],"_links":{"self":[{"href":"https:\/\/atauni.edu.tr\/eczacilik-fakultesi\/wp-json\/wp\/v2\/pages\/11859","targetHints":{"allow":["GET"]}}],"collection":[{"href":"https:\/\/atauni.edu.tr\/eczacilik-fakultesi\/wp-json\/wp\/v2\/pages"}],"about":[{"href":"https:\/\/atauni.edu.tr\/eczacilik-fakultesi\/wp-json\/wp\/v2\/types\/page"}],"author":[{"embeddable":true,"href":"https:\/\/atauni.edu.tr\/eczacilik-fakultesi\/wp-json\/wp\/v2\/users\/47"}],"replies":[{"embeddable":true,"href":"https:\/\/atauni.edu.tr\/eczacilik-fakultesi\/wp-json\/wp\/v2\/comments?post=11859"}],"version-history":[{"count":2,"href":"https:\/\/atauni.edu.tr\/eczacilik-fakultesi\/wp-json\/wp\/v2\/pages\/11859\/revisions"}],"predecessor-version":[{"id":13586,"href":"https:\/\/atauni.edu.tr\/eczacilik-fakultesi\/wp-json\/wp\/v2\/pages\/11859\/revisions\/13586"}],"wp:attachment":[{"href":"https:\/\/atauni.edu.tr\/eczacilik-fakultesi\/wp-json\/wp\/v2\/media?parent=11859"}],"curies":[{"name":"wp","href":"https:\/\/api.w.org\/{rel}","templated":true}]}}