{"id":11884,"date":"2022-11-22T14:27:02","date_gmt":"2022-11-22T11:27:02","guid":{"rendered":"http:\/\/birimler.atauni.edu.tr\/eczacilik-fakultesi\/?page_id=11884"},"modified":"2022-11-22T14:58:12","modified_gmt":"2022-11-22T11:58:12","slug":"arastirma-komisyonlari","status":"publish","type":"page","link":"https:\/\/atauni.edu.tr\/eczacilik-fakultesi\/arastirma-komisyonlari\/","title":{"rendered":"Ara\u015ft\u0131rma Komisyonlar\u0131"},"content":{"rendered":"\n<p><a href=\"http:\/\/birimler.atauni.edu.tr\/eczacilik-fakultesi\/fakulte-proje-gelistirme-ve-koordinasyon-komisyonu\/\">Fak\u00fclte Proje Geli\u015ftirme ve Koordinasyon Komisyonu<\/a><\/p>\n\n\n\n<p><a href=\"http:\/\/birimler.atauni.edu.tr\/eczacilik-fakultesi\/dijitallesme-komisyonu\/\">Dijitalle\u015fme Komisyonu<\/a><\/p>\n\n\n\n<p><a href=\"http:\/\/birimler.atauni.edu.tr\/eczacilik-fakultesi\/muayene-komisyonu\/\">Muayene Komisyonu<\/a><\/p>\n\n\n\n<p><a href=\"http:\/\/birimler.atauni.edu.tr\/eczacilik-fakultesi\/etkinlikleri-takip-komisyonu\/\">Etkinlikleri Takip Komisyonu<\/a><\/p>\n\n\n\n<p><a href=\"http:\/\/birimler.atauni.edu.tr\/eczacilik-fakultesi\/arastirma-isbirlikleri-gelistirme-komisyonu\/\">Ara\u015ft\u0131rma \u0130\u015fbirlikleri Geli\u015ftirme Komisyonu<\/a><\/p>\n\n\n\n<p><a href=\"http:\/\/birimler.atauni.edu.tr\/eczacilik-fakultesi\/labsis-komisyonu\/\">Labsis Komisyonu<\/a><\/p>\n\n\n\n<p><a href=\"http:\/\/birimler.atauni.edu.tr\/eczacilik-fakultesi\/is-sagligi-ve-guvenligi-kurulu\/\">\u0130\u015f Sa\u011fl\u0131\u011f\u0131 ve G\u00fcvenli\u011fi Kurul \u00dcyeleri<\/a><\/p>\n\n\n\n<p><a href=\"http:\/\/birimler.atauni.edu.tr\/eczacilik-fakultesi\/is-sagligi-ve-guvenligi-risk-degerlendirme-ekibi\/\">\u0130\u015f Sa\u011fl\u0131\u011f\u0131 ve G\u00fcvenli\u011fi Risk De\u011ferlendirme Ekibi<\/a><\/p>\n","protected":false},"excerpt":{"rendered":"<p>Fak\u00fclte Proje Geli\u015ftirme ve Koordinasyon Komisyonu Dijitalle\u015fme Komisyonu Muayene Komisyonu Etkinlikleri Takip Komisyonu Ara\u015ft\u0131rma \u0130\u015fbirlikleri Geli\u015ftirme Komisyonu Labsis Komisyonu \u0130\u015f Sa\u011fl\u0131\u011f\u0131 ve G\u00fcvenli\u011fi Kurul \u00dcyeleri \u0130\u015f Sa\u011fl\u0131\u011f\u0131 ve G\u00fcvenli\u011fi Risk De\u011ferlendirme Ekibi<\/p>\n","protected":false},"author":47,"featured_media":0,"parent":0,"menu_order":0,"comment_status":"closed","ping_status":"closed","template":"","meta":{"footnotes":""},"class_list":["post-11884","page","type-page","status-publish","hentry"],"_links":{"self":[{"href":"https:\/\/atauni.edu.tr\/eczacilik-fakultesi\/wp-json\/wp\/v2\/pages\/11884","targetHints":{"allow":["GET"]}}],"collection":[{"href":"https:\/\/atauni.edu.tr\/eczacilik-fakultesi\/wp-json\/wp\/v2\/pages"}],"about":[{"href":"https:\/\/atauni.edu.tr\/eczacilik-fakultesi\/wp-json\/wp\/v2\/types\/page"}],"author":[{"embeddable":true,"href":"https:\/\/atauni.edu.tr\/eczacilik-fakultesi\/wp-json\/wp\/v2\/users\/47"}],"replies":[{"embeddable":true,"href":"https:\/\/atauni.edu.tr\/eczacilik-fakultesi\/wp-json\/wp\/v2\/comments?post=11884"}],"version-history":[{"count":2,"href":"https:\/\/atauni.edu.tr\/eczacilik-fakultesi\/wp-json\/wp\/v2\/pages\/11884\/revisions"}],"predecessor-version":[{"id":11912,"href":"https:\/\/atauni.edu.tr\/eczacilik-fakultesi\/wp-json\/wp\/v2\/pages\/11884\/revisions\/11912"}],"wp:attachment":[{"href":"https:\/\/atauni.edu.tr\/eczacilik-fakultesi\/wp-json\/wp\/v2\/media?parent=11884"}],"curies":[{"name":"wp","href":"https:\/\/api.w.org\/{rel}","templated":true}]}}