{"id":11901,"date":"2022-11-22T14:31:01","date_gmt":"2022-11-22T11:31:01","guid":{"rendered":"http:\/\/birimler.atauni.edu.tr\/eczacilik-fakultesi\/?page_id=11901"},"modified":"2025-10-28T18:01:11","modified_gmt":"2025-10-28T15:01:11","slug":"is-sagligi-ve-guvenligi-risk-degerlendirme-ekibi","status":"publish","type":"page","link":"https:\/\/atauni.edu.tr\/eczacilik-fakultesi\/is-sagligi-ve-guvenligi-risk-degerlendirme-ekibi\/","title":{"rendered":"\u0130\u015e SA\u011eLI\u011eI VE G\u00dcVENL\u0130\u011e\u0130 R\u0130SK DE\u011eERLEND\u0130RME EK\u0130B\u0130"},"content":{"rendered":"\n<figure class=\"wp-block-table\"><table><tbody><tr><td><strong>S\u0131ra No<\/strong><\/td><td><strong>&nbsp;<\/strong> <strong>Ad\u0131 ve Soyad\u0131<\/strong><\/td><\/tr><tr><td><strong>1<\/strong><\/td><td>Prof. Dr. Nurcan KILI\u00c7 BAYGUTALP<\/td><\/tr><tr><td><strong>2<\/strong><\/td><td>Fak.Sek. Mustafa CO\u015eKUN<\/td><\/tr><tr><td><strong>3<\/strong><\/td><td>Ar\u015f. G\u00f6r. Dr. Fatma Bet\u00fcl YOLADI<\/td><\/tr><tr><td><strong>4<\/strong><\/td><td>Prof. Dr. Onur \u015eENOL\u00a0\u00a0\u00a0\u00a0\u00a0\u00a0\u00a0\u00a0\u00a0\u00a0\u00a0\u00a0\u00a0\u00a0\u00a0\u00a0\u00a0\u00a0\u00a0\u00a0\u00a0\u00a0\u00a0\u00a0\u00a0\u00a0&#8211; Ar\u015f. G\u00f6r. Dr. B\u00fc\u015fra Y\u00dcKSEL<\/td><\/tr><tr><td><strong>5<\/strong><\/td><td>Do\u00e7. Dr. Esen SEZEN KARAO\u011eLAN&nbsp;&nbsp;&nbsp; &#8211; Ar\u015f. G\u00f6r. Enes TEKMAN<\/td><\/tr><tr><td><strong>6<\/strong><\/td><td>Do\u00e7. Dr. Rukiye SEV\u0130N\u00c7 \u00d6ZAKAR<\/td><\/tr><tr><td><strong>7<\/strong><\/td><td>Do\u00e7. Dr. Mehmet KOCA&nbsp;&nbsp;&nbsp;&nbsp;&nbsp;&nbsp;&nbsp;&nbsp;&nbsp;&nbsp;&nbsp;&nbsp;&nbsp;&nbsp;&nbsp;&nbsp;&nbsp; &#8211; Ar\u015f. G\u00f6r. Dr. Amine Sena AYDIN<\/td><\/tr><tr><td><strong>8<\/strong><\/td><td>Do\u00e7. Dr. Hayrunisa HANCI<\/td><\/tr><tr><td><strong>9<\/strong><\/td><td>Do\u00e7. Dr. Hafize YUCA<\/td><\/tr><tr><td><strong>10<\/strong><\/td><td>Do\u00e7. Dr. Zerrin KUTLU<\/td><\/tr><tr><td><strong>11<\/strong><\/td><td>V.H.K.\u0130. Dursun Ali HATTATO\u011eLU <\/td><\/tr><\/tbody><\/table><\/figure>\n","protected":false},"excerpt":{"rendered":"<p>S\u0131ra No &nbsp; Ad\u0131 ve Soyad\u0131 1 Prof. Dr. Nurcan KILI\u00c7 BAYGUTALP 2 Fak.Sek. Mustafa CO\u015eKUN 3 Ar\u015f. G\u00f6r. Dr. Fatma Bet\u00fcl YOLADI 4 Prof. Dr. Onur \u015eENOL\u00a0\u00a0\u00a0\u00a0\u00a0\u00a0\u00a0\u00a0\u00a0\u00a0\u00a0\u00a0\u00a0\u00a0\u00a0\u00a0\u00a0\u00a0\u00a0\u00a0\u00a0\u00a0\u00a0\u00a0\u00a0\u00a0&#8211; Ar\u015f. G\u00f6r. Dr. B\u00fc\u015fra Y\u00dcKSEL 5 Do\u00e7. Dr. Esen SEZEN KARAO\u011eLAN&nbsp;&nbsp;&nbsp; &#8211; Ar\u015f. G\u00f6r. Enes TEKMAN 6 Do\u00e7. Dr. Rukiye SEV\u0130N\u00c7 \u00d6ZAKAR 7 Do\u00e7. Dr. Mehmet KOCA&nbsp;&nbsp;&nbsp;&nbsp;&nbsp;&nbsp;&nbsp;&nbsp;&nbsp;&nbsp;&nbsp;&nbsp;&nbsp;&nbsp;&nbsp;&nbsp;&nbsp; [&hellip;]<\/p>\n","protected":false},"author":47,"featured_media":0,"parent":0,"menu_order":0,"comment_status":"closed","ping_status":"closed","template":"","meta":{"footnotes":""},"class_list":["post-11901","page","type-page","status-publish","hentry"],"_links":{"self":[{"href":"https:\/\/atauni.edu.tr\/eczacilik-fakultesi\/wp-json\/wp\/v2\/pages\/11901","targetHints":{"allow":["GET"]}}],"collection":[{"href":"https:\/\/atauni.edu.tr\/eczacilik-fakultesi\/wp-json\/wp\/v2\/pages"}],"about":[{"href":"https:\/\/atauni.edu.tr\/eczacilik-fakultesi\/wp-json\/wp\/v2\/types\/page"}],"author":[{"embeddable":true,"href":"https:\/\/atauni.edu.tr\/eczacilik-fakultesi\/wp-json\/wp\/v2\/users\/47"}],"replies":[{"embeddable":true,"href":"https:\/\/atauni.edu.tr\/eczacilik-fakultesi\/wp-json\/wp\/v2\/comments?post=11901"}],"version-history":[{"count":6,"href":"https:\/\/atauni.edu.tr\/eczacilik-fakultesi\/wp-json\/wp\/v2\/pages\/11901\/revisions"}],"predecessor-version":[{"id":14034,"href":"https:\/\/atauni.edu.tr\/eczacilik-fakultesi\/wp-json\/wp\/v2\/pages\/11901\/revisions\/14034"}],"wp:attachment":[{"href":"https:\/\/atauni.edu.tr\/eczacilik-fakultesi\/wp-json\/wp\/v2\/media?parent=11901"}],"curies":[{"name":"wp","href":"https:\/\/api.w.org\/{rel}","templated":true}]}}