{"id":12610,"date":"2023-10-10T09:49:07","date_gmt":"2023-10-10T06:49:07","guid":{"rendered":"http:\/\/birimler.atauni.edu.tr\/eczacilik-fakultesi\/?page_id=12610"},"modified":"2023-10-10T09:49:07","modified_gmt":"2023-10-10T06:49:07","slug":"ataturk-universitesi-oryantasyon-programi","status":"publish","type":"page","link":"https:\/\/atauni.edu.tr\/eczacilik-fakultesi\/ataturk-universitesi-oryantasyon-programi\/","title":{"rendered":"Atat\u00fcrk \u00dcniversitesi Oryantasyon Program\u0131"},"content":{"rendered":"\n<p>3-5 Ekim 2023 tarihlerinde &#8221;Atat\u00fcrk \u00dcniversitesi Oryantasyon Program\u0131&#8221; yeni kay\u0131t yapt\u0131ran \u00f6\u011frencilerin orta\u00f6\u011fretimden y\u00fcksek\u00f6\u011fretim programlar\u0131na sorunsuz bir \u015fekilde ge\u00e7i\u015f yapmalar\u0131n\u0131 sa\u011flamak ve kamp\u00fcste ya\u015fam, e\u011fitim, ula\u015f\u0131m, beslenme, bar\u0131nma, sa\u011fl\u0131k, spor vb. konularda detayl\u0131 bir \u015fekilde bilgilendirilmek amac\u0131yla K\u00fclt\u00fcr Merkezi 15 Temmuz Milli \u0130rade Salonu ve Mavi Salonda bilgilendirme toplant\u0131lar\u0131 d\u00fczenlenmi\u015ftir. Eczac\u0131l\u0131k Fak\u00fcltesi&#8217; de programda yerini alarak bu bilgilendirmelere ve sosyal etkinliklere katk\u0131 sa\u011flam\u0131\u015ft\u0131r.<\/p>\n\n\n\n<figure class=\"wp-block-gallery has-nested-images columns-default is-cropped wp-block-gallery-1 is-layout-flex wp-block-gallery-is-layout-flex\">\n<figure class=\"wp-block-image size-large\"><img fetchpriority=\"high\" decoding=\"async\" width=\"1024\" height=\"768\" data-id=\"12612\" src=\"http:\/\/birimler.atauni.edu.tr\/eczacilik-fakultesi\/wp-content\/uploads\/sites\/58\/2023\/10\/WhatsApp-Image-2023-10-03-at-10.50.26-1024x768.jpeg\" alt=\"\" class=\"wp-image-12612\" srcset=\"https:\/\/atauni.edu.tr\/eczacilik-fakultesi\/wp-content\/uploads\/sites\/58\/2023\/10\/WhatsApp-Image-2023-10-03-at-10.50.26-1024x768.jpeg 1024w, https:\/\/atauni.edu.tr\/eczacilik-fakultesi\/wp-content\/uploads\/sites\/58\/2023\/10\/WhatsApp-Image-2023-10-03-at-10.50.26-300x225.jpeg 300w, https:\/\/atauni.edu.tr\/eczacilik-fakultesi\/wp-content\/uploads\/sites\/58\/2023\/10\/WhatsApp-Image-2023-10-03-at-10.50.26-768x576.jpeg 768w, https:\/\/atauni.edu.tr\/eczacilik-fakultesi\/wp-content\/uploads\/sites\/58\/2023\/10\/WhatsApp-Image-2023-10-03-at-10.50.26-1536x1152.jpeg 1536w, https:\/\/atauni.edu.tr\/eczacilik-fakultesi\/wp-content\/uploads\/sites\/58\/2023\/10\/WhatsApp-Image-2023-10-03-at-10.50.26-600x450.jpeg 600w, https:\/\/atauni.edu.tr\/eczacilik-fakultesi\/wp-content\/uploads\/sites\/58\/2023\/10\/WhatsApp-Image-2023-10-03-at-10.50.26-560x420.jpeg 560w, https:\/\/atauni.edu.tr\/eczacilik-fakultesi\/wp-content\/uploads\/sites\/58\/2023\/10\/WhatsApp-Image-2023-10-03-at-10.50.26.jpeg 1600w\" sizes=\"(max-width: 1024px) 100vw, 1024px\" \/><\/figure>\n\n\n\n<figure class=\"wp-block-image size-large\"><img decoding=\"async\" width=\"1024\" height=\"768\" data-id=\"12613\" src=\"http:\/\/birimler.atauni.edu.tr\/eczacilik-fakultesi\/wp-content\/uploads\/sites\/58\/2023\/10\/WhatsApp-Image-2023-10-03-at-10.50.31-1024x768.jpeg\" alt=\"\" class=\"wp-image-12613\" srcset=\"https:\/\/atauni.edu.tr\/eczacilik-fakultesi\/wp-content\/uploads\/sites\/58\/2023\/10\/WhatsApp-Image-2023-10-03-at-10.50.31-1024x768.jpeg 1024w, https:\/\/atauni.edu.tr\/eczacilik-fakultesi\/wp-content\/uploads\/sites\/58\/2023\/10\/WhatsApp-Image-2023-10-03-at-10.50.31-300x225.jpeg 300w, https:\/\/atauni.edu.tr\/eczacilik-fakultesi\/wp-content\/uploads\/sites\/58\/2023\/10\/WhatsApp-Image-2023-10-03-at-10.50.31-768x576.jpeg 768w, https:\/\/atauni.edu.tr\/eczacilik-fakultesi\/wp-content\/uploads\/sites\/58\/2023\/10\/WhatsApp-Image-2023-10-03-at-10.50.31-1536x1152.jpeg 1536w, https:\/\/atauni.edu.tr\/eczacilik-fakultesi\/wp-content\/uploads\/sites\/58\/2023\/10\/WhatsApp-Image-2023-10-03-at-10.50.31-600x450.jpeg 600w, https:\/\/atauni.edu.tr\/eczacilik-fakultesi\/wp-content\/uploads\/sites\/58\/2023\/10\/WhatsApp-Image-2023-10-03-at-10.50.31-560x420.jpeg 560w, https:\/\/atauni.edu.tr\/eczacilik-fakultesi\/wp-content\/uploads\/sites\/58\/2023\/10\/WhatsApp-Image-2023-10-03-at-10.50.31.jpeg 1600w\" sizes=\"(max-width: 1024px) 100vw, 1024px\" \/><\/figure>\n\n\n\n<figure class=\"wp-block-image size-large\"><img decoding=\"async\" width=\"1024\" height=\"472\" data-id=\"12611\" src=\"http:\/\/birimler.atauni.edu.tr\/eczacilik-fakultesi\/wp-content\/uploads\/sites\/58\/2023\/10\/WhatsApp-Image-2023-10-03-at-16.06.34-1024x472.jpeg\" alt=\"\" class=\"wp-image-12611\" srcset=\"https:\/\/atauni.edu.tr\/eczacilik-fakultesi\/wp-content\/uploads\/sites\/58\/2023\/10\/WhatsApp-Image-2023-10-03-at-16.06.34-1024x472.jpeg 1024w, https:\/\/atauni.edu.tr\/eczacilik-fakultesi\/wp-content\/uploads\/sites\/58\/2023\/10\/WhatsApp-Image-2023-10-03-at-16.06.34-300x138.jpeg 300w, https:\/\/atauni.edu.tr\/eczacilik-fakultesi\/wp-content\/uploads\/sites\/58\/2023\/10\/WhatsApp-Image-2023-10-03-at-16.06.34-768x354.jpeg 768w, https:\/\/atauni.edu.tr\/eczacilik-fakultesi\/wp-content\/uploads\/sites\/58\/2023\/10\/WhatsApp-Image-2023-10-03-at-16.06.34-1536x708.jpeg 1536w, https:\/\/atauni.edu.tr\/eczacilik-fakultesi\/wp-content\/uploads\/sites\/58\/2023\/10\/WhatsApp-Image-2023-10-03-at-16.06.34-600x276.jpeg 600w, https:\/\/atauni.edu.tr\/eczacilik-fakultesi\/wp-content\/uploads\/sites\/58\/2023\/10\/WhatsApp-Image-2023-10-03-at-16.06.34-560x258.jpeg 560w, https:\/\/atauni.edu.tr\/eczacilik-fakultesi\/wp-content\/uploads\/sites\/58\/2023\/10\/WhatsApp-Image-2023-10-03-at-16.06.34.jpeg 1600w\" sizes=\"(max-width: 1024px) 100vw, 1024px\" \/><\/figure>\n<\/figure>\n","protected":false},"excerpt":{"rendered":"<p>3-5 Ekim 2023 tarihlerinde &#8221;Atat\u00fcrk \u00dcniversitesi Oryantasyon Program\u0131&#8221; yeni kay\u0131t yapt\u0131ran \u00f6\u011frencilerin orta\u00f6\u011fretimden y\u00fcksek\u00f6\u011fretim programlar\u0131na sorunsuz bir \u015fekilde ge\u00e7i\u015f yapmalar\u0131n\u0131 sa\u011flamak ve kamp\u00fcste ya\u015fam, e\u011fitim, ula\u015f\u0131m, beslenme, bar\u0131nma, sa\u011fl\u0131k, spor vb. konularda detayl\u0131 bir \u015fekilde bilgilendirilmek amac\u0131yla K\u00fclt\u00fcr Merkezi 15 Temmuz Milli \u0130rade Salonu ve Mavi Salonda bilgilendirme toplant\u0131lar\u0131 d\u00fczenlenmi\u015ftir. Eczac\u0131l\u0131k Fak\u00fcltesi&#8217; de programda yerini [&hellip;]<\/p>\n","protected":false},"author":47,"featured_media":0,"parent":0,"menu_order":0,"comment_status":"closed","ping_status":"closed","template":"","meta":{"footnotes":""},"class_list":["post-12610","page","type-page","status-publish","hentry"],"_links":{"self":[{"href":"https:\/\/atauni.edu.tr\/eczacilik-fakultesi\/wp-json\/wp\/v2\/pages\/12610","targetHints":{"allow":["GET"]}}],"collection":[{"href":"https:\/\/atauni.edu.tr\/eczacilik-fakultesi\/wp-json\/wp\/v2\/pages"}],"about":[{"href":"https:\/\/atauni.edu.tr\/eczacilik-fakultesi\/wp-json\/wp\/v2\/types\/page"}],"author":[{"embeddable":true,"href":"https:\/\/atauni.edu.tr\/eczacilik-fakultesi\/wp-json\/wp\/v2\/users\/47"}],"replies":[{"embeddable":true,"href":"https:\/\/atauni.edu.tr\/eczacilik-fakultesi\/wp-json\/wp\/v2\/comments?post=12610"}],"version-history":[{"count":1,"href":"https:\/\/atauni.edu.tr\/eczacilik-fakultesi\/wp-json\/wp\/v2\/pages\/12610\/revisions"}],"predecessor-version":[{"id":12614,"href":"https:\/\/atauni.edu.tr\/eczacilik-fakultesi\/wp-json\/wp\/v2\/pages\/12610\/revisions\/12614"}],"wp:attachment":[{"href":"https:\/\/atauni.edu.tr\/eczacilik-fakultesi\/wp-json\/wp\/v2\/media?parent=12610"}],"curies":[{"name":"wp","href":"https:\/\/api.w.org\/{rel}","templated":true}]}}