{"id":12634,"date":"2023-10-10T14:56:50","date_gmt":"2023-10-10T11:56:50","guid":{"rendered":"http:\/\/birimler.atauni.edu.tr\/eczacilik-fakultesi\/?page_id=12634"},"modified":"2023-10-10T14:56:50","modified_gmt":"2023-10-10T11:56:50","slug":"eczacilik-fakultesi-oryantasyon-programi","status":"publish","type":"page","link":"https:\/\/atauni.edu.tr\/eczacilik-fakultesi\/eczacilik-fakultesi-oryantasyon-programi\/","title":{"rendered":"Eczac\u0131l\u0131k Fak\u00fcltesi Oryantasyon Program\u0131"},"content":{"rendered":"\n<p>2023-2024 E\u011fitim-\u00d6\u011fretim y\u0131l\u0131nda fak\u00fcltemizi kazanan birinci s\u0131n\u0131f \u00f6\u011frencileri i\u00e7in 09.10.2023 tarihinde Atat\u00fcrk \u00dcniversite Rekt\u00f6rl\u00fck Mavi Salon&#8217;da fak\u00fclte , akademik kadro, \u00f6\u011frenci kul\u00fcpleri tan\u0131t\u0131m\u0131 ve oryantasyon program\u0131 yap\u0131lm\u0131\u015ft\u0131r.<\/p>\n\n\n\n<figure class=\"wp-block-gallery has-nested-images columns-default is-cropped wp-block-gallery-1 is-layout-flex wp-block-gallery-is-layout-flex\">\n<figure class=\"wp-block-image size-large\"><img fetchpriority=\"high\" decoding=\"async\" width=\"768\" height=\"1024\" data-id=\"12635\" src=\"http:\/\/birimler.atauni.edu.tr\/eczacilik-fakultesi\/wp-content\/uploads\/sites\/58\/2023\/10\/WhatsApp-Image-2023-10-10-at-11.55.45-1-768x1024.jpeg\" alt=\"\" class=\"wp-image-12635\" srcset=\"https:\/\/atauni.edu.tr\/eczacilik-fakultesi\/wp-content\/uploads\/sites\/58\/2023\/10\/WhatsApp-Image-2023-10-10-at-11.55.45-1-768x1024.jpeg 768w, https:\/\/atauni.edu.tr\/eczacilik-fakultesi\/wp-content\/uploads\/sites\/58\/2023\/10\/WhatsApp-Image-2023-10-10-at-11.55.45-1-225x300.jpeg 225w, https:\/\/atauni.edu.tr\/eczacilik-fakultesi\/wp-content\/uploads\/sites\/58\/2023\/10\/WhatsApp-Image-2023-10-10-at-11.55.45-1-1152x1536.jpeg 1152w, https:\/\/atauni.edu.tr\/eczacilik-fakultesi\/wp-content\/uploads\/sites\/58\/2023\/10\/WhatsApp-Image-2023-10-10-at-11.55.45-1-450x600.jpeg 450w, https:\/\/atauni.edu.tr\/eczacilik-fakultesi\/wp-content\/uploads\/sites\/58\/2023\/10\/WhatsApp-Image-2023-10-10-at-11.55.45-1-420x560.jpeg 420w, https:\/\/atauni.edu.tr\/eczacilik-fakultesi\/wp-content\/uploads\/sites\/58\/2023\/10\/WhatsApp-Image-2023-10-10-at-11.55.45-1.jpeg 1536w\" sizes=\"(max-width: 768px) 100vw, 768px\" \/><\/figure>\n\n\n\n<figure class=\"wp-block-image size-large\"><img decoding=\"async\" width=\"804\" height=\"1024\" data-id=\"12636\" src=\"http:\/\/birimler.atauni.edu.tr\/eczacilik-fakultesi\/wp-content\/uploads\/sites\/58\/2023\/10\/WhatsApp-Image-2023-10-10-at-11.55.45-2-804x1024.jpeg\" alt=\"\" class=\"wp-image-12636\" srcset=\"https:\/\/atauni.edu.tr\/eczacilik-fakultesi\/wp-content\/uploads\/sites\/58\/2023\/10\/WhatsApp-Image-2023-10-10-at-11.55.45-2-804x1024.jpeg 804w, https:\/\/atauni.edu.tr\/eczacilik-fakultesi\/wp-content\/uploads\/sites\/58\/2023\/10\/WhatsApp-Image-2023-10-10-at-11.55.45-2-236x300.jpeg 236w, https:\/\/atauni.edu.tr\/eczacilik-fakultesi\/wp-content\/uploads\/sites\/58\/2023\/10\/WhatsApp-Image-2023-10-10-at-11.55.45-2-768x978.jpeg 768w, https:\/\/atauni.edu.tr\/eczacilik-fakultesi\/wp-content\/uploads\/sites\/58\/2023\/10\/WhatsApp-Image-2023-10-10-at-11.55.45-2-471x600.jpeg 471w, https:\/\/atauni.edu.tr\/eczacilik-fakultesi\/wp-content\/uploads\/sites\/58\/2023\/10\/WhatsApp-Image-2023-10-10-at-11.55.45-2-440x560.jpeg 440w, https:\/\/atauni.edu.tr\/eczacilik-fakultesi\/wp-content\/uploads\/sites\/58\/2023\/10\/WhatsApp-Image-2023-10-10-at-11.55.45-2.jpeg 946w\" sizes=\"(max-width: 804px) 100vw, 804px\" \/><\/figure>\n\n\n\n<figure class=\"wp-block-image size-large\"><img decoding=\"async\" width=\"768\" height=\"1024\" data-id=\"12637\" src=\"http:\/\/birimler.atauni.edu.tr\/eczacilik-fakultesi\/wp-content\/uploads\/sites\/58\/2023\/10\/WhatsApp-Image-2023-10-10-at-11.55.45-768x1024.jpeg\" alt=\"\" class=\"wp-image-12637\" srcset=\"https:\/\/atauni.edu.tr\/eczacilik-fakultesi\/wp-content\/uploads\/sites\/58\/2023\/10\/WhatsApp-Image-2023-10-10-at-11.55.45-768x1024.jpeg 768w, https:\/\/atauni.edu.tr\/eczacilik-fakultesi\/wp-content\/uploads\/sites\/58\/2023\/10\/WhatsApp-Image-2023-10-10-at-11.55.45-225x300.jpeg 225w, https:\/\/atauni.edu.tr\/eczacilik-fakultesi\/wp-content\/uploads\/sites\/58\/2023\/10\/WhatsApp-Image-2023-10-10-at-11.55.45-1152x1536.jpeg 1152w, https:\/\/atauni.edu.tr\/eczacilik-fakultesi\/wp-content\/uploads\/sites\/58\/2023\/10\/WhatsApp-Image-2023-10-10-at-11.55.45-450x600.jpeg 450w, https:\/\/atauni.edu.tr\/eczacilik-fakultesi\/wp-content\/uploads\/sites\/58\/2023\/10\/WhatsApp-Image-2023-10-10-at-11.55.45-420x560.jpeg 420w, https:\/\/atauni.edu.tr\/eczacilik-fakultesi\/wp-content\/uploads\/sites\/58\/2023\/10\/WhatsApp-Image-2023-10-10-at-11.55.45.jpeg 1536w\" sizes=\"(max-width: 768px) 100vw, 768px\" \/><\/figure>\n\n\n\n<figure class=\"wp-block-image size-large\"><img loading=\"lazy\" decoding=\"async\" width=\"768\" height=\"1024\" data-id=\"12638\" src=\"http:\/\/birimler.atauni.edu.tr\/eczacilik-fakultesi\/wp-content\/uploads\/sites\/58\/2023\/10\/WhatsApp-Image-2023-10-10-at-11.55.46-1-768x1024.jpeg\" alt=\"\" class=\"wp-image-12638\" srcset=\"https:\/\/atauni.edu.tr\/eczacilik-fakultesi\/wp-content\/uploads\/sites\/58\/2023\/10\/WhatsApp-Image-2023-10-10-at-11.55.46-1-768x1024.jpeg 768w, https:\/\/atauni.edu.tr\/eczacilik-fakultesi\/wp-content\/uploads\/sites\/58\/2023\/10\/WhatsApp-Image-2023-10-10-at-11.55.46-1-225x300.jpeg 225w, https:\/\/atauni.edu.tr\/eczacilik-fakultesi\/wp-content\/uploads\/sites\/58\/2023\/10\/WhatsApp-Image-2023-10-10-at-11.55.46-1-1152x1536.jpeg 1152w, https:\/\/atauni.edu.tr\/eczacilik-fakultesi\/wp-content\/uploads\/sites\/58\/2023\/10\/WhatsApp-Image-2023-10-10-at-11.55.46-1-450x600.jpeg 450w, https:\/\/atauni.edu.tr\/eczacilik-fakultesi\/wp-content\/uploads\/sites\/58\/2023\/10\/WhatsApp-Image-2023-10-10-at-11.55.46-1-420x560.jpeg 420w, https:\/\/atauni.edu.tr\/eczacilik-fakultesi\/wp-content\/uploads\/sites\/58\/2023\/10\/WhatsApp-Image-2023-10-10-at-11.55.46-1.jpeg 1536w\" sizes=\"(max-width: 768px) 100vw, 768px\" \/><\/figure>\n\n\n\n<figure class=\"wp-block-image size-large\"><img loading=\"lazy\" decoding=\"async\" width=\"768\" height=\"1024\" data-id=\"12639\" src=\"http:\/\/birimler.atauni.edu.tr\/eczacilik-fakultesi\/wp-content\/uploads\/sites\/58\/2023\/10\/WhatsApp-Image-2023-10-10-at-11.55.46-768x1024.jpeg\" alt=\"\" class=\"wp-image-12639\" srcset=\"https:\/\/atauni.edu.tr\/eczacilik-fakultesi\/wp-content\/uploads\/sites\/58\/2023\/10\/WhatsApp-Image-2023-10-10-at-11.55.46-768x1024.jpeg 768w, https:\/\/atauni.edu.tr\/eczacilik-fakultesi\/wp-content\/uploads\/sites\/58\/2023\/10\/WhatsApp-Image-2023-10-10-at-11.55.46-225x300.jpeg 225w, https:\/\/atauni.edu.tr\/eczacilik-fakultesi\/wp-content\/uploads\/sites\/58\/2023\/10\/WhatsApp-Image-2023-10-10-at-11.55.46-1152x1536.jpeg 1152w, https:\/\/atauni.edu.tr\/eczacilik-fakultesi\/wp-content\/uploads\/sites\/58\/2023\/10\/WhatsApp-Image-2023-10-10-at-11.55.46-450x600.jpeg 450w, https:\/\/atauni.edu.tr\/eczacilik-fakultesi\/wp-content\/uploads\/sites\/58\/2023\/10\/WhatsApp-Image-2023-10-10-at-11.55.46-420x560.jpeg 420w, https:\/\/atauni.edu.tr\/eczacilik-fakultesi\/wp-content\/uploads\/sites\/58\/2023\/10\/WhatsApp-Image-2023-10-10-at-11.55.46.jpeg 1536w\" sizes=\"(max-width: 768px) 100vw, 768px\" \/><\/figure>\n<\/figure>\n","protected":false},"excerpt":{"rendered":"<p>2023-2024 E\u011fitim-\u00d6\u011fretim y\u0131l\u0131nda fak\u00fcltemizi kazanan birinci s\u0131n\u0131f \u00f6\u011frencileri i\u00e7in 09.10.2023 tarihinde Atat\u00fcrk \u00dcniversite Rekt\u00f6rl\u00fck Mavi Salon&#8217;da fak\u00fclte , akademik kadro, \u00f6\u011frenci kul\u00fcpleri tan\u0131t\u0131m\u0131 ve oryantasyon program\u0131 yap\u0131lm\u0131\u015ft\u0131r.<\/p>\n","protected":false},"author":47,"featured_media":0,"parent":0,"menu_order":0,"comment_status":"closed","ping_status":"closed","template":"","meta":{"footnotes":""},"class_list":["post-12634","page","type-page","status-publish","hentry"],"_links":{"self":[{"href":"https:\/\/atauni.edu.tr\/eczacilik-fakultesi\/wp-json\/wp\/v2\/pages\/12634","targetHints":{"allow":["GET"]}}],"collection":[{"href":"https:\/\/atauni.edu.tr\/eczacilik-fakultesi\/wp-json\/wp\/v2\/pages"}],"about":[{"href":"https:\/\/atauni.edu.tr\/eczacilik-fakultesi\/wp-json\/wp\/v2\/types\/page"}],"author":[{"embeddable":true,"href":"https:\/\/atauni.edu.tr\/eczacilik-fakultesi\/wp-json\/wp\/v2\/users\/47"}],"replies":[{"embeddable":true,"href":"https:\/\/atauni.edu.tr\/eczacilik-fakultesi\/wp-json\/wp\/v2\/comments?post=12634"}],"version-history":[{"count":1,"href":"https:\/\/atauni.edu.tr\/eczacilik-fakultesi\/wp-json\/wp\/v2\/pages\/12634\/revisions"}],"predecessor-version":[{"id":12640,"href":"https:\/\/atauni.edu.tr\/eczacilik-fakultesi\/wp-json\/wp\/v2\/pages\/12634\/revisions\/12640"}],"wp:attachment":[{"href":"https:\/\/atauni.edu.tr\/eczacilik-fakultesi\/wp-json\/wp\/v2\/media?parent=12634"}],"curies":[{"name":"wp","href":"https:\/\/api.w.org\/{rel}","templated":true}]}}