{"id":13212,"date":"2024-07-30T11:58:21","date_gmt":"2024-07-30T08:58:21","guid":{"rendered":"https:\/\/birimler.atauni.edu.tr\/eczacilik-fakultesi\/?page_id=13212"},"modified":"2024-07-30T12:25:03","modified_gmt":"2024-07-30T09:25:03","slug":"idari-personel-anketleri","status":"publish","type":"page","link":"https:\/\/atauni.edu.tr\/eczacilik-fakultesi\/idari-personel-anketleri\/","title":{"rendered":"\u0130dari Personel Anketleri"},"content":{"rendered":"\t\t<div data-elementor-type=\"wp-page\" data-elementor-id=\"13212\" class=\"elementor elementor-13212\" data-elementor-post-type=\"page\">\n\t\t\t\t\t\t<section class=\"elementor-section elementor-top-section elementor-element elementor-element-c59e96f elementor-section-boxed elementor-section-height-default elementor-section-height-default\" data-id=\"c59e96f\" data-element_type=\"section\">\n\t\t\t\t\t\t<div class=\"elementor-container elementor-column-gap-default\">\n\t\t\t\t\t<div class=\"elementor-column elementor-col-100 elementor-top-column elementor-element elementor-element-085d949\" data-id=\"085d949\" data-element_type=\"column\">\n\t\t\t<div class=\"elementor-widget-wrap elementor-element-populated\">\n\t\t\t\t\t\t<div class=\"elementor-element elementor-element-e70d1d8 elementor-widget elementor-widget-text-editor\" data-id=\"e70d1d8\" data-element_type=\"widget\" data-widget_type=\"text-editor.default\">\n\t\t\t\t<div class=\"elementor-widget-container\">\n\t\t\t\t\t\t\t\t\t<p><a href=\"http:\/\/birimler.atauni.edu.tr\/eczacilik-fakultesi\/wp-content\/uploads\/sites\/58\/2020\/07\/Anket_335966_Eczacilik-Fakultesi_idari_Personel_Memnuniyet_Anketi_2020-2021_Bahar_Yaryl.pdf\">Eczac\u0131l\u0131k Fak\u00fcltesi \u0130dari Personel Memnuniyet Anketi 2020-2021 Bahar Yar\u0131y\u0131l<\/a><\/p>\n<p><a href=\"http:\/\/birimler.atauni.edu.tr\/eczacilik-fakultesi\/wp-content\/uploads\/sites\/58\/2020\/07\/Anket_376372_ECZACILIK-FAKULTESI_dari_Personel_Memnuniyet_Anketi_2023-2024_Guz_Dnemi.pdf\">Eczac\u0131l\u0131k Fak\u00fcltesi \u0130dari Personel Memnuniyet Anketi 2023-2024 G\u00fcz D\u00f6nemi<br><\/a><\/p>\n<p><a href=\"http:\/\/birimler.atauni.edu.tr\/eczacilik-fakultesi\/wp-content\/uploads\/sites\/58\/2020\/07\/Anket_892521_Eczacilik-Fakultesi_Idari_Personel_Memnuniyet_Anketi_2021-2022_Guz_Dnemi.pdf\">Eczac\u0131l\u0131k Fak\u00fcltesi \u0130dari Personel Memnuniyet Anketi 2021-2022 G\u00fcz D\u00f6nemi<br><\/a><\/p>\n<p><a href=\"http:\/\/birimler.atauni.edu.tr\/eczacilik-fakultesi\/wp-content\/uploads\/sites\/58\/2020\/07\/Anket_996242_Eczacilik-Fakultesi_Idari_Personel_Memnuniyet_Anketi_2022-2023_Guz_Dnemi.pdf\">Eczac\u0131l\u0131k Fak\u00fcltesi \u0130dari Personel Memnuniyet Anketi 2022-2023 G\u00fcz D\u00f6nemi<\/a><br><\/p>\t\t\t\t\t\t\t\t<\/div>\n\t\t\t\t<\/div>\n\t\t\t\t\t<\/div>\n\t\t<\/div>\n\t\t\t\t\t<\/div>\n\t\t<\/section>\n\t\t\t\t<\/div>\n\t\t","protected":false},"excerpt":{"rendered":"<p>Eczac\u0131l\u0131k Fak\u00fcltesi \u0130dari Personel Memnuniyet Anketi 2020-2021 Bahar Yar\u0131y\u0131l Eczac\u0131l\u0131k Fak\u00fcltesi \u0130dari Personel Memnuniyet Anketi 2023-2024 G\u00fcz D\u00f6nemi Eczac\u0131l\u0131k Fak\u00fcltesi \u0130dari Personel Memnuniyet Anketi 2021-2022 G\u00fcz D\u00f6nemi Eczac\u0131l\u0131k Fak\u00fcltesi \u0130dari Personel Memnuniyet Anketi 2022-2023 G\u00fcz D\u00f6nemi<\/p>\n","protected":false},"author":47,"featured_media":0,"parent":0,"menu_order":0,"comment_status":"closed","ping_status":"closed","template":"","meta":{"footnotes":""},"class_list":["post-13212","page","type-page","status-publish","hentry"],"_links":{"self":[{"href":"https:\/\/atauni.edu.tr\/eczacilik-fakultesi\/wp-json\/wp\/v2\/pages\/13212","targetHints":{"allow":["GET"]}}],"collection":[{"href":"https:\/\/atauni.edu.tr\/eczacilik-fakultesi\/wp-json\/wp\/v2\/pages"}],"about":[{"href":"https:\/\/atauni.edu.tr\/eczacilik-fakultesi\/wp-json\/wp\/v2\/types\/page"}],"author":[{"embeddable":true,"href":"https:\/\/atauni.edu.tr\/eczacilik-fakultesi\/wp-json\/wp\/v2\/users\/47"}],"replies":[{"embeddable":true,"href":"https:\/\/atauni.edu.tr\/eczacilik-fakultesi\/wp-json\/wp\/v2\/comments?post=13212"}],"version-history":[{"count":5,"href":"https:\/\/atauni.edu.tr\/eczacilik-fakultesi\/wp-json\/wp\/v2\/pages\/13212\/revisions"}],"predecessor-version":[{"id":13249,"href":"https:\/\/atauni.edu.tr\/eczacilik-fakultesi\/wp-json\/wp\/v2\/pages\/13212\/revisions\/13249"}],"wp:attachment":[{"href":"https:\/\/atauni.edu.tr\/eczacilik-fakultesi\/wp-json\/wp\/v2\/media?parent=13212"}],"curies":[{"name":"wp","href":"https:\/\/api.w.org\/{rel}","templated":true}]}}