{"id":5691,"date":"2021-07-13T10:56:29","date_gmt":"2021-07-13T07:56:29","guid":{"rendered":"https:\/\/portaltest.atauni.edu.tr\/muhendislik-fakultesi\/?page_id=5691"},"modified":"2024-11-24T12:51:43","modified_gmt":"2024-11-24T09:51:43","slug":"yonetim-kurulu","status":"publish","type":"page","link":"https:\/\/atauni.edu.tr\/eczacilik-fakultesi\/yonetim-kurulu\/","title":{"rendered":"Y\u00f6netim Kurulu"},"content":{"rendered":"\t\t<div data-elementor-type=\"wp-page\" data-elementor-id=\"5691\" class=\"elementor elementor-5691\" data-elementor-post-type=\"page\">\n\t\t\t\t\t\t<section class=\"elementor-section elementor-top-section elementor-element elementor-element-46c2cb5d elementor-section-boxed elementor-section-height-default elementor-section-height-default\" data-id=\"46c2cb5d\" data-element_type=\"section\">\n\t\t\t\t\t\t<div class=\"elementor-container elementor-column-gap-default\">\n\t\t\t\t\t<div class=\"elementor-column elementor-col-100 elementor-top-column elementor-element elementor-element-299813e7\" data-id=\"299813e7\" data-element_type=\"column\">\n\t\t\t<div class=\"elementor-widget-wrap elementor-element-populated\">\n\t\t\t\t\t\t<div class=\"elementor-element elementor-element-3ec495a9 elementor-widget elementor-widget-heading\" data-id=\"3ec495a9\" data-element_type=\"widget\" data-widget_type=\"heading.default\">\n\t\t\t\t<div class=\"elementor-widget-container\">\n\t\t\t\t\t<h2 class=\"elementor-heading-title elementor-size-default\">Y\u00f6netim Kurulu<\/h2>\t\t\t\t<\/div>\n\t\t\t\t<\/div>\n\t\t\t\t<div class=\"elementor-element elementor-element-2092e3b3 elementor-widget-divider--view-line elementor-widget elementor-widget-divider\" data-id=\"2092e3b3\" data-element_type=\"widget\" data-widget_type=\"divider.default\">\n\t\t\t\t<div class=\"elementor-widget-container\">\n\t\t\t\t\t\t\t<div class=\"elementor-divider\">\n\t\t\t<span class=\"elementor-divider-separator\">\n\t\t\t\t\t\t<\/span>\n\t\t<\/div>\n\t\t\t\t\t\t<\/div>\n\t\t\t\t<\/div>\n\t\t\t\t\t<\/div>\n\t\t<\/div>\n\t\t\t\t\t<\/div>\n\t\t<\/section>\n\t\t\t\t<section class=\"elementor-section elementor-top-section elementor-element elementor-element-e5dfdc3 elementor-section-boxed elementor-section-height-default elementor-section-height-default\" data-id=\"e5dfdc3\" data-element_type=\"section\">\n\t\t\t\t\t\t<div class=\"elementor-container elementor-column-gap-default\">\n\t\t\t\t\t<div class=\"elementor-column elementor-col-100 elementor-top-column elementor-element elementor-element-0e7cb33\" data-id=\"0e7cb33\" data-element_type=\"column\">\n\t\t\t<div class=\"elementor-widget-wrap\">\n\t\t\t\t\t\t\t<\/div>\n\t\t<\/div>\n\t\t\t\t\t<\/div>\n\t\t<\/section>\n\t\t\t\t<section class=\"elementor-section elementor-top-section elementor-element elementor-element-325c9bd elementor-section-boxed elementor-section-height-default elementor-section-height-default\" data-id=\"325c9bd\" data-element_type=\"section\">\n\t\t\t\t\t\t<div class=\"elementor-container elementor-column-gap-default\">\n\t\t\t\t\t<div class=\"elementor-column elementor-col-100 elementor-top-column elementor-element elementor-element-f371b81\" data-id=\"f371b81\" data-element_type=\"column\">\n\t\t\t<div class=\"elementor-widget-wrap elementor-element-populated\">\n\t\t\t\t\t\t<div class=\"elementor-element elementor-element-b134968 elementor-widget elementor-widget-text-editor\" data-id=\"b134968\" data-element_type=\"widget\" data-widget_type=\"text-editor.default\">\n\t\t\t\t<div class=\"elementor-widget-container\">\n\t\t\t\t\t\t\t\t\t<table class=\"MsoNormalTable\" style=\"margin-left: 5.25pt;margin-right: 5.25pt;border: initial none initial\" border=\"1\" cellspacing=\"0\" cellpadding=\"0\" align=\"left\">\n<tbody>\n<tr>\n<td style=\"width: 225pt;border-width: 1pt;border-color: windowtext;padding: 0cm 5.4pt\" valign=\"top\" width=\"375\">\n<p class=\"MsoNormal\" style=\"text-align: justify;line-height: 150%\"><b><span style=\"font-size: 10.0pt;line-height: 150%;font-family: 'Times New Roman',serif\">Prof. Dr. &nbsp;Beyzag\u00fcl ERKAYMAN (Dekan)<\/span><\/b><\/p>\n<\/td>\n<\/tr>\n<tr>\n<td style=\"width: 225pt;border-right-width: 1pt;border-bottom-width: 1pt;border-left-width: 1pt;border-right-color: windowtext;border-bottom-color: windowtext;border-left-color: windowtext;border-top: none;padding: 0cm 5.4pt\" valign=\"top\" width=\"375\">\n<p class=\"MsoNormal\" style=\"text-align: justify;line-height: 150%\"><b><span style=\"font-size: 10.0pt;line-height: 150%;font-family: 'Times New Roman',serif\">Prof. Dr. Meltem \u00c7ET\u0130N<\/span><\/b><\/p>\n<\/td>\n<\/tr>\n<tr style=\"height: 8.3pt\">\n<td style=\"width: 225pt;border-right-width: 1pt;border-bottom-width: 1pt;border-left-width: 1pt;border-right-color: windowtext;border-bottom-color: windowtext;border-left-color: windowtext;border-top: none;padding: 0cm 5.4pt;height: 8.3pt\" valign=\"top\" width=\"375\">\n<p class=\"MsoNormal\" style=\"text-align: justify;line-height: 150%\"><b><span style=\"font-size: 10.0pt;line-height: 150%;font-family: 'Times New Roman',serif\">Prof. Dr. Z\u00fchal G\u00dcVENALP<\/span><\/b><\/p>\n<\/td>\n<\/tr>\n<tr style=\"height: 19.4pt\">\n<td style=\"width: 225pt;border-right-width: 1pt;border-bottom-width: 1pt;border-left-width: 1pt;border-right-color: windowtext;border-bottom-color: windowtext;border-left-color: windowtext;border-top: none;padding: 0cm 5.4pt;height: 19.4pt\" valign=\"top\" width=\"375\">\n<p class=\"MsoNormal\" style=\"text-align: justify;line-height: 150%\"><b><span style=\"font-size: 10.0pt;line-height: 150%;font-family: 'Times New Roman',serif\">Prof. Dr. Nurcan KILI\u00c7 BAYGUTALP<\/span><\/b><\/p>\n<\/td>\n<\/tr>\n<tr>\n<td style=\"width: 225pt;border-right-width: 1pt;border-bottom-width: 1pt;border-left-width: 1pt;border-right-color: windowtext;border-bottom-color: windowtext;border-left-color: windowtext;border-top: none;padding: 0cm 5.4pt\" valign=\"top\" width=\"375\">\n<p class=\"MsoNormal\" style=\"text-align: justify;line-height: 150%\"><b><span style=\"font-size: 10.0pt;line-height: 150%;font-family: 'Times New Roman',serif\">Do\u00e7. Dr. Irmak FERAH OKKAY<\/span><\/b><\/p>\n<\/td>\n<\/tr>\n<tr style=\"height: 3.5pt\">\n<td style=\"width: 225pt;border-right-width: 1pt;border-bottom-width: 1pt;border-left-width: 1pt;border-right-color: windowtext;border-bottom-color: windowtext;border-left-color: windowtext;border-top: none;padding: 0cm 5.4pt;height: 3.5pt\" valign=\"top\" width=\"375\">\n<p class=\"MsoNormal\" style=\"text-align: justify;line-height: 150%\"><b><span style=\"font-size: 10.0pt;line-height: 150%;font-family: 'Times New Roman',serif\">Do\u00e7. Dr. R\u00fcstem An\u0131l U\u011eAN (Dekan Yard\u0131mc\u0131s\u0131)<\/span><\/b><\/p>\n<\/td>\n<\/tr>\n<tr>\n<td style=\"width: 225pt;border-right-width: 1pt;border-bottom-width: 1pt;border-left-width: 1pt;border-right-color: windowtext;border-bottom-color: windowtext;border-left-color: windowtext;border-top: none;padding: 0cm 5.4pt\" valign=\"top\" width=\"375\">\n<p class=\"MsoNormal\" style=\"text-align: justify;line-height: 150%\"><b><span style=\"font-size: 10.0pt;line-height: 150%;font-family: 'Times New Roman',serif\">Dr.\u00d6\u011fr.\u00dcyesi Elif ULUTA\u015e DEN\u0130Z<\/span><\/b><span style=\", serif;font-size: 10pt;font-weight: 700;color: var( --e-global-color-text );letter-spacing: 0px\">&nbsp;<\/span><span style=\", serif;font-size: 10pt;font-weight: 700;color: var( --e-global-color-text );letter-spacing: 0px\">(Dekan Yard\u0131mc\u0131s\u0131)<\/span><\/p>\n<\/td>\n<\/tr>\n<\/tbody>\n<\/table>\t\t\t\t\t\t\t\t<\/div>\n\t\t\t\t<\/div>\n\t\t\t\t\t<\/div>\n\t\t<\/div>\n\t\t\t\t\t<\/div>\n\t\t<\/section>\n\t\t\t\t<\/div>\n\t\t","protected":false},"excerpt":{"rendered":"<p>Y\u00f6netim Kurulu Prof. Dr. &nbsp;Beyzag\u00fcl ERKAYMAN (Dekan) Prof. Dr. Meltem \u00c7ET\u0130N Prof. Dr. Z\u00fchal G\u00dcVENALP Prof. Dr. Nurcan KILI\u00c7 BAYGUTALP Do\u00e7. Dr. Irmak FERAH OKKAY Do\u00e7. Dr. R\u00fcstem An\u0131l U\u011eAN (Dekan Yard\u0131mc\u0131s\u0131) Dr.\u00d6\u011fr.\u00dcyesi Elif ULUTA\u015e DEN\u0130Z&nbsp;(Dekan Yard\u0131mc\u0131s\u0131)<\/p>\n","protected":false},"author":1,"featured_media":0,"parent":0,"menu_order":0,"comment_status":"closed","ping_status":"closed","template":"elementor_header_footer","meta":{"footnotes":""},"class_list":["post-5691","page","type-page","status-publish","hentry"],"_links":{"self":[{"href":"https:\/\/atauni.edu.tr\/eczacilik-fakultesi\/wp-json\/wp\/v2\/pages\/5691","targetHints":{"allow":["GET"]}}],"collection":[{"href":"https:\/\/atauni.edu.tr\/eczacilik-fakultesi\/wp-json\/wp\/v2\/pages"}],"about":[{"href":"https:\/\/atauni.edu.tr\/eczacilik-fakultesi\/wp-json\/wp\/v2\/types\/page"}],"author":[{"embeddable":true,"href":"https:\/\/atauni.edu.tr\/eczacilik-fakultesi\/wp-json\/wp\/v2\/users\/1"}],"replies":[{"embeddable":true,"href":"https:\/\/atauni.edu.tr\/eczacilik-fakultesi\/wp-json\/wp\/v2\/comments?post=5691"}],"version-history":[{"count":39,"href":"https:\/\/atauni.edu.tr\/eczacilik-fakultesi\/wp-json\/wp\/v2\/pages\/5691\/revisions"}],"predecessor-version":[{"id":13677,"href":"https:\/\/atauni.edu.tr\/eczacilik-fakultesi\/wp-json\/wp\/v2\/pages\/5691\/revisions\/13677"}],"wp:attachment":[{"href":"https:\/\/atauni.edu.tr\/eczacilik-fakultesi\/wp-json\/wp\/v2\/media?parent=5691"}],"curies":[{"name":"wp","href":"https:\/\/api.w.org\/{rel}","templated":true}]}}