{"id":7034,"date":"2021-10-20T17:37:46","date_gmt":"2021-10-20T14:37:46","guid":{"rendered":"http:\/\/birimler.atauni.edu.tr\/eczacilik-fakultesi\/?page_id=7034"},"modified":"2021-10-20T17:51:06","modified_gmt":"2021-10-20T14:51:06","slug":"farmoni","status":"publish","type":"page","link":"https:\/\/atauni.edu.tr\/eczacilik-fakultesi\/farmoni\/","title":{"rendered":"FARMON\u0130"},"content":{"rendered":"\t\t<div data-elementor-type=\"wp-page\" data-elementor-id=\"7034\" class=\"elementor elementor-7034\" data-elementor-post-type=\"page\">\n\t\t\t\t\t\t<section class=\"elementor-section elementor-top-section elementor-element elementor-element-533feec elementor-section-boxed elementor-section-height-default elementor-section-height-default\" data-id=\"533feec\" data-element_type=\"section\">\n\t\t\t\t\t\t<div class=\"elementor-container elementor-column-gap-default\">\n\t\t\t\t\t<div class=\"elementor-column elementor-col-100 elementor-top-column elementor-element elementor-element-18639a6\" data-id=\"18639a6\" data-element_type=\"column\">\n\t\t\t<div class=\"elementor-widget-wrap elementor-element-populated\">\n\t\t\t\t\t\t<div class=\"elementor-element elementor-element-3c32f7b elementor-widget elementor-widget-image\" data-id=\"3c32f7b\" data-element_type=\"widget\" data-widget_type=\"image.default\">\n\t\t\t\t<div class=\"elementor-widget-container\">\n\t\t\t\t\t\t\t\t\t\t\t\t\t\t\t<img fetchpriority=\"high\" decoding=\"async\" width=\"1024\" height=\"712\" src=\"https:\/\/atauni.edu.tr\/eczacilik-fakultesi\/wp-content\/uploads\/sites\/58\/2020\/07\/Screenshot_20211020-154917_Instagram-1-e1634740941856-1024x712.jpg\" class=\"attachment-large size-large wp-image-6890\" alt=\"\" srcset=\"https:\/\/atauni.edu.tr\/eczacilik-fakultesi\/wp-content\/uploads\/sites\/58\/2020\/07\/Screenshot_20211020-154917_Instagram-1-e1634740941856-1024x712.jpg 1024w, https:\/\/atauni.edu.tr\/eczacilik-fakultesi\/wp-content\/uploads\/sites\/58\/2020\/07\/Screenshot_20211020-154917_Instagram-1-e1634740941856-300x209.jpg 300w, https:\/\/atauni.edu.tr\/eczacilik-fakultesi\/wp-content\/uploads\/sites\/58\/2020\/07\/Screenshot_20211020-154917_Instagram-1-e1634740941856-768x534.jpg 768w, https:\/\/atauni.edu.tr\/eczacilik-fakultesi\/wp-content\/uploads\/sites\/58\/2020\/07\/Screenshot_20211020-154917_Instagram-1-e1634740941856-600x417.jpg 600w, https:\/\/atauni.edu.tr\/eczacilik-fakultesi\/wp-content\/uploads\/sites\/58\/2020\/07\/Screenshot_20211020-154917_Instagram-1-e1634740941856-560x389.jpg 560w, https:\/\/atauni.edu.tr\/eczacilik-fakultesi\/wp-content\/uploads\/sites\/58\/2020\/07\/Screenshot_20211020-154917_Instagram-1-e1634740941856.jpg 1074w\" sizes=\"(max-width: 1024px) 100vw, 1024px\" \/>\t\t\t\t\t\t\t\t\t\t\t\t\t\t\t<\/div>\n\t\t\t\t<\/div>\n\t\t\t\t<div class=\"elementor-element elementor-element-cb3b890 elementor-widget elementor-widget-text-editor\" data-id=\"cb3b890\" data-element_type=\"widget\" data-widget_type=\"text-editor.default\">\n\t\t\t\t<div class=\"elementor-widget-container\">\n\t\t\t\t\t\t\t\t\t<p>Hepinize Merhabalar,<\/p><p>Atat\u00fcrk \u00dcniversitesi Eczac\u0131l\u0131k Fak\u00fcltesi Dekan\u0131 Sn. Prof. Dr. Y\u00fccel KADIO\u011eLU hocam\u0131z\u0131n \u00f6nc\u00fcl\u00fc\u011f\u00fcnde Eczac\u0131l\u0131k M\u00fczik Kul\u00fcb\u00fc (FARMON\u0130) kurulmu\u015ftur.<\/p><p>FARMON\u0130 ailesi olarak en temel amac\u0131m\u0131z; fak\u00fcltemizde var olan kul\u00fcplerle birlikte sosyal ve k\u00fclt\u00fcrel etkinlikler d\u00fczenleyip, \u00f6\u011frenciler aras\u0131nda \u00e7al\u0131\u015fma ve ileti\u015fim ortam\u0131n\u0131 g\u00fc\u00e7lendirmek. Ayr\u0131ca m\u00fczi\u011fe ilgisi veya yetene\u011fi olan \u00f6\u011frencilerimizi kul\u00fcb\u00fcm\u00fcz \u00e7at\u0131s\u0131 alt\u0131nda toplayarak, onlarla birlikte \u00e7al\u0131\u015fmalar yapmak veya varsa \u00e7al\u0131\u015fmalar\u0131n\u0131 katk\u0131 sa\u011flamakt\u0131r.<\/p><p>\u00c7ok yak\u0131nda;<br \/>+Birbirinden e\u011flenceli oyunlar,<br \/>\u00a0+S\u00fcrpriz konuklar,<br \/>\u00a0+\u00c7ekili\u015fler,<br \/>\u00a0+Konserler ve say\u0131s\u0131z e\u011fitimle sizlerleyiz.<\/p><p>FARMON\u0130 bu d\u00f6nem ses getirmek i\u00e7in yeni notalar\u0131n\u0131 d\u00f6rt g\u00f6zle bekliyor<\/p><p>Siz de bu yolculu\u011fa kat\u0131lmak ister misiniz?<\/p><p>+ FARMON\u0130 olarak \u00e7\u0131kt\u0131\u011f\u0131m\u0131z bu yolda sizleri de aram\u0131zda g\u00f6rmekten mutluluk duyar\u0131z.<\/p><p>\u00c7al\u0131\u015fma arkada\u015f\u0131 olarak aram\u0131zda yer almak istiyorsan\u0131z a\u015fa\u011f\u0131daki ba\u015fvuru formunu doldurup bizlere ula\u015fabilirsiniz.<br \/>\u00dcye olmak isteyenler ise a\u015fa\u011f\u0131daki linke t\u0131klayarak WhatsApp grubumuza ula\u015fabilir.<\/p><p>Kul\u00fcp Dan\u0131\u015fman\u0131: Ar\u015f. G\u00f6r. Burak BAYRAK<\/p><p>Kul\u00fcp Ba\u015fkan\u0131: Haktan ASLAN<\/p><p>Kul\u00fcp Ba\u015fkan Yard\u0131mc\u0131s\u0131: \u00d6zge G\u00dcND\u00dcZ<\/p>\t\t\t\t\t\t\t\t<\/div>\n\t\t\t\t<\/div>\n\t\t\t\t\t<\/div>\n\t\t<\/div>\n\t\t\t\t\t<\/div>\n\t\t<\/section>\n\t\t\t\t<\/div>\n\t\t","protected":false},"excerpt":{"rendered":"<p>Hepinize Merhabalar, Atat\u00fcrk \u00dcniversitesi Eczac\u0131l\u0131k Fak\u00fcltesi Dekan\u0131 Sn. Prof. Dr. Y\u00fccel KADIO\u011eLU hocam\u0131z\u0131n \u00f6nc\u00fcl\u00fc\u011f\u00fcnde Eczac\u0131l\u0131k M\u00fczik Kul\u00fcb\u00fc (FARMON\u0130) kurulmu\u015ftur. FARMON\u0130 ailesi olarak en temel amac\u0131m\u0131z; fak\u00fcltemizde var olan kul\u00fcplerle birlikte sosyal ve k\u00fclt\u00fcrel etkinlikler d\u00fczenleyip, \u00f6\u011frenciler aras\u0131nda \u00e7al\u0131\u015fma ve ileti\u015fim ortam\u0131n\u0131 g\u00fc\u00e7lendirmek. Ayr\u0131ca m\u00fczi\u011fe ilgisi veya yetene\u011fi olan \u00f6\u011frencilerimizi kul\u00fcb\u00fcm\u00fcz \u00e7at\u0131s\u0131 alt\u0131nda toplayarak, onlarla birlikte [&hellip;]<\/p>\n","protected":false},"author":47,"featured_media":0,"parent":0,"menu_order":0,"comment_status":"closed","ping_status":"closed","template":"","meta":{"footnotes":""},"class_list":["post-7034","page","type-page","status-publish","hentry"],"_links":{"self":[{"href":"https:\/\/atauni.edu.tr\/eczacilik-fakultesi\/wp-json\/wp\/v2\/pages\/7034","targetHints":{"allow":["GET"]}}],"collection":[{"href":"https:\/\/atauni.edu.tr\/eczacilik-fakultesi\/wp-json\/wp\/v2\/pages"}],"about":[{"href":"https:\/\/atauni.edu.tr\/eczacilik-fakultesi\/wp-json\/wp\/v2\/types\/page"}],"author":[{"embeddable":true,"href":"https:\/\/atauni.edu.tr\/eczacilik-fakultesi\/wp-json\/wp\/v2\/users\/47"}],"replies":[{"embeddable":true,"href":"https:\/\/atauni.edu.tr\/eczacilik-fakultesi\/wp-json\/wp\/v2\/comments?post=7034"}],"version-history":[{"count":5,"href":"https:\/\/atauni.edu.tr\/eczacilik-fakultesi\/wp-json\/wp\/v2\/pages\/7034\/revisions"}],"predecessor-version":[{"id":7072,"href":"https:\/\/atauni.edu.tr\/eczacilik-fakultesi\/wp-json\/wp\/v2\/pages\/7034\/revisions\/7072"}],"wp:attachment":[{"href":"https:\/\/atauni.edu.tr\/eczacilik-fakultesi\/wp-json\/wp\/v2\/media?parent=7034"}],"curies":[{"name":"wp","href":"https:\/\/api.w.org\/{rel}","templated":true}]}}