{"id":7062,"date":"2021-10-20T17:48:32","date_gmt":"2021-10-20T14:48:32","guid":{"rendered":"http:\/\/birimler.atauni.edu.tr\/eczacilik-fakultesi\/?page_id=7062"},"modified":"2021-10-20T17:49:30","modified_gmt":"2021-10-20T14:49:30","slug":"farmaktif","status":"publish","type":"page","link":"https:\/\/atauni.edu.tr\/eczacilik-fakultesi\/farmaktif\/","title":{"rendered":"FARMAKT\u0130F"},"content":{"rendered":"\t\t<div data-elementor-type=\"wp-page\" data-elementor-id=\"7062\" class=\"elementor elementor-7062\" data-elementor-post-type=\"page\">\n\t\t\t\t\t\t<section class=\"elementor-section elementor-top-section elementor-element elementor-element-659e2f6 elementor-section-boxed elementor-section-height-default elementor-section-height-default\" data-id=\"659e2f6\" data-element_type=\"section\">\n\t\t\t\t\t\t<div class=\"elementor-container elementor-column-gap-default\">\n\t\t\t\t\t<div class=\"elementor-column elementor-col-100 elementor-top-column elementor-element elementor-element-a2af478\" data-id=\"a2af478\" data-element_type=\"column\">\n\t\t\t<div class=\"elementor-widget-wrap elementor-element-populated\">\n\t\t\t\t\t\t<div class=\"elementor-element elementor-element-8093884 elementor-widget elementor-widget-image\" data-id=\"8093884\" data-element_type=\"widget\" data-widget_type=\"image.default\">\n\t\t\t\t<div class=\"elementor-widget-container\">\n\t\t\t\t\t\t\t\t\t\t\t\t\t\t\t<img fetchpriority=\"high\" decoding=\"async\" width=\"1024\" height=\"658\" src=\"https:\/\/atauni.edu.tr\/eczacilik-fakultesi\/wp-content\/uploads\/sites\/58\/2021\/10\/WhatsApp-Image-2021-10-20-at-15.56.28-e1634741365601-1024x658.jpeg\" class=\"attachment-large size-large wp-image-6811\" alt=\"\" srcset=\"https:\/\/atauni.edu.tr\/eczacilik-fakultesi\/wp-content\/uploads\/sites\/58\/2021\/10\/WhatsApp-Image-2021-10-20-at-15.56.28-e1634741365601-1024x658.jpeg 1024w, https:\/\/atauni.edu.tr\/eczacilik-fakultesi\/wp-content\/uploads\/sites\/58\/2021\/10\/WhatsApp-Image-2021-10-20-at-15.56.28-e1634741365601-300x193.jpeg 300w, https:\/\/atauni.edu.tr\/eczacilik-fakultesi\/wp-content\/uploads\/sites\/58\/2021\/10\/WhatsApp-Image-2021-10-20-at-15.56.28-e1634741365601-768x494.jpeg 768w, https:\/\/atauni.edu.tr\/eczacilik-fakultesi\/wp-content\/uploads\/sites\/58\/2021\/10\/WhatsApp-Image-2021-10-20-at-15.56.28-e1634741365601-1536x987.jpeg 1536w, https:\/\/atauni.edu.tr\/eczacilik-fakultesi\/wp-content\/uploads\/sites\/58\/2021\/10\/WhatsApp-Image-2021-10-20-at-15.56.28-e1634741365601-600x386.jpeg 600w, https:\/\/atauni.edu.tr\/eczacilik-fakultesi\/wp-content\/uploads\/sites\/58\/2021\/10\/WhatsApp-Image-2021-10-20-at-15.56.28-e1634741365601-560x360.jpeg 560w, https:\/\/atauni.edu.tr\/eczacilik-fakultesi\/wp-content\/uploads\/sites\/58\/2021\/10\/WhatsApp-Image-2021-10-20-at-15.56.28-e1634741365601.jpeg 1587w\" sizes=\"(max-width: 1024px) 100vw, 1024px\" \/>\t\t\t\t\t\t\t\t\t\t\t\t\t\t\t<\/div>\n\t\t\t\t<\/div>\n\t\t\t\t<div class=\"elementor-element elementor-element-074de78 elementor-widget elementor-widget-text-editor\" data-id=\"074de78\" data-element_type=\"widget\" data-widget_type=\"text-editor.default\">\n\t\t\t\t<div class=\"elementor-widget-container\">\n\t\t\t\t\t\t\t\t\t<p><em><strong>Farmaktif Kul\u00fcb\u00fcn\u00fcn Amac\u0131<\/strong><\/em><\/p><p>Eczac\u0131l\u0131k Fak\u00fcltesi \u00f6\u011frencilerinin Atat\u00fcrk \u0130lke ve \u0130nk\u0131laplar\u0131 do\u011frultusunda sosyal, k\u00fclt\u00fcrel, ve sportif geli\u015fmelerine yard\u0131mc\u0131 olmak, beden ve ruh sa\u011fl\u0131klar\u0131n\u0131 korumak ve onlar\u0131 ara\u015ft\u0131r\u0131c\u0131 ve yarat\u0131c\u0131 niteliklerine sahip ki\u015filer olarak yeti\u015ftirmektir. Eczac\u0131l\u0131k Fak\u00fcltesinin kurulu\u015f amac\u0131na uygun; edebi, k\u00fclt\u00fcrel ve bilimsel ama\u00e7l\u0131 faaliyetlerde bulunmakt\u0131r.<\/p><p>Farmaktif Kul\u00fcb\u00fc Dan\u0131\u015fman\u0131: Do\u00e7. Dr. Alptu\u011f AT\u0130LA<br \/>Farmaktif Kul\u00fcb\u00fc Ba\u015fkan\u0131: Hatice Seda KAYA<br \/>Farmaktif Kul\u00fcb\u00fc Ba\u015fkan Yard.: Bet\u00fcl ATCI<\/p>\t\t\t\t\t\t\t\t<\/div>\n\t\t\t\t<\/div>\n\t\t\t\t\t<\/div>\n\t\t<\/div>\n\t\t\t\t\t<\/div>\n\t\t<\/section>\n\t\t\t\t<\/div>\n\t\t","protected":false},"excerpt":{"rendered":"<p>Farmaktif Kul\u00fcb\u00fcn\u00fcn Amac\u0131 Eczac\u0131l\u0131k Fak\u00fcltesi \u00f6\u011frencilerinin Atat\u00fcrk \u0130lke ve \u0130nk\u0131laplar\u0131 do\u011frultusunda sosyal, k\u00fclt\u00fcrel, ve sportif geli\u015fmelerine yard\u0131mc\u0131 olmak, beden ve ruh sa\u011fl\u0131klar\u0131n\u0131 korumak ve onlar\u0131 ara\u015ft\u0131r\u0131c\u0131 ve yarat\u0131c\u0131 niteliklerine sahip ki\u015filer olarak yeti\u015ftirmektir. Eczac\u0131l\u0131k Fak\u00fcltesinin kurulu\u015f amac\u0131na uygun; edebi, k\u00fclt\u00fcrel ve bilimsel ama\u00e7l\u0131 faaliyetlerde bulunmakt\u0131r. Farmaktif Kul\u00fcb\u00fc Dan\u0131\u015fman\u0131: Do\u00e7. Dr. Alptu\u011f AT\u0130LAFarmaktif Kul\u00fcb\u00fc Ba\u015fkan\u0131: Hatice [&hellip;]<\/p>\n","protected":false},"author":47,"featured_media":0,"parent":0,"menu_order":0,"comment_status":"closed","ping_status":"closed","template":"","meta":{"footnotes":""},"class_list":["post-7062","page","type-page","status-publish","hentry"],"_links":{"self":[{"href":"https:\/\/atauni.edu.tr\/eczacilik-fakultesi\/wp-json\/wp\/v2\/pages\/7062","targetHints":{"allow":["GET"]}}],"collection":[{"href":"https:\/\/atauni.edu.tr\/eczacilik-fakultesi\/wp-json\/wp\/v2\/pages"}],"about":[{"href":"https:\/\/atauni.edu.tr\/eczacilik-fakultesi\/wp-json\/wp\/v2\/types\/page"}],"author":[{"embeddable":true,"href":"https:\/\/atauni.edu.tr\/eczacilik-fakultesi\/wp-json\/wp\/v2\/users\/47"}],"replies":[{"embeddable":true,"href":"https:\/\/atauni.edu.tr\/eczacilik-fakultesi\/wp-json\/wp\/v2\/comments?post=7062"}],"version-history":[{"count":4,"href":"https:\/\/atauni.edu.tr\/eczacilik-fakultesi\/wp-json\/wp\/v2\/pages\/7062\/revisions"}],"predecessor-version":[{"id":7066,"href":"https:\/\/atauni.edu.tr\/eczacilik-fakultesi\/wp-json\/wp\/v2\/pages\/7062\/revisions\/7066"}],"wp:attachment":[{"href":"https:\/\/atauni.edu.tr\/eczacilik-fakultesi\/wp-json\/wp\/v2\/media?parent=7062"}],"curies":[{"name":"wp","href":"https:\/\/api.w.org\/{rel}","templated":true}]}}