{"id":8058,"date":"2021-10-27T15:17:38","date_gmt":"2021-10-27T12:17:38","guid":{"rendered":"http:\/\/birimler.atauni.edu.tr\/eczacilik-fakultesi\/?page_id=8058"},"modified":"2022-11-14T19:05:37","modified_gmt":"2022-11-14T16:05:37","slug":"8058-2","status":"publish","type":"page","link":"https:\/\/atauni.edu.tr\/eczacilik-fakultesi\/8058-2\/","title":{"rendered":"Fak\u00fcltemizin X. Alt\u0131n Havan \u00d6d\u00fcl Ba\u015far\u0131s\u0131\u200b"},"content":{"rendered":"\t\t<div data-elementor-type=\"wp-page\" data-elementor-id=\"8058\" class=\"elementor elementor-8058\" data-elementor-post-type=\"page\">\n\t\t\t\t\t\t<section class=\"elementor-section elementor-top-section elementor-element elementor-element-bedc022 elementor-section-boxed elementor-section-height-default elementor-section-height-default\" data-id=\"bedc022\" data-element_type=\"section\">\n\t\t\t\t\t\t<div class=\"elementor-container elementor-column-gap-default\">\n\t\t\t\t\t<div class=\"elementor-column elementor-col-100 elementor-top-column elementor-element elementor-element-2f4eeb4\" data-id=\"2f4eeb4\" data-element_type=\"column\">\n\t\t\t<div class=\"elementor-widget-wrap elementor-element-populated\">\n\t\t\t\t\t\t<div class=\"elementor-element elementor-element-3ecf7d5 elementor-widget elementor-widget-heading\" data-id=\"3ecf7d5\" data-element_type=\"widget\" data-widget_type=\"heading.default\">\n\t\t\t\t<div class=\"elementor-widget-container\">\n\t\t\t\t\t<h2 class=\"elementor-heading-title elementor-size-default\">Fak\u00fcltemizin X. Alt\u0131n Havan \u00d6d\u00fcl Ba\u015far\u0131s\u0131<\/h2>\t\t\t\t<\/div>\n\t\t\t\t<\/div>\n\t\t\t\t\t<\/div>\n\t\t<\/div>\n\t\t\t\t\t<\/div>\n\t\t<\/section>\n\t\t\t\t<section class=\"elementor-section elementor-top-section elementor-element elementor-element-06e1164 elementor-section-boxed elementor-section-height-default elementor-section-height-default\" data-id=\"06e1164\" data-element_type=\"section\">\n\t\t\t\t\t\t<div class=\"elementor-container elementor-column-gap-default\">\n\t\t\t\t\t<div class=\"elementor-column elementor-col-100 elementor-top-column elementor-element elementor-element-2321a3e\" data-id=\"2321a3e\" data-element_type=\"column\">\n\t\t\t<div class=\"elementor-widget-wrap elementor-element-populated\">\n\t\t\t\t\t\t<div class=\"elementor-element elementor-element-e5833d8 elementor-widget-divider--view-line elementor-widget elementor-widget-divider\" data-id=\"e5833d8\" data-element_type=\"widget\" data-widget_type=\"divider.default\">\n\t\t\t\t<div class=\"elementor-widget-container\">\n\t\t\t\t\t\t\t<div class=\"elementor-divider\">\n\t\t\t<span class=\"elementor-divider-separator\">\n\t\t\t\t\t\t<\/span>\n\t\t<\/div>\n\t\t\t\t\t\t<\/div>\n\t\t\t\t<\/div>\n\t\t\t\t\t<\/div>\n\t\t<\/div>\n\t\t\t\t\t<\/div>\n\t\t<\/section>\n\t\t\t\t<section class=\"elementor-section elementor-top-section elementor-element elementor-element-d519e4f elementor-section-boxed elementor-section-height-default elementor-section-height-default\" data-id=\"d519e4f\" data-element_type=\"section\">\n\t\t\t\t\t\t<div class=\"elementor-container elementor-column-gap-default\">\n\t\t\t\t\t<div class=\"elementor-column elementor-col-100 elementor-top-column elementor-element elementor-element-560353d\" data-id=\"560353d\" data-element_type=\"column\">\n\t\t\t<div class=\"elementor-widget-wrap elementor-element-populated\">\n\t\t\t\t\t\t<div class=\"elementor-element elementor-element-15936d2 elementor-widget elementor-widget-text-editor\" data-id=\"15936d2\" data-element_type=\"widget\" data-widget_type=\"text-editor.default\">\n\t\t\t\t<div class=\"elementor-widget-container\">\n\t\t\t\t\t\t\t\t\t<p>\u0130lk olarak \u201cEczac\u0131 Dergisi taraf\u0131ndan 2010 y\u0131l\u0131nda \u0130la\u00e7 ve Eczac\u0131l\u0131k Sekt\u00f6r\u00fc Ba\u015far\u0131 \u00d6d\u00fclleri\u201d \u00a0ad\u0131 alt\u0131nda d\u00fczenlenen, amac\u0131; ila\u00e7 ve eczac\u0131l\u0131k sekt\u00f6r\u00fcn\u00fcn birbirini tamamlayan t\u00fcm birimlerinin \u00e7al\u0131\u015fmalar\u0131n\u0131 ve hizmetlerini de\u011ferlendirmek, yetkinliklerini belgeleyerek \u00e7al\u0131\u015fmalar\u0131na g\u00fc\u00e7 katmak olan, ALTIN HAVAN \u00d6D\u00dcLLER\u0130\u2019nin 2019 y\u0131l\u0131 i\u00e7in ECZACILIK KURUM \u00d6D\u00dcL\u00dc, 1997 y\u0131l\u0131nda kurulan ve akredite olan Eczac\u0131l\u0131k Fak\u00fcltemize verilmi\u015ftir. \u00d6d\u00fcl\u00fc, Fak\u00fclte Dekan\u0131 Prof. Dr. Y\u00fccel KADIO\u011eLU, Fak\u00fcltenin kurulu\u015fundan bug\u00fcne kadar g\u00f6rev yapm\u0131\u015f y\u00f6neticiler ve akademisyenlere te\u015fekk\u00fcr ederek, Fak\u00fcltemize hay\u0131rl\u0131 ve u\u011furlu olmas\u0131, fak\u00fcltemizin ba\u015far\u0131lar\u0131n\u0131n artarak devam etmesi dile\u011fiyle Isparta Ecza Odas\u0131 Ba\u015fkan\u0131 Ecz. Esra Nemli KURTBOLAT\u2019\u0131n elinden alm\u0131\u015ft\u0131r.<\/p>\t\t\t\t\t\t\t\t<\/div>\n\t\t\t\t<\/div>\n\t\t\t\t\t<\/div>\n\t\t<\/div>\n\t\t\t\t\t<\/div>\n\t\t<\/section>\n\t\t\t\t<section class=\"elementor-section elementor-top-section elementor-element elementor-element-feab577 elementor-section-boxed elementor-section-height-default elementor-section-height-default\" data-id=\"feab577\" data-element_type=\"section\">\n\t\t\t\t\t\t<div class=\"elementor-container elementor-column-gap-default\">\n\t\t\t\t\t<div class=\"elementor-column elementor-col-100 elementor-top-column elementor-element elementor-element-112ccbf\" data-id=\"112ccbf\" data-element_type=\"column\">\n\t\t\t<div class=\"elementor-widget-wrap elementor-element-populated\">\n\t\t\t\t\t\t<div class=\"elementor-element elementor-element-ea312c0 elementor-arrows-position-inside elementor-pagination-position-outside elementor-widget elementor-widget-image-carousel\" data-id=\"ea312c0\" data-element_type=\"widget\" data-settings=\"{&quot;navigation&quot;:&quot;both&quot;,&quot;autoplay&quot;:&quot;yes&quot;,&quot;pause_on_hover&quot;:&quot;yes&quot;,&quot;pause_on_interaction&quot;:&quot;yes&quot;,&quot;autoplay_speed&quot;:5000,&quot;infinite&quot;:&quot;yes&quot;,&quot;speed&quot;:500}\" data-widget_type=\"image-carousel.default\">\n\t\t\t\t<div class=\"elementor-widget-container\">\n\t\t\t\t\t\t\t<div class=\"elementor-image-carousel-wrapper swiper\" role=\"region\" aria-roledescription=\"carousel\" aria-label=\"Resim D\u00f6ng\u00fcs\u00fc\" dir=\"ltr\">\n\t\t\t<div class=\"elementor-image-carousel swiper-wrapper\" aria-live=\"off\">\n\t\t\t\t\t\t\t\t<div class=\"swiper-slide\" role=\"group\" aria-roledescription=\"slide\" aria-label=\"1 \/ 7\"><figure class=\"swiper-slide-inner\"><img decoding=\"async\" class=\"swiper-slide-image\" src=\"https:\/\/atauni.edu.tr\/eczacilik-fakultesi\/wp-content\/uploads\/sites\/58\/2020\/07\/47c77f04689cc95677ef4d92e84aa720-768x543.jpg\" alt=\"47c77f04689cc95677ef4d92e84aa720\" \/><\/figure><\/div><div class=\"swiper-slide\" role=\"group\" aria-roledescription=\"slide\" aria-label=\"2 \/ 7\"><figure class=\"swiper-slide-inner\"><img decoding=\"async\" class=\"swiper-slide-image\" src=\"https:\/\/atauni.edu.tr\/eczacilik-fakultesi\/wp-content\/uploads\/sites\/58\/2020\/07\/2091a57adbbf924555fe4ed91f9d3852-768x576.jpg\" alt=\"2091a57adbbf924555fe4ed91f9d3852\" \/><\/figure><\/div><div class=\"swiper-slide\" role=\"group\" aria-roledescription=\"slide\" aria-label=\"3 \/ 7\"><figure class=\"swiper-slide-inner\"><img decoding=\"async\" class=\"swiper-slide-image\" src=\"https:\/\/atauni.edu.tr\/eczacilik-fakultesi\/wp-content\/uploads\/sites\/58\/2020\/07\/270cdb570aefd9353d8b306ad846dd5d-768x576.jpg\" alt=\"270cdb570aefd9353d8b306ad846dd5d\" \/><\/figure><\/div><div class=\"swiper-slide\" role=\"group\" aria-roledescription=\"slide\" aria-label=\"4 \/ 7\"><figure class=\"swiper-slide-inner\"><img decoding=\"async\" class=\"swiper-slide-image\" src=\"https:\/\/atauni.edu.tr\/eczacilik-fakultesi\/wp-content\/uploads\/sites\/58\/2020\/07\/a35fb7157416245ee69e516d38d571b0-768x1024.jpg\" alt=\"a35fb7157416245ee69e516d38d571b0\" \/><\/figure><\/div><div class=\"swiper-slide\" role=\"group\" aria-roledescription=\"slide\" aria-label=\"5 \/ 7\"><figure class=\"swiper-slide-inner\"><img decoding=\"async\" class=\"swiper-slide-image\" src=\"https:\/\/atauni.edu.tr\/eczacilik-fakultesi\/wp-content\/uploads\/sites\/58\/2020\/07\/f19d2c31393c6065fe89ff73c6d47c3d.jpg\" alt=\"f19d2c31393c6065fe89ff73c6d47c3d\" \/><\/figure><\/div><div class=\"swiper-slide\" role=\"group\" aria-roledescription=\"slide\" aria-label=\"6 \/ 7\"><figure class=\"swiper-slide-inner\"><img decoding=\"async\" class=\"swiper-slide-image\" src=\"https:\/\/atauni.edu.tr\/eczacilik-fakultesi\/wp-content\/uploads\/sites\/58\/2020\/07\/35ecbd38c16b68dfb1edf0ab380bd700-768x576.jpg\" alt=\"35ecbd38c16b68dfb1edf0ab380bd700\" \/><\/figure><\/div><div class=\"swiper-slide\" role=\"group\" aria-roledescription=\"slide\" aria-label=\"7 \/ 7\"><figure class=\"swiper-slide-inner\"><img decoding=\"async\" class=\"swiper-slide-image\" src=\"https:\/\/atauni.edu.tr\/eczacilik-fakultesi\/wp-content\/uploads\/sites\/58\/2020\/07\/9062b2a7f4bb036ba5fce55fdc80b707-768x354.jpg\" alt=\"9062b2a7f4bb036ba5fce55fdc80b707\" \/><\/figure><\/div>\t\t\t<\/div>\n\t\t\t\t\t\t\t\t\t\t\t\t<div class=\"elementor-swiper-button elementor-swiper-button-prev\" role=\"button\" tabindex=\"0\">\n\t\t\t\t\t\t<i aria-hidden=\"true\" class=\"eicon-chevron-left\"><\/i>\t\t\t\t\t<\/div>\n\t\t\t\t\t<div class=\"elementor-swiper-button elementor-swiper-button-next\" role=\"button\" tabindex=\"0\">\n\t\t\t\t\t\t<i aria-hidden=\"true\" class=\"eicon-chevron-right\"><\/i>\t\t\t\t\t<\/div>\n\t\t\t\t\n\t\t\t\t\t\t\t\t\t<div class=\"swiper-pagination\"><\/div>\n\t\t\t\t\t\t\t\t\t<\/div>\n\t\t\t\t\t\t<\/div>\n\t\t\t\t<\/div>\n\t\t\t\t\t<\/div>\n\t\t<\/div>\n\t\t\t\t\t<\/div>\n\t\t<\/section>\n\t\t\t\t<\/div>\n\t\t","protected":false},"excerpt":{"rendered":"<p>Fak\u00fcltemizin X. Alt\u0131n Havan \u00d6d\u00fcl Ba\u015far\u0131s\u0131 \u0130lk olarak \u201cEczac\u0131 Dergisi taraf\u0131ndan 2010 y\u0131l\u0131nda \u0130la\u00e7 ve Eczac\u0131l\u0131k Sekt\u00f6r\u00fc Ba\u015far\u0131 \u00d6d\u00fclleri\u201d &nbsp;ad\u0131 alt\u0131nda d\u00fczenlenen, amac\u0131; ila\u00e7 ve eczac\u0131l\u0131k sekt\u00f6r\u00fcn\u00fcn birbirini tamamlayan t\u00fcm birimlerinin \u00e7al\u0131\u015fmalar\u0131n\u0131 ve hizmetlerini de\u011ferlendirmek, yetkinliklerini belgeleyerek \u00e7al\u0131\u015fmalar\u0131na g\u00fc\u00e7 katmak olan, ALTIN HAVAN \u00d6D\u00dcLLER\u0130\u2019nin 2019 y\u0131l\u0131 i\u00e7in ECZACILIK KURUM \u00d6D\u00dcL\u00dc, 1997 y\u0131l\u0131nda kurulan ve akredite [&hellip;]<\/p>\n","protected":false},"author":47,"featured_media":0,"parent":0,"menu_order":0,"comment_status":"closed","ping_status":"closed","template":"","meta":{"footnotes":""},"class_list":["post-8058","page","type-page","status-publish","hentry"],"_links":{"self":[{"href":"https:\/\/atauni.edu.tr\/eczacilik-fakultesi\/wp-json\/wp\/v2\/pages\/8058","targetHints":{"allow":["GET"]}}],"collection":[{"href":"https:\/\/atauni.edu.tr\/eczacilik-fakultesi\/wp-json\/wp\/v2\/pages"}],"about":[{"href":"https:\/\/atauni.edu.tr\/eczacilik-fakultesi\/wp-json\/wp\/v2\/types\/page"}],"author":[{"embeddable":true,"href":"https:\/\/atauni.edu.tr\/eczacilik-fakultesi\/wp-json\/wp\/v2\/users\/47"}],"replies":[{"embeddable":true,"href":"https:\/\/atauni.edu.tr\/eczacilik-fakultesi\/wp-json\/wp\/v2\/comments?post=8058"}],"version-history":[{"count":8,"href":"https:\/\/atauni.edu.tr\/eczacilik-fakultesi\/wp-json\/wp\/v2\/pages\/8058\/revisions"}],"predecessor-version":[{"id":11795,"href":"https:\/\/atauni.edu.tr\/eczacilik-fakultesi\/wp-json\/wp\/v2\/pages\/8058\/revisions\/11795"}],"wp:attachment":[{"href":"https:\/\/atauni.edu.tr\/eczacilik-fakultesi\/wp-json\/wp\/v2\/media?parent=8058"}],"curies":[{"name":"wp","href":"https:\/\/api.w.org\/{rel}","templated":true}]}}