{"id":8103,"date":"2021-10-27T15:34:41","date_gmt":"2021-10-27T12:34:41","guid":{"rendered":"http:\/\/birimler.atauni.edu.tr\/eczacilik-fakultesi\/?page_id=8103"},"modified":"2021-10-27T15:58:01","modified_gmt":"2021-10-27T12:58:01","slug":"fiziki-sartlar-ve-alt-yapi-kapsaminda-yapilan-calismalar","status":"publish","type":"page","link":"https:\/\/atauni.edu.tr\/eczacilik-fakultesi\/fiziki-sartlar-ve-alt-yapi-kapsaminda-yapilan-calismalar\/","title":{"rendered":"Fiziki \u015eartlar ve Alt Yap\u0131 Kapsam\u0131nda Yap\u0131lan \u00c7al\u0131\u015fmalar"},"content":{"rendered":"\t\t<div data-elementor-type=\"wp-page\" data-elementor-id=\"8103\" class=\"elementor elementor-8103\" data-elementor-post-type=\"page\">\n\t\t\t\t\t\t<section class=\"elementor-section elementor-top-section elementor-element elementor-element-eb1de6c elementor-section-boxed elementor-section-height-default elementor-section-height-default\" data-id=\"eb1de6c\" data-element_type=\"section\">\n\t\t\t\t\t\t<div class=\"elementor-container elementor-column-gap-default\">\n\t\t\t\t\t<div class=\"elementor-column elementor-col-100 elementor-top-column elementor-element elementor-element-5242681\" data-id=\"5242681\" data-element_type=\"column\">\n\t\t\t<div class=\"elementor-widget-wrap elementor-element-populated\">\n\t\t\t\t\t\t<div class=\"elementor-element elementor-element-dc2006a elementor-widget elementor-widget-text-editor\" data-id=\"dc2006a\" data-element_type=\"widget\" data-widget_type=\"text-editor.default\">\n\t\t\t\t<div class=\"elementor-widget-container\">\n\t\t\t\t\t\t\t\t\t<p>2017 y\u0131l\u0131nda fak\u00fcltemizde fiziki \u015fartlar ve alt yap\u0131 kapsam\u0131nda;<\/p><ul><li>Fak\u00fclte binas\u0131n\u0131n d\u0131\u015f cephesi ile ilgili gerekli d\u00fczenleme tamir ve tadilatlar\u0131n\u0131n hayata ge\u00e7irilmesi hususunda gerekli giri\u015fimler sonucunda Fak\u00fclte d\u0131\u015f cephenin \u00f6n k\u0131sm\u0131 ve d\u0131\u015f merdivenler yeniden yapt\u0131r\u0131ld\u0131. 2018 y\u0131l\u0131 i\u00e7erisinde de fak\u00fcltenin yan d\u0131\u015f cephesi yap\u0131ld\u0131.\u00a0<\/li><li>Fak\u00fcltenin in\u015faat\u0131 s\u0131ras\u0131nda havaland\u0131rma sistemleri- bacalar\u0131 tam olarak yap\u0131lmam\u0131\u015ft\u0131. Bundan dolay\u0131 fak\u00fcltenin t\u00fcm havaland\u0131rma k\u0131s\u0131mlar\u0131 ve bacalar yeniden yap\u0131ld\u0131. Ayr\u0131ca fak\u00fcltenin \u00e7at\u0131s\u0131 onar\u0131ld\u0131.<\/li><li>Fak\u00fcltemize paratoner tak\u0131ld\u0131. Acil \u00e7\u0131k\u0131\u015f kap\u0131lar\u0131 yap\u0131ld\u0131. D\u0131\u015f kap\u0131 \u0130\u015f Sa\u011fl\u0131k G\u00fcvenli\u011finin \u00f6nerileri do\u011frultusunda d\u0131\u015far\u0131 a\u00e7\u0131lma i\u015flemi yap\u0131ld\u0131.<\/li><li>Fak\u00fcltemizde Farmas\u00f6tik Mikrobiyoloji \u00f6\u011frenci ve ara\u015ft\u0131rma laboratuvar\u0131 yap\u0131ld\u0131.<\/li><li>Hayvan Ara\u015ft\u0131rma Laboratuvar\u0131n\u0131n alt yap\u0131s\u0131 (duvar, zemin ve dolaplar\u0131) yap\u0131ld\u0131. Yap\u0131m\u0131na 2018 y\u0131l\u0131nda da devam edildi ve Tar\u0131m Bakanl\u0131\u011f\u0131ndan onay alacak duruma geldi.<\/li><li>Bay ve Bayan Mescitleri yeniden d\u00fczenlendi.<\/li><li>\u00a0Fak\u00fclte \u00e7evre d\u00fczenleme peyzaj \u00e7al\u0131\u015fmalar\u0131 devam ettirildi.<\/li><li>\u00a0Fak\u00fcltenin in\u015faat\u0131 s\u0131ras\u0131nda So\u011fuk Hava Deposu olarak yap\u0131lan yer Fak\u00fcltemiz Kimyasal ve Cam Malzeme deposu olarak d\u00fczenlendi. Buraya havaland\u0131rma sistemi yapt\u0131r\u0131ld\u0131.<\/li><li>\u00a0\u00d6\u011frenci Kul\u00fcp Odalar\u0131 yeniden d\u00fczenlendi.<\/li><li>\u00a0Fak\u00fcltemize paratoner tak\u0131ld\u0131. Acil \u00e7\u0131k\u0131\u015f kap\u0131lar\u0131 (Panik Kol) yap\u0131ld\u0131. D\u0131\u015f kap\u0131 \u0130\u015f Sa\u011fl\u0131k G\u00fcvenli\u011finin \u00f6nerileri do\u011frultusunda d\u0131\u015far\u0131 a\u00e7\u0131lma i\u015flemi yap\u0131ld\u0131.<\/li><li>\u00a0H\u00fccre K\u00fclt\u00fcr Laboratuvar\u0131 olu\u015fturma \u00e7al\u0131\u015fmalar\u0131 2017 y\u0131l\u0131nda ba\u015fland\u0131 ve 2018 y\u0131l\u0131nda G\u00fcd\u00fcml\u00fc Proje kapsam\u0131nda H\u00fccre K\u00fclt\u00fcr Laboratuvar malzemelerinin al\u0131m\u0131 yap\u0131ld\u0131.<\/li><li>\u00a0Fak\u00fcltenin D\u0131\u015f Cephe Kaplamas\u0131 Yenileme \u00e7al\u0131\u015fmalar\u0131 yap\u0131ld\u0131. 2017 y\u0131l\u0131 i\u00e7erisinde di\u015f cephenin \u00f6n k\u0131sm\u0131 2018 y\u0131l\u0131 i\u00e7erisinde de yan cephe yap\u0131ld\u0131.<\/li><\/ul>\t\t\t\t\t\t\t\t<\/div>\n\t\t\t\t<\/div>\n\t\t\t\t<div class=\"elementor-element elementor-element-67babbb elementor-widget elementor-widget-image-gallery\" data-id=\"67babbb\" data-element_type=\"widget\" data-widget_type=\"image-gallery.default\">\n\t\t\t\t<div class=\"elementor-widget-container\">\n\t\t\t\t\t\t\t<div class=\"elementor-image-gallery\">\n\t\t\t\n\t\t<style type=\"text\/css\">\n\t\t\t#gallery-1 {\n\t\t\t\tmargin: auto;\n\t\t\t}\n\t\t\t#gallery-1 .gallery-item {\n\t\t\t\tfloat: left;\n\t\t\t\tmargin-top: 10px;\n\t\t\t\ttext-align: center;\n\t\t\t\twidth: 100%;\n\t\t\t}\n\t\t\t#gallery-1 img {\n\t\t\t\tborder: 2px solid #cfcfcf;\n\t\t\t}\n\t\t\t#gallery-1 .gallery-caption {\n\t\t\t\tmargin-left: 0;\n\t\t\t}\n\t\t\t\/* see gallery_shortcode() in wp-includes\/media.php *\/\n\t\t<\/style>\n\t\t<div id='gallery-1' class='gallery galleryid-8103 gallery-columns-1 gallery-size-medium_large'><dl class='gallery-item'>\n\t\t\t<dt class='gallery-icon landscape'>\n\t\t\t\t<a data-elementor-open-lightbox=\"yes\" data-elementor-lightbox-slideshow=\"67babbb\" data-elementor-lightbox-title=\"mikro lab\" data-e-action-hash=\"#elementor-action%3Aaction%3Dlightbox%26settings%3DeyJpZCI6ODExMiwidXJsIjoiaHR0cHM6XC9cL2F0YXVuaS5lZHUudHJcL2VjemFjaWxpay1mYWt1bHRlc2lcL3dwLWNvbnRlbnRcL3VwbG9hZHNcL3NpdGVzXC81OFwvMjAyMFwvMDdcL21pa3JvLWxhYi5qcGciLCJzbGlkZXNob3ciOiI2N2JhYmJiIn0%3D\" href='https:\/\/atauni.edu.tr\/eczacilik-fakultesi\/wp-content\/uploads\/sites\/58\/2020\/07\/mikro-lab.jpg'><img fetchpriority=\"high\" decoding=\"async\" width=\"768\" height=\"216\" src=\"https:\/\/atauni.edu.tr\/eczacilik-fakultesi\/wp-content\/uploads\/sites\/58\/2020\/07\/mikro-lab-768x216.jpg\" class=\"attachment-medium_large size-medium_large\" alt=\"\" srcset=\"https:\/\/atauni.edu.tr\/eczacilik-fakultesi\/wp-content\/uploads\/sites\/58\/2020\/07\/mikro-lab-768x216.jpg 768w, https:\/\/atauni.edu.tr\/eczacilik-fakultesi\/wp-content\/uploads\/sites\/58\/2020\/07\/mikro-lab-300x84.jpg 300w, https:\/\/atauni.edu.tr\/eczacilik-fakultesi\/wp-content\/uploads\/sites\/58\/2020\/07\/mikro-lab-1024x288.jpg 1024w, https:\/\/atauni.edu.tr\/eczacilik-fakultesi\/wp-content\/uploads\/sites\/58\/2020\/07\/mikro-lab-600x169.jpg 600w, https:\/\/atauni.edu.tr\/eczacilik-fakultesi\/wp-content\/uploads\/sites\/58\/2020\/07\/mikro-lab-560x157.jpg 560w, https:\/\/atauni.edu.tr\/eczacilik-fakultesi\/wp-content\/uploads\/sites\/58\/2020\/07\/mikro-lab.jpg 1508w\" sizes=\"(max-width: 768px) 100vw, 768px\" \/><\/a>\n\t\t\t<\/dt><\/dl><br style=\"clear: both\" \/><dl class='gallery-item'>\n\t\t\t<dt class='gallery-icon landscape'>\n\t\t\t\t<a data-elementor-open-lightbox=\"yes\" data-elementor-lightbox-slideshow=\"67babbb\" data-elementor-lightbox-title=\"depo\" data-e-action-hash=\"#elementor-action%3Aaction%3Dlightbox%26settings%3DeyJpZCI6ODEwOSwidXJsIjoiaHR0cHM6XC9cL2F0YXVuaS5lZHUudHJcL2VjemFjaWxpay1mYWt1bHRlc2lcL3dwLWNvbnRlbnRcL3VwbG9hZHNcL3NpdGVzXC81OFwvMjAyMFwvMDdcL2RlcG8uanBnIiwic2xpZGVzaG93IjoiNjdiYWJiYiJ9\" href='https:\/\/atauni.edu.tr\/eczacilik-fakultesi\/wp-content\/uploads\/sites\/58\/2020\/07\/depo.jpg'><img decoding=\"async\" width=\"768\" height=\"291\" src=\"https:\/\/atauni.edu.tr\/eczacilik-fakultesi\/wp-content\/uploads\/sites\/58\/2020\/07\/depo-768x291.jpg\" class=\"attachment-medium_large size-medium_large\" alt=\"\" srcset=\"https:\/\/atauni.edu.tr\/eczacilik-fakultesi\/wp-content\/uploads\/sites\/58\/2020\/07\/depo-768x291.jpg 768w, https:\/\/atauni.edu.tr\/eczacilik-fakultesi\/wp-content\/uploads\/sites\/58\/2020\/07\/depo-300x114.jpg 300w, https:\/\/atauni.edu.tr\/eczacilik-fakultesi\/wp-content\/uploads\/sites\/58\/2020\/07\/depo-1024x389.jpg 1024w, https:\/\/atauni.edu.tr\/eczacilik-fakultesi\/wp-content\/uploads\/sites\/58\/2020\/07\/depo-1536x583.jpg 1536w, https:\/\/atauni.edu.tr\/eczacilik-fakultesi\/wp-content\/uploads\/sites\/58\/2020\/07\/depo-600x228.jpg 600w, https:\/\/atauni.edu.tr\/eczacilik-fakultesi\/wp-content\/uploads\/sites\/58\/2020\/07\/depo-560x213.jpg 560w, https:\/\/atauni.edu.tr\/eczacilik-fakultesi\/wp-content\/uploads\/sites\/58\/2020\/07\/depo.jpg 2000w\" sizes=\"(max-width: 768px) 100vw, 768px\" \/><\/a>\n\t\t\t<\/dt><\/dl><br style=\"clear: both\" \/><dl class='gallery-item'>\n\t\t\t<dt class='gallery-icon landscape'>\n\t\t\t\t<a data-elementor-open-lightbox=\"yes\" data-elementor-lightbox-slideshow=\"67babbb\" data-elementor-lightbox-title=\"\u00e7eker ocak\" data-e-action-hash=\"#elementor-action%3Aaction%3Dlightbox%26settings%3DeyJpZCI6ODEwOCwidXJsIjoiaHR0cHM6XC9cL2F0YXVuaS5lZHUudHJcL2VjemFjaWxpay1mYWt1bHRlc2lcL3dwLWNvbnRlbnRcL3VwbG9hZHNcL3NpdGVzXC81OFwvMjAyMFwvMDdcL2Nla2VyLW9jYWsuanBnIiwic2xpZGVzaG93IjoiNjdiYWJiYiJ9\" href='https:\/\/atauni.edu.tr\/eczacilik-fakultesi\/wp-content\/uploads\/sites\/58\/2020\/07\/ceker-ocak.jpg'><img decoding=\"async\" width=\"768\" height=\"328\" src=\"https:\/\/atauni.edu.tr\/eczacilik-fakultesi\/wp-content\/uploads\/sites\/58\/2020\/07\/ceker-ocak-768x328.jpg\" class=\"attachment-medium_large size-medium_large\" alt=\"\" srcset=\"https:\/\/atauni.edu.tr\/eczacilik-fakultesi\/wp-content\/uploads\/sites\/58\/2020\/07\/ceker-ocak-768x328.jpg 768w, https:\/\/atauni.edu.tr\/eczacilik-fakultesi\/wp-content\/uploads\/sites\/58\/2020\/07\/ceker-ocak-300x128.jpg 300w, https:\/\/atauni.edu.tr\/eczacilik-fakultesi\/wp-content\/uploads\/sites\/58\/2020\/07\/ceker-ocak-1024x438.jpg 1024w, https:\/\/atauni.edu.tr\/eczacilik-fakultesi\/wp-content\/uploads\/sites\/58\/2020\/07\/ceker-ocak-600x257.jpg 600w, https:\/\/atauni.edu.tr\/eczacilik-fakultesi\/wp-content\/uploads\/sites\/58\/2020\/07\/ceker-ocak-560x239.jpg 560w, https:\/\/atauni.edu.tr\/eczacilik-fakultesi\/wp-content\/uploads\/sites\/58\/2020\/07\/ceker-ocak.jpg 1223w\" sizes=\"(max-width: 768px) 100vw, 768px\" \/><\/a>\n\t\t\t<\/dt><\/dl><br style=\"clear: both\" \/>\n\t\t<\/div>\n\t\t<\/div>\n\t\t\t\t\t\t<\/div>\n\t\t\t\t<\/div>\n\t\t\t\t\t<\/div>\n\t\t<\/div>\n\t\t\t\t\t<\/div>\n\t\t<\/section>\n\t\t\t\t<\/div>\n\t\t","protected":false},"excerpt":{"rendered":"<p>2017 y\u0131l\u0131nda fak\u00fcltemizde fiziki \u015fartlar ve alt yap\u0131 kapsam\u0131nda; Fak\u00fclte binas\u0131n\u0131n d\u0131\u015f cephesi ile ilgili gerekli d\u00fczenleme tamir ve tadilatlar\u0131n\u0131n hayata ge\u00e7irilmesi hususunda gerekli giri\u015fimler sonucunda Fak\u00fclte d\u0131\u015f cephenin \u00f6n k\u0131sm\u0131 ve d\u0131\u015f merdivenler yeniden yapt\u0131r\u0131ld\u0131. 2018 y\u0131l\u0131 i\u00e7erisinde de fak\u00fcltenin yan d\u0131\u015f cephesi yap\u0131ld\u0131.\u00a0 Fak\u00fcltenin in\u015faat\u0131 s\u0131ras\u0131nda havaland\u0131rma sistemleri- bacalar\u0131 tam olarak yap\u0131lmam\u0131\u015ft\u0131. Bundan [&hellip;]<\/p>\n","protected":false},"author":47,"featured_media":0,"parent":0,"menu_order":0,"comment_status":"closed","ping_status":"closed","template":"","meta":{"footnotes":""},"class_list":["post-8103","page","type-page","status-publish","hentry"],"_links":{"self":[{"href":"https:\/\/atauni.edu.tr\/eczacilik-fakultesi\/wp-json\/wp\/v2\/pages\/8103","targetHints":{"allow":["GET"]}}],"collection":[{"href":"https:\/\/atauni.edu.tr\/eczacilik-fakultesi\/wp-json\/wp\/v2\/pages"}],"about":[{"href":"https:\/\/atauni.edu.tr\/eczacilik-fakultesi\/wp-json\/wp\/v2\/types\/page"}],"author":[{"embeddable":true,"href":"https:\/\/atauni.edu.tr\/eczacilik-fakultesi\/wp-json\/wp\/v2\/users\/47"}],"replies":[{"embeddable":true,"href":"https:\/\/atauni.edu.tr\/eczacilik-fakultesi\/wp-json\/wp\/v2\/comments?post=8103"}],"version-history":[{"count":10,"href":"https:\/\/atauni.edu.tr\/eczacilik-fakultesi\/wp-json\/wp\/v2\/pages\/8103\/revisions"}],"predecessor-version":[{"id":8174,"href":"https:\/\/atauni.edu.tr\/eczacilik-fakultesi\/wp-json\/wp\/v2\/pages\/8103\/revisions\/8174"}],"wp:attachment":[{"href":"https:\/\/atauni.edu.tr\/eczacilik-fakultesi\/wp-json\/wp\/v2\/media?parent=8103"}],"curies":[{"name":"wp","href":"https:\/\/api.w.org\/{rel}","templated":true}]}}