{"id":8499,"date":"2021-10-27T16:49:46","date_gmt":"2021-10-27T13:49:46","guid":{"rendered":"http:\/\/birimler.atauni.edu.tr\/eczacilik-fakultesi\/?page_id=8499"},"modified":"2021-10-27T16:50:08","modified_gmt":"2021-10-27T13:50:08","slug":"teb-41-donem-i-bolgelerarasi-toplantisi","status":"publish","type":"page","link":"https:\/\/atauni.edu.tr\/eczacilik-fakultesi\/teb-41-donem-i-bolgelerarasi-toplantisi\/","title":{"rendered":"TEB 41. D\u00f6nem I. B\u00f6lgeleraras\u0131 Toplant\u0131s\u0131"},"content":{"rendered":"\t\t<div data-elementor-type=\"wp-page\" data-elementor-id=\"8499\" class=\"elementor elementor-8499\" data-elementor-post-type=\"page\">\n\t\t\t\t\t\t<section class=\"elementor-section elementor-top-section elementor-element elementor-element-9dfef14 elementor-section-boxed elementor-section-height-default elementor-section-height-default\" data-id=\"9dfef14\" data-element_type=\"section\">\n\t\t\t\t\t\t<div class=\"elementor-container elementor-column-gap-default\">\n\t\t\t\t\t<div class=\"elementor-column elementor-col-100 elementor-top-column elementor-element elementor-element-bc1cc95\" data-id=\"bc1cc95\" data-element_type=\"column\">\n\t\t\t<div class=\"elementor-widget-wrap elementor-element-populated\">\n\t\t\t\t\t\t<div class=\"elementor-element elementor-element-2666e60 elementor-widget elementor-widget-text-editor\" data-id=\"2666e60\" data-element_type=\"widget\" data-widget_type=\"text-editor.default\">\n\t\t\t\t<div class=\"elementor-widget-container\">\n\t\t\t\t\t\t\t\t\t<p>29.07.2018 tarihinde Eczac\u0131l\u0131k fak\u00fcltesi dekan\u0131 Prof. Dr. Y\u00fccel Kad\u0131o\u011flu ve eczac\u0131l\u0131k fak\u00fcltesi \u00f6\u011frencileri TEB 41. d\u00f6nem I. B\u00f6lgeleraras\u0131 Toplant\u0131s\u0131na kat\u0131ld\u0131lar.<\/p>\t\t\t\t\t\t\t\t<\/div>\n\t\t\t\t<\/div>\n\t\t\t\t\t<\/div>\n\t\t<\/div>\n\t\t\t\t\t<\/div>\n\t\t<\/section>\n\t\t\t\t<\/div>\n\t\t","protected":false},"excerpt":{"rendered":"<p>29.07.2018 tarihinde Eczac\u0131l\u0131k fak\u00fcltesi dekan\u0131 Prof. Dr. Y\u00fccel Kad\u0131o\u011flu ve eczac\u0131l\u0131k fak\u00fcltesi \u00f6\u011frencileri TEB 41. d\u00f6nem I. B\u00f6lgeleraras\u0131 Toplant\u0131s\u0131na kat\u0131ld\u0131lar.<\/p>\n","protected":false},"author":47,"featured_media":0,"parent":0,"menu_order":0,"comment_status":"closed","ping_status":"closed","template":"","meta":{"footnotes":""},"class_list":["post-8499","page","type-page","status-publish","hentry"],"_links":{"self":[{"href":"https:\/\/atauni.edu.tr\/eczacilik-fakultesi\/wp-json\/wp\/v2\/pages\/8499","targetHints":{"allow":["GET"]}}],"collection":[{"href":"https:\/\/atauni.edu.tr\/eczacilik-fakultesi\/wp-json\/wp\/v2\/pages"}],"about":[{"href":"https:\/\/atauni.edu.tr\/eczacilik-fakultesi\/wp-json\/wp\/v2\/types\/page"}],"author":[{"embeddable":true,"href":"https:\/\/atauni.edu.tr\/eczacilik-fakultesi\/wp-json\/wp\/v2\/users\/47"}],"replies":[{"embeddable":true,"href":"https:\/\/atauni.edu.tr\/eczacilik-fakultesi\/wp-json\/wp\/v2\/comments?post=8499"}],"version-history":[{"count":4,"href":"https:\/\/atauni.edu.tr\/eczacilik-fakultesi\/wp-json\/wp\/v2\/pages\/8499\/revisions"}],"predecessor-version":[{"id":8503,"href":"https:\/\/atauni.edu.tr\/eczacilik-fakultesi\/wp-json\/wp\/v2\/pages\/8499\/revisions\/8503"}],"wp:attachment":[{"href":"https:\/\/atauni.edu.tr\/eczacilik-fakultesi\/wp-json\/wp\/v2\/media?parent=8499"}],"curies":[{"name":"wp","href":"https:\/\/api.w.org\/{rel}","templated":true}]}}