{"id":8504,"date":"2021-10-27T16:50:45","date_gmt":"2021-10-27T13:50:45","guid":{"rendered":"http:\/\/birimler.atauni.edu.tr\/eczacilik-fakultesi\/?page_id=8504"},"modified":"2021-10-27T16:51:13","modified_gmt":"2021-10-27T13:51:13","slug":"eczaci-odasi-dekanlik-ziyareti","status":"publish","type":"page","link":"https:\/\/atauni.edu.tr\/eczacilik-fakultesi\/eczaci-odasi-dekanlik-ziyareti\/","title":{"rendered":"Eczac\u0131 Odas\u0131 Dekanl\u0131k Ziyareti"},"content":{"rendered":"\t\t<div data-elementor-type=\"wp-page\" data-elementor-id=\"8504\" class=\"elementor elementor-8504\" data-elementor-post-type=\"page\">\n\t\t\t\t\t\t<section class=\"elementor-section elementor-top-section elementor-element elementor-element-b79b9a8 elementor-section-boxed elementor-section-height-default elementor-section-height-default\" data-id=\"b79b9a8\" data-element_type=\"section\">\n\t\t\t\t\t\t<div class=\"elementor-container elementor-column-gap-default\">\n\t\t\t\t\t<div class=\"elementor-column elementor-col-100 elementor-top-column elementor-element elementor-element-656c0e7\" data-id=\"656c0e7\" data-element_type=\"column\">\n\t\t\t<div class=\"elementor-widget-wrap elementor-element-populated\">\n\t\t\t\t\t\t<div class=\"elementor-element elementor-element-5b17af1 elementor-widget elementor-widget-text-editor\" data-id=\"5b17af1\" data-element_type=\"widget\" data-widget_type=\"text-editor.default\">\n\t\t\t\t<div class=\"elementor-widget-container\">\n\t\t\t\t\t\t\t\t\t<p>10.09.2018 tarihinde 13.B\u00f6lge \u00a0Erzurum Eczac\u0131 Odas\u0131 Ba\u015fkan\u0131 ve Y\u00f6netim Kurulu, \u00a0Atat\u00fcrk \u00dcniversitesi Eczac\u0131l\u0131k Fak\u00fcltesi Dekan\u0131 Say\u0131n Prof. Dr. Y\u00fccel Kad\u0131o\u011flu\u2019nu ziyaret etti. Bu ziyarette\u00a0<\/p><p>2018-2019 Akademik Y\u0131l\u0131&#8217;nda Eczac\u0131l\u0131k Fak\u00fcltesi\u00a0 \u00f6\u011fretim \u00fcyelerinin B\u00f6lge Eczac\u0131lar\u0131na, Eczac\u0131-Hasta \u0130leti\u015fimi, \u0130la\u00e7 Bilgisi, Farmakoloji ve \u0130la\u00e7lar\u0131n Toksik etkileri konular\u0131nda e\u011fitim vermeleri konusunda bilgi al\u0131\u015fveri\u015fi yap\u0131ld\u0131.<\/p>\t\t\t\t\t\t\t\t<\/div>\n\t\t\t\t<\/div>\n\t\t\t\t\t<\/div>\n\t\t<\/div>\n\t\t\t\t\t<\/div>\n\t\t<\/section>\n\t\t\t\t<section class=\"elementor-section elementor-top-section elementor-element elementor-element-d91dc5c elementor-section-boxed elementor-section-height-default elementor-section-height-default\" data-id=\"d91dc5c\" data-element_type=\"section\">\n\t\t\t\t\t\t<div class=\"elementor-container elementor-column-gap-default\">\n\t\t\t\t\t<div class=\"elementor-column elementor-col-100 elementor-top-column elementor-element elementor-element-65e481c\" data-id=\"65e481c\" data-element_type=\"column\">\n\t\t\t<div class=\"elementor-widget-wrap elementor-element-populated\">\n\t\t\t\t\t\t<div class=\"elementor-element elementor-element-d9e502c elementor-widget elementor-widget-image\" data-id=\"d9e502c\" data-element_type=\"widget\" data-widget_type=\"image.default\">\n\t\t\t\t<div class=\"elementor-widget-container\">\n\t\t\t\t\t\t\t\t\t\t\t\t\t\t\t<img fetchpriority=\"high\" decoding=\"async\" width=\"300\" height=\"225\" src=\"https:\/\/atauni.edu.tr\/eczacilik-fakultesi\/wp-content\/uploads\/sites\/58\/2021\/10\/94752279c804a545d823fc3b62348678-300x225.jpg\" class=\"attachment-medium size-medium wp-image-8510\" alt=\"\" srcset=\"https:\/\/atauni.edu.tr\/eczacilik-fakultesi\/wp-content\/uploads\/sites\/58\/2021\/10\/94752279c804a545d823fc3b62348678-300x225.jpg 300w, https:\/\/atauni.edu.tr\/eczacilik-fakultesi\/wp-content\/uploads\/sites\/58\/2021\/10\/94752279c804a545d823fc3b62348678-768x576.jpg 768w, https:\/\/atauni.edu.tr\/eczacilik-fakultesi\/wp-content\/uploads\/sites\/58\/2021\/10\/94752279c804a545d823fc3b62348678-600x450.jpg 600w, https:\/\/atauni.edu.tr\/eczacilik-fakultesi\/wp-content\/uploads\/sites\/58\/2021\/10\/94752279c804a545d823fc3b62348678-560x420.jpg 560w, https:\/\/atauni.edu.tr\/eczacilik-fakultesi\/wp-content\/uploads\/sites\/58\/2021\/10\/94752279c804a545d823fc3b62348678.jpg 960w\" sizes=\"(max-width: 300px) 100vw, 300px\" \/>\t\t\t\t\t\t\t\t\t\t\t\t\t\t\t<\/div>\n\t\t\t\t<\/div>\n\t\t\t\t\t<\/div>\n\t\t<\/div>\n\t\t\t\t\t<\/div>\n\t\t<\/section>\n\t\t\t\t<\/div>\n\t\t","protected":false},"excerpt":{"rendered":"<p>10.09.2018 tarihinde 13.B\u00f6lge \u00a0Erzurum Eczac\u0131 Odas\u0131 Ba\u015fkan\u0131 ve Y\u00f6netim Kurulu, \u00a0Atat\u00fcrk \u00dcniversitesi Eczac\u0131l\u0131k Fak\u00fcltesi Dekan\u0131 Say\u0131n Prof. Dr. Y\u00fccel Kad\u0131o\u011flu\u2019nu ziyaret etti. Bu ziyarette\u00a0 2018-2019 Akademik Y\u0131l\u0131&#8217;nda Eczac\u0131l\u0131k Fak\u00fcltesi\u00a0 \u00f6\u011fretim \u00fcyelerinin B\u00f6lge Eczac\u0131lar\u0131na, Eczac\u0131-Hasta \u0130leti\u015fimi, \u0130la\u00e7 Bilgisi, Farmakoloji ve \u0130la\u00e7lar\u0131n Toksik etkileri konular\u0131nda e\u011fitim vermeleri konusunda bilgi al\u0131\u015fveri\u015fi yap\u0131ld\u0131.<\/p>\n","protected":false},"author":47,"featured_media":0,"parent":0,"menu_order":0,"comment_status":"closed","ping_status":"closed","template":"","meta":{"footnotes":""},"class_list":["post-8504","page","type-page","status-publish","hentry"],"_links":{"self":[{"href":"https:\/\/atauni.edu.tr\/eczacilik-fakultesi\/wp-json\/wp\/v2\/pages\/8504","targetHints":{"allow":["GET"]}}],"collection":[{"href":"https:\/\/atauni.edu.tr\/eczacilik-fakultesi\/wp-json\/wp\/v2\/pages"}],"about":[{"href":"https:\/\/atauni.edu.tr\/eczacilik-fakultesi\/wp-json\/wp\/v2\/types\/page"}],"author":[{"embeddable":true,"href":"https:\/\/atauni.edu.tr\/eczacilik-fakultesi\/wp-json\/wp\/v2\/users\/47"}],"replies":[{"embeddable":true,"href":"https:\/\/atauni.edu.tr\/eczacilik-fakultesi\/wp-json\/wp\/v2\/comments?post=8504"}],"version-history":[{"count":4,"href":"https:\/\/atauni.edu.tr\/eczacilik-fakultesi\/wp-json\/wp\/v2\/pages\/8504\/revisions"}],"predecessor-version":[{"id":8513,"href":"https:\/\/atauni.edu.tr\/eczacilik-fakultesi\/wp-json\/wp\/v2\/pages\/8504\/revisions\/8513"}],"wp:attachment":[{"href":"https:\/\/atauni.edu.tr\/eczacilik-fakultesi\/wp-json\/wp\/v2\/media?parent=8504"}],"curies":[{"name":"wp","href":"https:\/\/api.w.org\/{rel}","templated":true}]}}