{"id":8555,"date":"2021-10-27T17:01:37","date_gmt":"2021-10-27T14:01:37","guid":{"rendered":"http:\/\/birimler.atauni.edu.tr\/eczacilik-fakultesi\/?page_id=8555"},"modified":"2021-10-27T17:04:12","modified_gmt":"2021-10-27T14:04:12","slug":"mesleki-beceri-ve-iletisim-laboratuvari-simulasyon-eczanesi-acilisi-yapildi","status":"publish","type":"page","link":"https:\/\/atauni.edu.tr\/eczacilik-fakultesi\/mesleki-beceri-ve-iletisim-laboratuvari-simulasyon-eczanesi-acilisi-yapildi\/","title":{"rendered":"Mesleki Beceri Ve \u0130leti\u015fim Laboratuvar\u0131 (Sim\u00fclasyon Eczanesi) A\u00e7\u0131l\u0131\u015f\u0131 Yap\u0131ld\u0131."},"content":{"rendered":"\t\t<div data-elementor-type=\"wp-page\" data-elementor-id=\"8555\" class=\"elementor elementor-8555\" data-elementor-post-type=\"page\">\n\t\t\t\t\t\t<section class=\"elementor-section elementor-top-section elementor-element elementor-element-4eef655 elementor-section-boxed elementor-section-height-default elementor-section-height-default\" data-id=\"4eef655\" data-element_type=\"section\">\n\t\t\t\t\t\t<div class=\"elementor-container elementor-column-gap-default\">\n\t\t\t\t\t<div class=\"elementor-column elementor-col-100 elementor-top-column elementor-element elementor-element-0c8e00f\" data-id=\"0c8e00f\" data-element_type=\"column\">\n\t\t\t<div class=\"elementor-widget-wrap elementor-element-populated\">\n\t\t\t\t\t\t<div class=\"elementor-element elementor-element-5dd08a3 elementor-widget elementor-widget-text-editor\" data-id=\"5dd08a3\" data-element_type=\"widget\" data-widget_type=\"text-editor.default\">\n\t\t\t\t<div class=\"elementor-widget-container\">\n\t\t\t\t\t\t\t\t\t<p>Fak\u00fcltemizde \u00f6\u011frencilerimizin e\u011fitimine katk\u0131 sa\u011flayacak, ERVAK Ba\u015fkan\u0131 Ecz. Erdal G\u00dcZEL Uygulama Eczanesi ve Merhum Erzurum 13. B\u00f6lge Eczac\u0131 Odas\u0131 Ba\u015fkan\u0131 Ecz. Hasan Fehmi ALTINDA\u015e Uygulama Eczanesi adlar\u0131nda iki adet &#8220;Mesleki Beceri ve \u0130leti\u015fim Laboratuvar\u0131 (Sim\u00fclasyon Eczanesi)&#8221; yap\u0131ld\u0131 ve Rekt\u00f6r Yard\u0131mc\u0131s\u0131 Prof. Dr. Fuat G\u00dcNDO\u011eDU, TEB Ba\u015fkan\u0131 Ecz. Erdo\u011fan \u00c7OLAK, Erzurum 13. B\u00f6lge Eczac\u0131 Odas\u0131 Genel Sekreteri Ecz. Haluk YA\u015eAR ve Y\u00f6netim Kurulu \u00dcyeleri, ERVAK Ba\u015fkan\u0131 Ecz.\u00a0Erdal G\u00dcZEL, TEB Merkez Heyet \u00dcyeleri, Ecza Odas\u0131 Ba\u015fkanlar\u0131, Sel\u00e7uk Ecza Deposu M\u00fcd\u00fcr\u00fc Kamer \u0130NCESU, Fak\u00fcltemiz Akademik ve \u0130dari Personelinin kat\u0131l\u0131m\u0131yla da a\u00e7\u0131l\u0131\u015f\u0131n\u0131 ger\u00e7ekle\u015ftirdik. Bu eczanelerin yap\u0131l\u0131\u015f\u0131nda maddi desteklerini esirgemeyen T\u00fcrk Eczac\u0131lar Birli\u011fi Ba\u015fkan\u0131 Ecz. Erdo\u011fan \u00c7OLAK ve Merkez Heyet \u00dcyelerine, 13. B\u00f6lge Eczac\u0131 Odas\u0131 Ba\u015fkan\u0131 Ecz. Hakan \u00d6ZCAN ve Y\u00f6netim Kuruluna, ERVAK Ba\u015fkan\u0131 Ecz. Erdal G\u00dcZEL&#8217;e E te\u015fekk\u00fcr ediyoruz. Ayr\u0131ca, Fak\u00fcltede g\u00f6reve ba\u015flad\u0131\u011f\u0131m\u0131z g\u00fcnden bug\u00fcne kadar maddi ve manevi desteklerini bizlerden hi\u00e7 bir zaman esirgemeyen Rekt\u00f6r\u00fcm\u00fcz Prof.Dr. \u00d6mer \u00c7OMAKLI ba\u015fta olmak \u00fczere \u00dcniversitemiz \u00dcst Y\u00f6netimine te\u015fekk\u00fcrlerimizi sunuyoruz. Her zaman yan\u0131m\u0131zda olan destek veren Fak\u00fcltemiz Akademik ve \u0130dari Personeline te\u015fekk\u00fcr ediyoruz.<\/p>\t\t\t\t\t\t\t\t<\/div>\n\t\t\t\t<\/div>\n\t\t\t\t\t<\/div>\n\t\t<\/div>\n\t\t\t\t\t<\/div>\n\t\t<\/section>\n\t\t\t\t<section class=\"elementor-section elementor-top-section elementor-element elementor-element-c3625d9 elementor-section-boxed elementor-section-height-default elementor-section-height-default\" data-id=\"c3625d9\" data-element_type=\"section\">\n\t\t\t\t\t\t<div class=\"elementor-container elementor-column-gap-default\">\n\t\t\t\t\t<div class=\"elementor-column elementor-col-100 elementor-top-column elementor-element elementor-element-563a15b\" data-id=\"563a15b\" data-element_type=\"column\">\n\t\t\t<div class=\"elementor-widget-wrap elementor-element-populated\">\n\t\t\t\t\t\t<div class=\"elementor-element elementor-element-4b247fb elementor-arrows-position-inside elementor-pagination-position-outside elementor-widget elementor-widget-image-carousel\" data-id=\"4b247fb\" data-element_type=\"widget\" data-settings=\"{&quot;navigation&quot;:&quot;both&quot;,&quot;autoplay&quot;:&quot;yes&quot;,&quot;pause_on_hover&quot;:&quot;yes&quot;,&quot;pause_on_interaction&quot;:&quot;yes&quot;,&quot;autoplay_speed&quot;:5000,&quot;infinite&quot;:&quot;yes&quot;,&quot;speed&quot;:500}\" data-widget_type=\"image-carousel.default\">\n\t\t\t\t<div class=\"elementor-widget-container\">\n\t\t\t\t\t\t\t<div class=\"elementor-image-carousel-wrapper swiper\" role=\"region\" aria-roledescription=\"carousel\" aria-label=\"Resim D\u00f6ng\u00fcs\u00fc\" dir=\"ltr\">\n\t\t\t<div class=\"elementor-image-carousel swiper-wrapper\" aria-live=\"off\">\n\t\t\t\t\t\t\t\t<div class=\"swiper-slide\" role=\"group\" aria-roledescription=\"slide\" aria-label=\"1 \/ 4\"><figure class=\"swiper-slide-inner\"><img decoding=\"async\" class=\"swiper-slide-image\" src=\"https:\/\/atauni.edu.tr\/eczacilik-fakultesi\/wp-content\/uploads\/sites\/58\/2020\/07\/MiConv.com__4aea6236c9a803e3f37936b472a186f8-150x150.jpg\" alt=\"MiConv.com__4aea6236c9a803e3f37936b472a186f8\" \/><\/figure><\/div><div class=\"swiper-slide\" role=\"group\" aria-roledescription=\"slide\" aria-label=\"2 \/ 4\"><figure class=\"swiper-slide-inner\"><img decoding=\"async\" class=\"swiper-slide-image\" src=\"https:\/\/atauni.edu.tr\/eczacilik-fakultesi\/wp-content\/uploads\/sites\/58\/2020\/07\/MiConv.com__91863ad0d5d9ed0dfd629f9f4d960d58-150x150.jpg\" alt=\"MiConv.com__91863ad0d5d9ed0dfd629f9f4d960d58\" \/><\/figure><\/div><div class=\"swiper-slide\" role=\"group\" aria-roledescription=\"slide\" aria-label=\"3 \/ 4\"><figure class=\"swiper-slide-inner\"><img decoding=\"async\" class=\"swiper-slide-image\" src=\"https:\/\/atauni.edu.tr\/eczacilik-fakultesi\/wp-content\/uploads\/sites\/58\/2020\/07\/6c56abc3a97126fcb865e31f3ba926b6-2-150x150.jpg\" alt=\"6c56abc3a97126fcb865e31f3ba926b6\" \/><\/figure><\/div><div class=\"swiper-slide\" role=\"group\" aria-roledescription=\"slide\" aria-label=\"4 \/ 4\"><figure class=\"swiper-slide-inner\"><img decoding=\"async\" class=\"swiper-slide-image\" src=\"https:\/\/atauni.edu.tr\/eczacilik-fakultesi\/wp-content\/uploads\/sites\/58\/2020\/07\/e3be22af4443097319c35aeeac97a82d-2-150x150.jpg\" alt=\"e3be22af4443097319c35aeeac97a82d\" \/><\/figure><\/div>\t\t\t<\/div>\n\t\t\t\t\t\t\t\t\t\t\t\t<div class=\"elementor-swiper-button elementor-swiper-button-prev\" role=\"button\" tabindex=\"0\">\n\t\t\t\t\t\t<i aria-hidden=\"true\" class=\"eicon-chevron-left\"><\/i>\t\t\t\t\t<\/div>\n\t\t\t\t\t<div class=\"elementor-swiper-button elementor-swiper-button-next\" role=\"button\" tabindex=\"0\">\n\t\t\t\t\t\t<i aria-hidden=\"true\" class=\"eicon-chevron-right\"><\/i>\t\t\t\t\t<\/div>\n\t\t\t\t\n\t\t\t\t\t\t\t\t\t<div class=\"swiper-pagination\"><\/div>\n\t\t\t\t\t\t\t\t\t<\/div>\n\t\t\t\t\t\t<\/div>\n\t\t\t\t<\/div>\n\t\t\t\t\t<\/div>\n\t\t<\/div>\n\t\t\t\t\t<\/div>\n\t\t<\/section>\n\t\t\t\t<\/div>\n\t\t","protected":false},"excerpt":{"rendered":"<p>Fak\u00fcltemizde \u00f6\u011frencilerimizin e\u011fitimine katk\u0131 sa\u011flayacak, ERVAK Ba\u015fkan\u0131 Ecz. Erdal G\u00dcZEL Uygulama Eczanesi ve Merhum Erzurum 13. B\u00f6lge Eczac\u0131 Odas\u0131 Ba\u015fkan\u0131 Ecz. Hasan Fehmi ALTINDA\u015e Uygulama Eczanesi adlar\u0131nda iki adet &#8220;Mesleki Beceri ve \u0130leti\u015fim Laboratuvar\u0131 (Sim\u00fclasyon Eczanesi)&#8221; yap\u0131ld\u0131 ve Rekt\u00f6r Yard\u0131mc\u0131s\u0131 Prof. Dr. Fuat G\u00dcNDO\u011eDU, TEB Ba\u015fkan\u0131 Ecz. Erdo\u011fan \u00c7OLAK, Erzurum 13. B\u00f6lge Eczac\u0131 Odas\u0131 Genel [&hellip;]<\/p>\n","protected":false},"author":47,"featured_media":0,"parent":0,"menu_order":0,"comment_status":"closed","ping_status":"closed","template":"","meta":{"footnotes":""},"class_list":["post-8555","page","type-page","status-publish","hentry"],"_links":{"self":[{"href":"https:\/\/atauni.edu.tr\/eczacilik-fakultesi\/wp-json\/wp\/v2\/pages\/8555","targetHints":{"allow":["GET"]}}],"collection":[{"href":"https:\/\/atauni.edu.tr\/eczacilik-fakultesi\/wp-json\/wp\/v2\/pages"}],"about":[{"href":"https:\/\/atauni.edu.tr\/eczacilik-fakultesi\/wp-json\/wp\/v2\/types\/page"}],"author":[{"embeddable":true,"href":"https:\/\/atauni.edu.tr\/eczacilik-fakultesi\/wp-json\/wp\/v2\/users\/47"}],"replies":[{"embeddable":true,"href":"https:\/\/atauni.edu.tr\/eczacilik-fakultesi\/wp-json\/wp\/v2\/comments?post=8555"}],"version-history":[{"count":4,"href":"https:\/\/atauni.edu.tr\/eczacilik-fakultesi\/wp-json\/wp\/v2\/pages\/8555\/revisions"}],"predecessor-version":[{"id":8567,"href":"https:\/\/atauni.edu.tr\/eczacilik-fakultesi\/wp-json\/wp\/v2\/pages\/8555\/revisions\/8567"}],"wp:attachment":[{"href":"https:\/\/atauni.edu.tr\/eczacilik-fakultesi\/wp-json\/wp\/v2\/media?parent=8555"}],"curies":[{"name":"wp","href":"https:\/\/api.w.org\/{rel}","templated":true}]}}