{"id":8578,"date":"2021-10-27T17:12:07","date_gmt":"2021-10-27T14:12:07","guid":{"rendered":"http:\/\/birimler.atauni.edu.tr\/eczacilik-fakultesi\/?page_id=8578"},"modified":"2021-10-27T17:15:29","modified_gmt":"2021-10-27T14:15:29","slug":"ogrencilerimize-girisimcilik-egitimi","status":"publish","type":"page","link":"https:\/\/atauni.edu.tr\/eczacilik-fakultesi\/ogrencilerimize-girisimcilik-egitimi\/","title":{"rendered":"\u00d6\u011frencilerimize Giri\u015fimcilik E\u011fitimi"},"content":{"rendered":"\t\t<div data-elementor-type=\"wp-page\" data-elementor-id=\"8578\" class=\"elementor elementor-8578\" data-elementor-post-type=\"page\">\n\t\t\t\t\t\t<section class=\"elementor-section elementor-top-section elementor-element elementor-element-8fb11ae elementor-section-boxed elementor-section-height-default elementor-section-height-default\" data-id=\"8fb11ae\" data-element_type=\"section\">\n\t\t\t\t\t\t<div class=\"elementor-container elementor-column-gap-default\">\n\t\t\t\t\t<div class=\"elementor-column elementor-col-100 elementor-top-column elementor-element elementor-element-e82714b\" data-id=\"e82714b\" data-element_type=\"column\">\n\t\t\t<div class=\"elementor-widget-wrap elementor-element-populated\">\n\t\t\t\t\t\t<div class=\"elementor-element elementor-element-3b98a6b elementor-widget elementor-widget-text-editor\" data-id=\"3b98a6b\" data-element_type=\"widget\" data-widget_type=\"text-editor.default\">\n\t\t\t\t<div class=\"elementor-widget-container\">\n\t\t\t\t\t\t\t\t\t<p>Be\u015finci s\u0131n\u0131f \u00f6\u011frencilerimize giri\u015fimcilik dersi verildi. Ders sonras\u0131nda kat\u0131l\u0131m sertifika t\u00f6reni d\u00fczenlendi. T\u00f6rene Rekt\u00f6r Yard\u0131mc\u0131s\u0131 Prof. Dr. Fuat G\u00dcNDO\u011eDU, KOSGEB M\u00fcd\u00fcr\u00fc, Fak\u00fclte Dekan\u0131 ve \u00d6\u011fretim \u00dcyeleri kat\u0131ld\u0131.<br \/>Giri\u015fimcilik, iktisadi mal veya hizmet \u00fcretimi i\u00e7in \u00fcretim fakt\u00f6rlerinin bir araya getirilerek, ekonomik f\u0131rsatlar\u0131n yeni de\u011ferlere d\u00f6n\u00fc\u015ft\u00fcr\u00fcld\u00fc\u011f\u00fc organizasyonun olu\u015fturulmas\u0131d\u0131r. Gerekli zaman ve \u00e7aban\u0131n ortaya koyulmas\u0131yla finansal, psikolojik ve sosyal riskler al\u0131narak parasal kazan\u00e7 ve ki\u015fisel tatminin elde edilen farkl\u0131 eylemler ortaya koyulmas\u0131d\u0131r. Eczac\u0131l\u0131k mesle\u011finde giri\u015fimcili\u011fin b\u00fcy\u00fck \u00f6nemi vard\u0131r. Bu nedenle \u00f6\u011frencilerimizin mezun olmadan \u00f6nce bu alanda e\u011fitimler almalar\u0131 meslek hayatlar\u0131nda kendilerine b\u00fcy\u00fck fayda sa\u011flayacakt\u0131r. Giri\u015fimcili\u011fin sa\u011flad\u0131\u011f\u0131 faydalar\u0131 \u015f\u00f6yle \u00f6zetlenebilir:<\/p><h2>\u00a0<\/h2><ul><li>Yeni mal veya hizmet \u00fcretmek<\/li><li>Bir fikri fiiliyata ge\u00e7irmek<\/li><li>Ba\u015fkalar\u0131n\u0131n g\u00f6remedi\u011fi f\u0131rsatlardan yararlanmak<\/li><li>Yeni \u00fcretim y\u00f6ntemleri geli\u015ftirmek ve uygulayabilmek<\/li><li>End\u00fcstride yeni organizasyonlar kurabilmek<\/li><li>Yeni pazarlara ula\u015fmak veya yeni potansiyel pazarlar olu\u015fturmak<\/li><li>Ham maddelerin vb maddelerin(yar\u0131 mamul) yeni kaynaklar bulmak<\/li><li>Var olan \u00fcr\u00fcnlerin niteliklerini de\u011fi\u015ftirmek veya y\u00fckseltmek<\/li><li>Bulundu\u011fu sekt\u00f6r\u00fc ve \u00e7evresini etkilemek<\/li><li>Yeni kaynaklar ve y\u00f6ntemlerle alternatifler yaratmak veya maliyetleri d\u00fc\u015f\u00fcrmek<\/li><li>Yeni teknolojiler geli\u015ftirmek<\/li><li>\u0130\u015f hayat\u0131nda de\u011fi\u015fime \u00f6nc\u00fcl\u00fck etmek<\/li><\/ul>\t\t\t\t\t\t\t\t<\/div>\n\t\t\t\t<\/div>\n\t\t\t\t\t<\/div>\n\t\t<\/div>\n\t\t\t\t\t<\/div>\n\t\t<\/section>\n\t\t\t\t<section class=\"elementor-section elementor-top-section elementor-element elementor-element-2c3385f elementor-section-boxed elementor-section-height-default elementor-section-height-default\" data-id=\"2c3385f\" data-element_type=\"section\">\n\t\t\t\t\t\t<div class=\"elementor-container elementor-column-gap-default\">\n\t\t\t\t\t<div class=\"elementor-column elementor-col-100 elementor-top-column elementor-element elementor-element-ab20fb7\" data-id=\"ab20fb7\" data-element_type=\"column\">\n\t\t\t<div class=\"elementor-widget-wrap elementor-element-populated\">\n\t\t\t\t\t\t<div class=\"elementor-element elementor-element-e93da6d elementor-arrows-position-inside elementor-pagination-position-outside elementor-widget elementor-widget-image-carousel\" data-id=\"e93da6d\" data-element_type=\"widget\" data-settings=\"{&quot;navigation&quot;:&quot;both&quot;,&quot;autoplay&quot;:&quot;yes&quot;,&quot;pause_on_hover&quot;:&quot;yes&quot;,&quot;pause_on_interaction&quot;:&quot;yes&quot;,&quot;autoplay_speed&quot;:5000,&quot;infinite&quot;:&quot;yes&quot;,&quot;speed&quot;:500}\" data-widget_type=\"image-carousel.default\">\n\t\t\t\t<div class=\"elementor-widget-container\">\n\t\t\t\t\t\t\t<div class=\"elementor-image-carousel-wrapper swiper\" role=\"region\" aria-roledescription=\"carousel\" aria-label=\"Resim D\u00f6ng\u00fcs\u00fc\" dir=\"ltr\">\n\t\t\t<div class=\"elementor-image-carousel swiper-wrapper\" aria-live=\"off\">\n\t\t\t\t\t\t\t\t<div class=\"swiper-slide\" role=\"group\" aria-roledescription=\"slide\" aria-label=\"1 \/ 14\"><figure class=\"swiper-slide-inner\"><img decoding=\"async\" class=\"swiper-slide-image\" src=\"https:\/\/atauni.edu.tr\/eczacilik-fakultesi\/wp-content\/uploads\/sites\/58\/2020\/07\/MiConv.com__42bfa44a2cd9d14ec338136c679cb417-150x150.jpg\" alt=\"MiConv.com__42bfa44a2cd9d14ec338136c679cb417\" \/><\/figure><\/div><div class=\"swiper-slide\" role=\"group\" aria-roledescription=\"slide\" aria-label=\"2 \/ 14\"><figure class=\"swiper-slide-inner\"><img decoding=\"async\" class=\"swiper-slide-image\" src=\"https:\/\/atauni.edu.tr\/eczacilik-fakultesi\/wp-content\/uploads\/sites\/58\/2020\/07\/MiConv.com__ecc2ee665b62aac4d8ccb43a05b636c6-150x150.jpg\" alt=\"MiConv.com__ecc2ee665b62aac4d8ccb43a05b636c6\" \/><\/figure><\/div><div class=\"swiper-slide\" role=\"group\" aria-roledescription=\"slide\" aria-label=\"3 \/ 14\"><figure class=\"swiper-slide-inner\"><img decoding=\"async\" class=\"swiper-slide-image\" src=\"https:\/\/atauni.edu.tr\/eczacilik-fakultesi\/wp-content\/uploads\/sites\/58\/2020\/07\/MiConv.com__3c61b3968d30fc6946224c816b998f5d-150x150.jpg\" alt=\"MiConv.com__3c61b3968d30fc6946224c816b998f5d\" \/><\/figure><\/div><div class=\"swiper-slide\" role=\"group\" aria-roledescription=\"slide\" aria-label=\"4 \/ 14\"><figure class=\"swiper-slide-inner\"><img decoding=\"async\" class=\"swiper-slide-image\" src=\"https:\/\/atauni.edu.tr\/eczacilik-fakultesi\/wp-content\/uploads\/sites\/58\/2020\/07\/MiConv.com__11dfb5a1a160ef14232e6bf4bea21a37-150x150.jpg\" alt=\"MiConv.com__11dfb5a1a160ef14232e6bf4bea21a37\" \/><\/figure><\/div><div class=\"swiper-slide\" role=\"group\" aria-roledescription=\"slide\" aria-label=\"5 \/ 14\"><figure class=\"swiper-slide-inner\"><img decoding=\"async\" class=\"swiper-slide-image\" src=\"https:\/\/atauni.edu.tr\/eczacilik-fakultesi\/wp-content\/uploads\/sites\/58\/2020\/07\/MiConv.com__489bedda63bdd4f74bd767c34f6cdc08-150x150.jpg\" alt=\"MiConv.com__489bedda63bdd4f74bd767c34f6cdc08\" \/><\/figure><\/div><div class=\"swiper-slide\" role=\"group\" aria-roledescription=\"slide\" aria-label=\"6 \/ 14\"><figure class=\"swiper-slide-inner\"><img decoding=\"async\" class=\"swiper-slide-image\" src=\"https:\/\/atauni.edu.tr\/eczacilik-fakultesi\/wp-content\/uploads\/sites\/58\/2020\/07\/MiConv.com__47ee5a5776baf96bd1f9f172f83b330b-150x150.jpg\" alt=\"MiConv.com__47ee5a5776baf96bd1f9f172f83b330b\" \/><\/figure><\/div><div class=\"swiper-slide\" role=\"group\" aria-roledescription=\"slide\" aria-label=\"7 \/ 14\"><figure class=\"swiper-slide-inner\"><img decoding=\"async\" class=\"swiper-slide-image\" src=\"https:\/\/atauni.edu.tr\/eczacilik-fakultesi\/wp-content\/uploads\/sites\/58\/2020\/07\/MiConv.com__bec23f51ca50141cfec2652af689c6a2-1-150x150.jpg\" alt=\"MiConv.com__bec23f51ca50141cfec2652af689c6a2 (1)\" \/><\/figure><\/div><div class=\"swiper-slide\" role=\"group\" aria-roledescription=\"slide\" aria-label=\"8 \/ 14\"><figure class=\"swiper-slide-inner\"><img decoding=\"async\" class=\"swiper-slide-image\" src=\"https:\/\/atauni.edu.tr\/eczacilik-fakultesi\/wp-content\/uploads\/sites\/58\/2020\/07\/MiConv.com__bec23f51ca50141cfec2652af689c6a2-150x150.jpg\" alt=\"MiConv.com__bec23f51ca50141cfec2652af689c6a2\" \/><\/figure><\/div><div class=\"swiper-slide\" role=\"group\" aria-roledescription=\"slide\" aria-label=\"9 \/ 14\"><figure class=\"swiper-slide-inner\"><img decoding=\"async\" class=\"swiper-slide-image\" src=\"https:\/\/atauni.edu.tr\/eczacilik-fakultesi\/wp-content\/uploads\/sites\/58\/2020\/07\/MiConv.com__244878f80049e0bcd6e9bcb94531352a-150x150.jpg\" alt=\"MiConv.com__244878f80049e0bcd6e9bcb94531352a\" \/><\/figure><\/div><div class=\"swiper-slide\" role=\"group\" aria-roledescription=\"slide\" aria-label=\"10 \/ 14\"><figure class=\"swiper-slide-inner\"><img decoding=\"async\" class=\"swiper-slide-image\" src=\"https:\/\/atauni.edu.tr\/eczacilik-fakultesi\/wp-content\/uploads\/sites\/58\/2020\/07\/MiConv.com__e3398bb4caa244e42962b3efa75d14b6-150x150.jpg\" alt=\"MiConv.com__e3398bb4caa244e42962b3efa75d14b6\" \/><\/figure><\/div><div class=\"swiper-slide\" role=\"group\" aria-roledescription=\"slide\" aria-label=\"11 \/ 14\"><figure class=\"swiper-slide-inner\"><img decoding=\"async\" class=\"swiper-slide-image\" src=\"https:\/\/atauni.edu.tr\/eczacilik-fakultesi\/wp-content\/uploads\/sites\/58\/2020\/07\/MiConv.com__cb7db95ded216232040b14688a660c2f-1-150x150.jpg\" alt=\"MiConv.com__cb7db95ded216232040b14688a660c2f (1)\" \/><\/figure><\/div><div class=\"swiper-slide\" role=\"group\" aria-roledescription=\"slide\" aria-label=\"12 \/ 14\"><figure class=\"swiper-slide-inner\"><img decoding=\"async\" class=\"swiper-slide-image\" src=\"https:\/\/atauni.edu.tr\/eczacilik-fakultesi\/wp-content\/uploads\/sites\/58\/2020\/07\/MiConv.com__7ce0810b52d1eb7de8f0b703ef0a117e-150x150.jpg\" alt=\"MiConv.com__7ce0810b52d1eb7de8f0b703ef0a117e\" \/><\/figure><\/div><div class=\"swiper-slide\" role=\"group\" aria-roledescription=\"slide\" aria-label=\"13 \/ 14\"><figure class=\"swiper-slide-inner\"><img decoding=\"async\" class=\"swiper-slide-image\" src=\"https:\/\/atauni.edu.tr\/eczacilik-fakultesi\/wp-content\/uploads\/sites\/58\/2020\/07\/MiConv.com__0da59d361918e486eee430c4aa6bde36-150x150.jpg\" alt=\"MiConv.com__0da59d361918e486eee430c4aa6bde36\" \/><\/figure><\/div><div class=\"swiper-slide\" role=\"group\" aria-roledescription=\"slide\" aria-label=\"14 \/ 14\"><figure class=\"swiper-slide-inner\"><img decoding=\"async\" class=\"swiper-slide-image\" src=\"https:\/\/atauni.edu.tr\/eczacilik-fakultesi\/wp-content\/uploads\/sites\/58\/2020\/07\/MiConv.com__c58085f17d7f86cac3c46066a694bb45-1-150x150.jpg\" alt=\"MiConv.com__c58085f17d7f86cac3c46066a694bb45 (1)\" \/><\/figure><\/div>\t\t\t<\/div>\n\t\t\t\t\t\t\t\t\t\t\t\t<div class=\"elementor-swiper-button elementor-swiper-button-prev\" role=\"button\" tabindex=\"0\">\n\t\t\t\t\t\t<i aria-hidden=\"true\" class=\"eicon-chevron-left\"><\/i>\t\t\t\t\t<\/div>\n\t\t\t\t\t<div class=\"elementor-swiper-button elementor-swiper-button-next\" role=\"button\" tabindex=\"0\">\n\t\t\t\t\t\t<i aria-hidden=\"true\" class=\"eicon-chevron-right\"><\/i>\t\t\t\t\t<\/div>\n\t\t\t\t\n\t\t\t\t\t\t\t\t\t<div class=\"swiper-pagination\"><\/div>\n\t\t\t\t\t\t\t\t\t<\/div>\n\t\t\t\t\t\t<\/div>\n\t\t\t\t<\/div>\n\t\t\t\t\t<\/div>\n\t\t<\/div>\n\t\t\t\t\t<\/div>\n\t\t<\/section>\n\t\t\t\t<\/div>\n\t\t","protected":false},"excerpt":{"rendered":"<p>Be\u015finci s\u0131n\u0131f \u00f6\u011frencilerimize giri\u015fimcilik dersi verildi. Ders sonras\u0131nda kat\u0131l\u0131m sertifika t\u00f6reni d\u00fczenlendi. T\u00f6rene Rekt\u00f6r Yard\u0131mc\u0131s\u0131 Prof. Dr. Fuat G\u00dcNDO\u011eDU, KOSGEB M\u00fcd\u00fcr\u00fc, Fak\u00fclte Dekan\u0131 ve \u00d6\u011fretim \u00dcyeleri kat\u0131ld\u0131.Giri\u015fimcilik, iktisadi mal veya hizmet \u00fcretimi i\u00e7in \u00fcretim fakt\u00f6rlerinin bir araya getirilerek, ekonomik f\u0131rsatlar\u0131n yeni de\u011ferlere d\u00f6n\u00fc\u015ft\u00fcr\u00fcld\u00fc\u011f\u00fc organizasyonun olu\u015fturulmas\u0131d\u0131r. Gerekli zaman ve \u00e7aban\u0131n ortaya koyulmas\u0131yla finansal, psikolojik ve sosyal [&hellip;]<\/p>\n","protected":false},"author":47,"featured_media":0,"parent":0,"menu_order":0,"comment_status":"closed","ping_status":"closed","template":"","meta":{"footnotes":""},"class_list":["post-8578","page","type-page","status-publish","hentry"],"_links":{"self":[{"href":"https:\/\/atauni.edu.tr\/eczacilik-fakultesi\/wp-json\/wp\/v2\/pages\/8578","targetHints":{"allow":["GET"]}}],"collection":[{"href":"https:\/\/atauni.edu.tr\/eczacilik-fakultesi\/wp-json\/wp\/v2\/pages"}],"about":[{"href":"https:\/\/atauni.edu.tr\/eczacilik-fakultesi\/wp-json\/wp\/v2\/types\/page"}],"author":[{"embeddable":true,"href":"https:\/\/atauni.edu.tr\/eczacilik-fakultesi\/wp-json\/wp\/v2\/users\/47"}],"replies":[{"embeddable":true,"href":"https:\/\/atauni.edu.tr\/eczacilik-fakultesi\/wp-json\/wp\/v2\/comments?post=8578"}],"version-history":[{"count":4,"href":"https:\/\/atauni.edu.tr\/eczacilik-fakultesi\/wp-json\/wp\/v2\/pages\/8578\/revisions"}],"predecessor-version":[{"id":8604,"href":"https:\/\/atauni.edu.tr\/eczacilik-fakultesi\/wp-json\/wp\/v2\/pages\/8578\/revisions\/8604"}],"wp:attachment":[{"href":"https:\/\/atauni.edu.tr\/eczacilik-fakultesi\/wp-json\/wp\/v2\/media?parent=8578"}],"curies":[{"name":"wp","href":"https:\/\/api.w.org\/{rel}","templated":true}]}}