{"id":9678,"date":"2021-12-02T18:05:26","date_gmt":"2021-12-02T15:05:26","guid":{"rendered":"http:\/\/birimler.atauni.edu.tr\/eczacilik-fakultesi\/?page_id=9678"},"modified":"2021-12-02T18:42:59","modified_gmt":"2021-12-02T15:42:59","slug":"2016-yili-etkinlikleri","status":"publish","type":"page","link":"https:\/\/atauni.edu.tr\/eczacilik-fakultesi\/2016-yili-etkinlikleri\/","title":{"rendered":"2016 Y\u0131l\u0131 Etkinlikleri"},"content":{"rendered":"\t\t<div data-elementor-type=\"wp-page\" data-elementor-id=\"9678\" class=\"elementor elementor-9678\" data-elementor-post-type=\"page\">\n\t\t\t\t\t\t<section class=\"elementor-section elementor-top-section elementor-element elementor-element-4ea709f elementor-section-boxed elementor-section-height-default elementor-section-height-default\" data-id=\"4ea709f\" data-element_type=\"section\">\n\t\t\t\t\t\t<div class=\"elementor-container elementor-column-gap-default\">\n\t\t\t\t\t<div class=\"elementor-column elementor-col-100 elementor-top-column elementor-element elementor-element-c2252fd\" data-id=\"c2252fd\" data-element_type=\"column\">\n\t\t\t<div class=\"elementor-widget-wrap elementor-element-populated\">\n\t\t\t\t\t\t\t<\/div>\n\t\t<\/div>\n\t\t\t\t\t<\/div>\n\t\t<\/section>\n\t\t\t\t<section class=\"elementor-section elementor-top-section elementor-element elementor-element-92438b4 elementor-section-boxed elementor-section-height-default elementor-section-height-default\" data-id=\"92438b4\" data-element_type=\"section\">\n\t\t\t\t\t\t<div class=\"elementor-container elementor-column-gap-default\">\n\t\t\t\t\t<div class=\"elementor-column elementor-col-100 elementor-top-column elementor-element elementor-element-b06a488\" data-id=\"b06a488\" data-element_type=\"column\">\n\t\t\t<div class=\"elementor-widget-wrap elementor-element-populated\">\n\t\t\t\t\t\t<div class=\"elementor-element elementor-element-918e156 elementor-widget elementor-widget-text-editor\" data-id=\"918e156\" data-element_type=\"widget\" data-widget_type=\"text-editor.default\">\n\t\t\t\t<div class=\"elementor-widget-container\">\n\t\t\t\t\t\t\t\t\t<ul class=\"nav flex-column\"><li class=\"nav-item\"><a id=\"fakulte-logo-degisikligi\" class=\"nav-link pd aktif\" href=\"http:\/\/birimler.atauni.edu.tr\/eczacilik-fakultesi\/fakulte-logo-degisiksikligi\/\">Fak\u00fclte Logo De\u011fi\u015fikli\u011fi<\/a><\/li><li class=\"nav-item\"><a id=\"ogrenci-kulupleri-toplantisi\" class=\"nav-link pd\" href=\"http:\/\/birimler.atauni.edu.tr\/eczacilik-fakultesi\/ogrenci-kuluplerin-toplantisi\/\">\u00d6\u011frenci Kul\u00fcpleri Toplant\u0131s\u0131<\/a><\/li><li class=\"nav-item\"><a id=\"botanik-eczane-uygulamasi\" class=\"nav-link pd\" href=\"http:\/\/birimler.atauni.edu.tr\/eczacilik-fakultesi\/botanik-eczane-uygulamasi\/\">Botanik Eczane Uygulamas\u0131<\/a><\/li><li class=\"nav-item\"><a id=\"hasta-bilgilendirme-yarismasi-4\" class=\"nav-link pd\" href=\"http:\/\/birimler.atauni.edu.tr\/eczacilik-fakultesi\/hasta-bilgilendirme-yarismasi\/\">Hasta Bilgilendirme Yar\u0131\u015fmas\u0131<\/a><\/li><li class=\"nav-item\"><a id=\"oryantasyon-toplantisi-3\" class=\"nav-link pd\" href=\"http:\/\/birimler.atauni.edu.tr\/eczacilik-fakultesi\/oryantasyon-toplantisi\/\">Oryantasyon Toplant\u0131s\u0131<\/a><\/li><\/ul>\t\t\t\t\t\t\t\t<\/div>\n\t\t\t\t<\/div>\n\t\t\t\t\t<\/div>\n\t\t<\/div>\n\t\t\t\t\t<\/div>\n\t\t<\/section>\n\t\t\t\t<\/div>\n\t\t","protected":false},"excerpt":{"rendered":"<p>Fak\u00fclte Logo De\u011fi\u015fikli\u011fi \u00d6\u011frenci Kul\u00fcpleri Toplant\u0131s\u0131 Botanik Eczane Uygulamas\u0131 Hasta Bilgilendirme Yar\u0131\u015fmas\u0131 Oryantasyon Toplant\u0131s\u0131<\/p>\n","protected":false},"author":47,"featured_media":0,"parent":0,"menu_order":0,"comment_status":"closed","ping_status":"closed","template":"","meta":{"footnotes":""},"class_list":["post-9678","page","type-page","status-publish","hentry"],"_links":{"self":[{"href":"https:\/\/atauni.edu.tr\/eczacilik-fakultesi\/wp-json\/wp\/v2\/pages\/9678","targetHints":{"allow":["GET"]}}],"collection":[{"href":"https:\/\/atauni.edu.tr\/eczacilik-fakultesi\/wp-json\/wp\/v2\/pages"}],"about":[{"href":"https:\/\/atauni.edu.tr\/eczacilik-fakultesi\/wp-json\/wp\/v2\/types\/page"}],"author":[{"embeddable":true,"href":"https:\/\/atauni.edu.tr\/eczacilik-fakultesi\/wp-json\/wp\/v2\/users\/47"}],"replies":[{"embeddable":true,"href":"https:\/\/atauni.edu.tr\/eczacilik-fakultesi\/wp-json\/wp\/v2\/comments?post=9678"}],"version-history":[{"count":7,"href":"https:\/\/atauni.edu.tr\/eczacilik-fakultesi\/wp-json\/wp\/v2\/pages\/9678\/revisions"}],"predecessor-version":[{"id":9767,"href":"https:\/\/atauni.edu.tr\/eczacilik-fakultesi\/wp-json\/wp\/v2\/pages\/9678\/revisions\/9767"}],"wp:attachment":[{"href":"https:\/\/atauni.edu.tr\/eczacilik-fakultesi\/wp-json\/wp\/v2\/media?parent=9678"}],"curies":[{"name":"wp","href":"https:\/\/api.w.org\/{rel}","templated":true}]}}