{"id":9685,"date":"2021-12-02T18:07:28","date_gmt":"2021-12-02T15:07:28","guid":{"rendered":"http:\/\/birimler.atauni.edu.tr\/eczacilik-fakultesi\/?page_id=9685"},"modified":"2021-12-02T18:46:04","modified_gmt":"2021-12-02T15:46:04","slug":"2017-yili-etkinlikleri","status":"publish","type":"page","link":"https:\/\/atauni.edu.tr\/eczacilik-fakultesi\/2017-yili-etkinlikleri\/","title":{"rendered":"2017 Y\u0131l\u0131 Etkinlikleri"},"content":{"rendered":"\t\t<div data-elementor-type=\"wp-page\" data-elementor-id=\"9685\" class=\"elementor elementor-9685\" data-elementor-post-type=\"page\">\n\t\t\t\t\t\t<section class=\"elementor-section elementor-top-section elementor-element elementor-element-e15fbdf elementor-section-boxed elementor-section-height-default elementor-section-height-default\" data-id=\"e15fbdf\" data-element_type=\"section\">\n\t\t\t\t\t\t<div class=\"elementor-container elementor-column-gap-default\">\n\t\t\t\t\t<div class=\"elementor-column elementor-col-100 elementor-top-column elementor-element elementor-element-96254b4\" data-id=\"96254b4\" data-element_type=\"column\">\n\t\t\t<div class=\"elementor-widget-wrap elementor-element-populated\">\n\t\t\t\t\t\t\t<\/div>\n\t\t<\/div>\n\t\t\t\t\t<\/div>\n\t\t<\/section>\n\t\t\t\t<section class=\"elementor-section elementor-top-section elementor-element elementor-element-c037d4d elementor-section-boxed elementor-section-height-default elementor-section-height-default\" data-id=\"c037d4d\" data-element_type=\"section\">\n\t\t\t\t\t\t<div class=\"elementor-container elementor-column-gap-default\">\n\t\t\t\t\t<div class=\"elementor-column elementor-col-100 elementor-top-column elementor-element elementor-element-ede5dc0\" data-id=\"ede5dc0\" data-element_type=\"column\">\n\t\t\t<div class=\"elementor-widget-wrap elementor-element-populated\">\n\t\t\t\t\t\t<div class=\"elementor-element elementor-element-aa09b70 elementor-widget elementor-widget-text-editor\" data-id=\"aa09b70\" data-element_type=\"widget\" data-widget_type=\"text-editor.default\">\n\t\t\t\t<div class=\"elementor-widget-container\">\n\t\t\t\t\t\t\t\t\t<div><div><div><nav><p><a href=\"http:\/\/birimler.atauni.edu.tr\/eczacilik-fakultesi\/mezun-ogrencilerimizin-ziyareti\/\">Mezun \u00d6\u011frencilerimizin Ziyareti<\/a><\/p><p><a href=\"http:\/\/birimler.atauni.edu.tr\/eczacilik-fakultesi\/eczane-kocu-mustafa-ozaslan-konferansi\/\">Eczane Ko\u00e7u Mustafa \u00d6zaslan Konferans\u0131<\/a><\/p><p><a href=\"http:\/\/birimler.atauni.edu.tr\/eczacilik-fakultesi\/7534-2\/\">Kurucu Dekan\u0131m\u0131z Prof. Dr. Samih BAYRAK\u00c7EKEN\u2019le S\u00f6yle\u015fi<\/a><\/p><p><a href=\"http:\/\/birimler.atauni.edu.tr\/eczacilik-fakultesi\/fiziki-sartlar-ve-alt-yapi-kapsaminda-yapilan-calismalar\/\">Fiziki \u015eartlar Ve Alt Yap\u0131 Kapsam\u0131nda Yap\u0131lan \u00c7al\u0131\u015fmalar<\/a><\/p><p><a href=\"http:\/\/birimler.atauni.edu.tr\/eczacilik-fakultesi\/14-ulusal-hasta-bilgilendirme-yarismasi\/\">14. Ulusal Hasta Bilgilendirme Yar\u0131\u015fmas\u0131<\/a><\/p><p><a href=\"http:\/\/birimler.atauni.edu.tr\/eczacilik-fakultesi\/yilbasi-etkinligi\/\">Y\u0131lba\u015f\u0131 Etkinli\u011fi<\/a><\/p><p><a href=\"http:\/\/birimler.atauni.edu.tr\/eczacilik-fakultesi\/kendi-kremini-kendin-yap-etkinligi\/\">Kendi Kremini Kendin Yap Etkinli\u011fi<\/a><\/p><p><a href=\"http:\/\/birimler.atauni.edu.tr\/eczacilik-fakultesi\/bensersiz-film-gosterimi\/\">Benzersiz Film G\u00f6sterimi<\/a><\/p><p><a href=\"https:\/\/atauni.edu.tr\/proje-ofisi-toplantisi\">Proje Ofisi Toplant\u0131s\u0131<\/a><\/p><p><a href=\"http:\/\/birimler.atauni.edu.tr\/eczacilik-fakultesi\/egitim-komisyonu-toplantisi\/\">E\u011fitim Komisyonu Toplant\u0131s\u0131<\/a><\/p><p><a href=\"http:\/\/birimler.atauni.edu.tr\/eczacilik-fakultesi\/danismanlar-toplantisi\/\">Dan\u0131\u015fmanlar Toplant\u0131s\u0131<\/a><\/p><p><a href=\"http:\/\/birimler.atauni.edu.tr\/eczacilik-fakultesi\/oypli-asistanlar-toplantisi\/\">\u00d6YP\u2019li Asistanlarla Toplant\u0131<\/a><\/p><p><a href=\"http:\/\/birimler.atauni.edu.tr\/eczacilik-fakultesi\/fakultemiz-bayan-masa-tenis-takimi-universite-sampiyonu-oldu\/\">Fak\u00fcltemiz Bayan Masa Tenisi Tak\u0131m\u0131 \u00dcniversite \u015eampiyonu Oldu<\/a><\/p><p><a href=\"http:\/\/birimler.atauni.edu.tr\/eczacilik-fakultesi\/erzincan-universitesi-beyaz-onluk-torenine\/\">Dekan\u0131m\u0131z Erzincan \u00dcniversitesi Eczac\u0131l\u0131k Fak\u00fcltesi Beyaz \u00d6nl\u00fck T\u00f6renine Kat\u0131ld\u0131.<\/a><\/p><p><a href=\"http:\/\/birimler.atauni.edu.tr\/eczacilik-fakultesi\/erzurum-buyuksehir-belediye-baskani-mehmet-sekmene-tesekkur\/\">Erzurum B\u00fcy\u00fck\u015fehir Belediye Ba\u015fkan\u0131 Mehmet SEKMEN \u2018E Te\u015fekk\u00fcr<\/a><\/p><p><a href=\"http:\/\/birimler.atauni.edu.tr\/eczacilik-fakultesi\/iftar-yemegi\/\">\u0130ftar Yeme\u011fi<\/a><\/p><p><a href=\"http:\/\/birimler.atauni.edu.tr\/eczacilik-fakultesi\/porto-universitesi-erasmus-ogretim-uyesi-hareketliligi\/\">Porto \u00dcniversitesi ERASMUS+ \u00d6\u011fretim \u00dcyesi Hareketlili\u011fi<\/a><\/p><p><a href=\"http:\/\/birimler.atauni.edu.tr\/eczacilik-fakultesi\/3-ilac-eczacilik-kongresi\/\">3. \u0130la\u00e7 Ve Eczac\u0131l\u0131k Kongresi<\/a><\/p><p><a href=\"http:\/\/birimler.atauni.edu.tr\/eczacilik-fakultesi\/milli-birlik-ve-beraberlik-seminerleri-serisi\/\">Milli Birlik Ve Beraberlik Seminerleri Serisi<\/a><\/p><p><a href=\"http:\/\/birimler.atauni.edu.tr\/eczacilik-fakultesi\/proje-koordinasyon-ofisi-toplantisi\/\">Proje Koordinasyon Ofisi Toplant\u0131<\/a><\/p><p><a href=\"http:\/\/birimler.atauni.edu.tr\/eczacilik-fakultesi\/5-sinif-ogrencileriyle-mezuniyet-toplantisi\/\">5. S\u0131n\u0131f \u00d6\u011frencileriyle Mezuniyet Toplant\u0131s\u0131<\/a><\/p><p><a href=\"http:\/\/birimler.atauni.edu.tr\/eczacilik-fakultesi\/surdurulebilir-kis-kampusu-master-plani\/\">S\u00fcrd\u00fcr\u00fclebilir K\u0131\u015f Kamp\u00fcs\u00fc Master Plan\u0131<\/a><\/p><p><a href=\"http:\/\/birimler.atauni.edu.tr\/eczacilik-fakultesi\/dogu-anadolu-ileri-teknoloji-uygulama-ve-arastirma-merkezidaytam-tanitim-toplantisi\/\">Do\u011fu Anadolu \u0130leri Teknoloji Uygulama Ve Ara\u015ft\u0131rma Merkezi (DAYTAM) Tan\u0131t\u0131m Toplant\u0131s\u0131<\/a><\/p><p><a href=\"http:\/\/birimler.atauni.edu.tr\/eczacilik-fakultesi\/egitim-komisyonu-toplantisi-3\/\">E\u011fitim Komisyonu Toplant\u0131s\u0131<\/a><\/p><p><a href=\"http:\/\/birimler.atauni.edu.tr\/eczacilik-fakultesi\/yeni-donem-danismanlar-toplantisi\/\">Yeni D\u00f6nem I\u00e7in Dan\u0131\u015fmanlar Toplant\u0131s\u0131<\/a><\/p><p><a href=\"http:\/\/birimler.atauni.edu.tr\/eczacilik-fakultesi\/obezite-diyabete-giden-yolda-fruktoz-surubu-prof-dr-seyhan-ersan-semineri\/\">Obezite, Diyabete Giden Yolda Fr\u00fcktoz \u015eurubu-Prof.Dr. Seyhan Ersan Semineri<\/a><\/p><\/nav><\/div><\/div><\/div><div><div><div>\u00a0<\/div><\/div><\/div>\t\t\t\t\t\t\t\t<\/div>\n\t\t\t\t<\/div>\n\t\t\t\t\t<\/div>\n\t\t<\/div>\n\t\t\t\t\t<\/div>\n\t\t<\/section>\n\t\t\t\t<\/div>\n\t\t","protected":false},"excerpt":{"rendered":"<p>Mezun \u00d6\u011frencilerimizin Ziyareti Eczane Ko\u00e7u Mustafa \u00d6zaslan Konferans\u0131 Kurucu Dekan\u0131m\u0131z Prof. Dr. Samih BAYRAK\u00c7EKEN\u2019le S\u00f6yle\u015fi Fiziki \u015eartlar Ve Alt Yap\u0131 Kapsam\u0131nda Yap\u0131lan \u00c7al\u0131\u015fmalar 14. Ulusal Hasta Bilgilendirme Yar\u0131\u015fmas\u0131 Y\u0131lba\u015f\u0131 Etkinli\u011fi Kendi Kremini Kendin Yap Etkinli\u011fi Benzersiz Film G\u00f6sterimi Proje Ofisi Toplant\u0131s\u0131 E\u011fitim Komisyonu Toplant\u0131s\u0131 Dan\u0131\u015fmanlar Toplant\u0131s\u0131 \u00d6YP\u2019li Asistanlarla Toplant\u0131 Fak\u00fcltemiz Bayan Masa Tenisi Tak\u0131m\u0131 \u00dcniversite [&hellip;]<\/p>\n","protected":false},"author":47,"featured_media":0,"parent":0,"menu_order":0,"comment_status":"closed","ping_status":"closed","template":"","meta":{"footnotes":""},"class_list":["post-9685","page","type-page","status-publish","hentry"],"_links":{"self":[{"href":"https:\/\/atauni.edu.tr\/eczacilik-fakultesi\/wp-json\/wp\/v2\/pages\/9685","targetHints":{"allow":["GET"]}}],"collection":[{"href":"https:\/\/atauni.edu.tr\/eczacilik-fakultesi\/wp-json\/wp\/v2\/pages"}],"about":[{"href":"https:\/\/atauni.edu.tr\/eczacilik-fakultesi\/wp-json\/wp\/v2\/types\/page"}],"author":[{"embeddable":true,"href":"https:\/\/atauni.edu.tr\/eczacilik-fakultesi\/wp-json\/wp\/v2\/users\/47"}],"replies":[{"embeddable":true,"href":"https:\/\/atauni.edu.tr\/eczacilik-fakultesi\/wp-json\/wp\/v2\/comments?post=9685"}],"version-history":[{"count":10,"href":"https:\/\/atauni.edu.tr\/eczacilik-fakultesi\/wp-json\/wp\/v2\/pages\/9685\/revisions"}],"predecessor-version":[{"id":9770,"href":"https:\/\/atauni.edu.tr\/eczacilik-fakultesi\/wp-json\/wp\/v2\/pages\/9685\/revisions\/9770"}],"wp:attachment":[{"href":"https:\/\/atauni.edu.tr\/eczacilik-fakultesi\/wp-json\/wp\/v2\/media?parent=9685"}],"curies":[{"name":"wp","href":"https:\/\/api.w.org\/{rel}","templated":true}]}}