{"id":14405,"date":"2025-07-29T14:47:38","date_gmt":"2025-07-29T11:47:38","guid":{"rendered":"https:\/\/birimler.atauni.edu.tr\/edebiyat-fakultesi\/?page_id=14405"},"modified":"2025-07-29T14:47:44","modified_gmt":"2025-07-29T11:47:44","slug":"duyurular","status":"publish","type":"page","link":"https:\/\/atauni.edu.tr\/edebiyat-fakultesi\/duyurular\/","title":{"rendered":"Duyurular"},"content":{"rendered":"<form method=\"get\" class=\"row g-3\" style=\"margin-bottom: 20px;\"><div class=\"col-md-3\"><input type=\"text\" name=\"Duyuru_ara\" class=\"form-control\" placeholder=\"Duyuru ara...\" value=\"\"><\/div><div class=\"col-md-3\"><input type=\"date\" name=\"baslangic_tarihi\" class=\"form-control\" value=\"\"><\/div><div class=\"col-md-3\"><input type=\"date\" name=\"bitis_tarihi\" class=\"form-control\" value=\"\"><\/div><div class=\"col-md-3\"><button type=\"submit\" class=\"btn btn-secondary w-50\">Filtrele<\/button><\/div><\/form><ul class=\"kategori-yazilari-liste\"><li style=\"display: flex; margin-bottom: 10px; align-items: center;\"><div class=\"post-content\" style=\"flex-grow: 1;\"><span class=\"post-date Duyurutarih\" style=\"display: block; font-weight: bold; margin-bottom: 5px;\">20 Ocak 2026<\/span><a class=\"Duyurubaslik\" href=\"https:\/\/atauni.edu.tr\/edebiyat-fakultesi\/2026\/01\/20\/2025-2026-guz-yariyili-azami-sure-sonu-sinavlari\/\">2025-2026 G\u00fcz Yar\u0131y\u0131l\u0131 Azami S\u00fcre Sonu S\u0131navlar\u0131<\/a><\/div><\/li><li style=\"display: flex; margin-bottom: 10px; align-items: center;\"><div class=\"post-content\" style=\"flex-grow: 1;\"><span class=\"post-date Duyurutarih\" style=\"display: block; font-weight: bold; margin-bottom: 5px;\">20 Ocak 2026<\/span><a class=\"Duyurubaslik\" href=\"https:\/\/atauni.edu.tr\/edebiyat-fakultesi\/2026\/01\/20\/2025-2026-guz-yariyili-mezuniyet-tek-ders-sinavi\/\">2025-2026 G\u00fcz Yar\u0131y\u0131l\u0131 B\u00fct\u00fcnleme Sonras\u0131 Mezuniyet Tek Ders S\u0131nav\u0131<\/a><\/div><\/li><li style=\"display: flex; margin-bottom: 10px; align-items: center;\"><div class=\"post-content\" style=\"flex-grow: 1;\"><span class=\"post-date Duyurutarih\" style=\"display: block; font-weight: bold; margin-bottom: 5px;\">30 Aral\u0131k 2025<\/span><a class=\"Duyurubaslik\" href=\"https:\/\/atauni.edu.tr\/edebiyat-fakultesi\/2025\/12\/30\/butunlesik-yuksek-lisans-programi-hakkinda\/\">B\u00fct\u00fcnle\u015fik Y\u00fcksek Lisans Program\u0131<\/a><\/div><\/li><li style=\"display: flex; margin-bottom: 10px; align-items: center;\"><div class=\"post-content\" style=\"flex-grow: 1;\"><span class=\"post-date Duyurutarih\" style=\"display: block; font-weight: bold; margin-bottom: 5px;\">6 Kas\u0131m 2025<\/span><a class=\"Duyurubaslik\" href=\"https:\/\/atauni.edu.tr\/edebiyat-fakultesi\/2025\/11\/06\/edebiyat-fakultesi-kadin-basketbol-ve-kadin-voleybol-takimi-secmeleri-hakkinda\/\">Edebiyat Fak\u00fcltesi Kad\u0131n Basketbol ve Kad\u0131n Voleybol Tak\u0131m\u0131 Se\u00e7meleri Hakk\u0131nda<\/a><\/div><\/li><li style=\"display: flex; margin-bottom: 10px; align-items: center;\"><div class=\"post-content\" style=\"flex-grow: 1;\"><span class=\"post-date Duyurutarih\" style=\"display: block; font-weight: bold; margin-bottom: 5px;\">23 Eyl\u00fcl 2025<\/span><a class=\"Duyurubaslik\" href=\"https:\/\/atauni.edu.tr\/edebiyat-fakultesi\/2025\/09\/23\/2025-2026-egitim-ogretim-yilinda-fakultemizde-uygulanacak-fiyat-listeleri\/\">2025-2026 E\u011fitim \u00d6\u011fretim Y\u0131l\u0131nda Fak\u00fcltemizde Uygulanacak Fiyat Listeleri<\/a><\/div><\/li><li style=\"display: flex; margin-bottom: 10px; align-items: center;\"><div class=\"post-content\" style=\"flex-grow: 1;\"><span class=\"post-date Duyurutarih\" style=\"display: block; font-weight: bold; margin-bottom: 5px;\">16 Eyl\u00fcl 2025<\/span><a class=\"Duyurubaslik\" href=\"https:\/\/atauni.edu.tr\/edebiyat-fakultesi\/2025\/09\/16\/edebiyat-fakultesi-bolumleri-cift-ana-dal-ve-yan-dal-protokolleri-kontenjanlari\/\">Edebiyat Fak\u00fcltesi B\u00f6l\u00fcmleri \u00c7ift Ana Dal ve Yan Dal Protokolleri Kontenjanlar\u0131<\/a><\/div><\/li><li style=\"display: flex; margin-bottom: 10px; align-items: center;\"><div class=\"post-content\" style=\"flex-grow: 1;\"><span class=\"post-date Duyurutarih\" style=\"display: block; font-weight: bold; margin-bottom: 5px;\">1 Eyl\u00fcl 2025<\/span><a class=\"Duyurubaslik\" href=\"https:\/\/atauni.edu.tr\/edebiyat-fakultesi\/2025\/09\/01\/2025-2026-egitim-ogretim-yili-guz-yariyili-lisansustu-program-2-basvurulari\/\">2025-2026\u00a0E\u011fitim \u00d6\u011fretim Y\u0131l\u0131 G\u00fcz Yar\u0131y\u0131l\u0131 Lisans\u00fcst\u00fc Program 2. Ba\u015fvurular\u0131<\/a><\/div><\/li><li style=\"display: flex; margin-bottom: 10px; align-items: center;\"><div class=\"post-content\" style=\"flex-grow: 1;\"><span class=\"post-date Duyurutarih\" style=\"display: block; font-weight: bold; margin-bottom: 5px;\">29 A\u011fustos 2025<\/span><a class=\"Duyurubaslik\" href=\"https:\/\/atauni.edu.tr\/edebiyat-fakultesi\/2025\/08\/29\/2025-2026-egitim-ogretim-yili-mezun-ogrenciler-icin-16-grup-pedagojik-formasyon-egitimi-sertifika-programi\/\">2025-2026 E\u011fitim \u00d6\u011fretim Y\u0131l\u0131 Mezun \u00d6\u011frenciler i\u00e7in 16. Grup Pedagojik Formasyon E\u011fitimi Sertifika Program\u0131<\/a><\/div><\/li><li style=\"display: flex; margin-bottom: 10px; align-items: center;\"><div class=\"post-content\" style=\"flex-grow: 1;\"><span class=\"post-date Duyurutarih\" style=\"display: block; font-weight: bold; margin-bottom: 5px;\">26 A\u011fustos 2025<\/span><a class=\"Duyurubaslik\" href=\"https:\/\/atauni.edu.tr\/edebiyat-fakultesi\/2025\/08\/26\/2024-2025-akademik-yili-bahar-yariyili-yaz-okulu-sonrasi-mezuniyet-tek-ders-sinavi\/\">2024-2025 Akademik Y\u0131l\u0131 Bahar Yar\u0131y\u0131l\u0131 Yaz Okulu Sonras\u0131 Mezuniyet Tek Ders S\u0131nav\u0131<\/a><\/div><\/li><li style=\"display: flex; margin-bottom: 10px; align-items: center;\"><div class=\"post-content\" style=\"flex-grow: 1;\"><span class=\"post-date Duyurutarih\" style=\"display: block; font-weight: bold; margin-bottom: 5px;\">22 A\u011fustos 2025<\/span><a class=\"Duyurubaslik\" href=\"https:\/\/atauni.edu.tr\/edebiyat-fakultesi\/2025\/08\/22\/2024-2025-egitim-ogretim-yili-azami-sure-sonu-sinavlari\/\">2024-2025 E\u011fitim-\u00d6\u011fretim Y\u0131l\u0131 Azami S\u00fcre Sonu S\u0131navlar\u0131<\/a><\/div><\/li><\/ul><nav class=\"pagination\" style=\"margin-top: 20px;\"><ul class='page-numbers'>\n\t<li><span aria-current=\"page\" class=\"page-numbers current\">1<\/span><\/li>\n\t<li><a class=\"page-numbers\" href=\"https:\/\/atauni.edu.tr\/edebiyat-fakultesi\/wp-json\/wp\/v2\/pages\/14405\/page\/2\/\">2<\/a><\/li>\n\t<li><a class=\"page-numbers\" href=\"https:\/\/atauni.edu.tr\/edebiyat-fakultesi\/wp-json\/wp\/v2\/pages\/14405\/page\/3\/\">3<\/a><\/li>\n\t<li><span class=\"page-numbers dots\">&hellip;<\/span><\/li>\n\t<li><a class=\"page-numbers\" href=\"https:\/\/atauni.edu.tr\/edebiyat-fakultesi\/wp-json\/wp\/v2\/pages\/14405\/page\/7\/\">7<\/a><\/li>\n\t<li><a class=\"next page-numbers\" href=\"https:\/\/atauni.edu.tr\/edebiyat-fakultesi\/wp-json\/wp\/v2\/pages\/14405\/page\/2\/\">Sonraki &raquo;<\/a><\/li>\n<\/ul>\n<\/nav>\n\n\n\n<p><\/p>\n","protected":false},"excerpt":{"rendered":"","protected":false},"author":1,"featured_media":0,"parent":0,"menu_order":0,"comment_status":"closed","ping_status":"closed","template":"","meta":{"footnotes":""},"class_list":["post-14405","page","type-page","status-publish","hentry"],"_links":{"self":[{"href":"https:\/\/atauni.edu.tr\/edebiyat-fakultesi\/wp-json\/wp\/v2\/pages\/14405","targetHints":{"allow":["GET"]}}],"collection":[{"href":"https:\/\/atauni.edu.tr\/edebiyat-fakultesi\/wp-json\/wp\/v2\/pages"}],"about":[{"href":"https:\/\/atauni.edu.tr\/edebiyat-fakultesi\/wp-json\/wp\/v2\/types\/page"}],"author":[{"embeddable":true,"href":"https:\/\/atauni.edu.tr\/edebiyat-fakultesi\/wp-json\/wp\/v2\/users\/1"}],"replies":[{"embeddable":true,"href":"https:\/\/atauni.edu.tr\/edebiyat-fakultesi\/wp-json\/wp\/v2\/comments?post=14405"}],"version-history":[{"count":1,"href":"https:\/\/atauni.edu.tr\/edebiyat-fakultesi\/wp-json\/wp\/v2\/pages\/14405\/revisions"}],"predecessor-version":[{"id":14407,"href":"https:\/\/atauni.edu.tr\/edebiyat-fakultesi\/wp-json\/wp\/v2\/pages\/14405\/revisions\/14407"}],"wp:attachment":[{"href":"https:\/\/atauni.edu.tr\/edebiyat-fakultesi\/wp-json\/wp\/v2\/media?parent=14405"}],"curies":[{"name":"wp","href":"https:\/\/api.w.org\/{rel}","templated":true}]}}