{"id":5743,"date":"2021-07-13T11:47:21","date_gmt":"2021-07-13T08:47:21","guid":{"rendered":"https:\/\/portaltest.atauni.edu.tr\/muhendislik-fakultesi\/?page_id=5743"},"modified":"2025-05-20T16:16:14","modified_gmt":"2025-05-20T13:16:14","slug":"misyon-vizyon-ve-temel-degerler","status":"publish","type":"page","link":"https:\/\/atauni.edu.tr\/edebiyat-fakultesi\/misyon-vizyon-ve-temel-degerler\/","title":{"rendered":"Misyon, Vizyon ve Temel De\u011ferler"},"content":{"rendered":"\t\t<div data-elementor-type=\"wp-page\" data-elementor-id=\"5743\" class=\"elementor elementor-5743\" data-elementor-post-type=\"page\">\n\t\t\t\t\t\t<section class=\"elementor-section elementor-top-section elementor-element elementor-element-46c2cb5d elementor-section-boxed elementor-section-height-default elementor-section-height-default\" data-id=\"46c2cb5d\" data-element_type=\"section\">\n\t\t\t\t\t\t<div class=\"elementor-container elementor-column-gap-default\">\n\t\t\t\t\t<div class=\"elementor-column elementor-col-100 elementor-top-column elementor-element elementor-element-299813e7\" data-id=\"299813e7\" data-element_type=\"column\">\n\t\t\t<div class=\"elementor-widget-wrap elementor-element-populated\">\n\t\t\t\t\t\t<div class=\"elementor-element elementor-element-3ec495a9 elementor-widget elementor-widget-heading\" data-id=\"3ec495a9\" data-element_type=\"widget\" data-widget_type=\"heading.default\">\n\t\t\t\t<div class=\"elementor-widget-container\">\n\t\t\t\t\t<h2 class=\"elementor-heading-title elementor-size-default\">Misyon, Vizyon ve Temel De\u011ferler<\/h2>\t\t\t\t<\/div>\n\t\t\t\t<\/div>\n\t\t\t\t<div class=\"elementor-element elementor-element-2092e3b3 elementor-widget-divider--view-line elementor-widget elementor-widget-divider\" data-id=\"2092e3b3\" data-element_type=\"widget\" data-widget_type=\"divider.default\">\n\t\t\t\t<div class=\"elementor-widget-container\">\n\t\t\t\t\t\t\t<div class=\"elementor-divider\">\n\t\t\t<span class=\"elementor-divider-separator\">\n\t\t\t\t\t\t<\/span>\n\t\t<\/div>\n\t\t\t\t\t\t<\/div>\n\t\t\t\t<\/div>\n\t\t\t\t\t<\/div>\n\t\t<\/div>\n\t\t\t\t\t<\/div>\n\t\t<\/section>\n\t\t\t\t<section class=\"elementor-section elementor-top-section elementor-element elementor-element-d76d987 elementor-section-boxed elementor-section-height-default elementor-section-height-default\" data-id=\"d76d987\" data-element_type=\"section\">\n\t\t\t\t\t\t<div class=\"elementor-container elementor-column-gap-default\">\n\t\t\t\t\t<div class=\"elementor-column elementor-col-100 elementor-top-column elementor-element elementor-element-acd741f\" data-id=\"acd741f\" data-element_type=\"column\">\n\t\t\t<div class=\"elementor-widget-wrap elementor-element-populated\">\n\t\t\t\t\t\t<div class=\"elementor-element elementor-element-dd538b4 elementor-widget elementor-widget-text-editor\" data-id=\"dd538b4\" data-element_type=\"widget\" data-widget_type=\"text-editor.default\">\n\t\t\t\t<div class=\"elementor-widget-container\">\n\t\t\t\t\t\t\t\t\t<h5 data-start=\"271\" data-end=\"285\"><span style=\"text-decoration: underline\"><span style=\"color: #000080\"><strong data-start=\"275\" data-end=\"285\">Misyon<\/strong><\/span><\/span><\/h5><p class=\"\" data-start=\"518\" data-end=\"836\">\u0130nsan, toplum, k\u00fclt\u00fcr ve dil ili\u015fkilerini bilimsel bir temelde ele alarak; ele\u015ftirel d\u00fc\u015f\u00fcnme, sorgulama, yorumlama ve payla\u015fma becerilerine sahip; toplumsal, k\u00fclt\u00fcrel ve etik de\u011ferlere duyarl\u0131; yerel, ulusal ve uluslararas\u0131 d\u00fczeyde sosyal sorunlara \u00e7\u00f6z\u00fcm \u00fcretebilen; akademik, sanatsal ve toplumsal etkinliklerle kamu yarar\u0131na katk\u0131 sunan, \u00f6\u011frenmeye a\u00e7\u0131k, giri\u015fimci ve sorumluluk sahibi bireyler yeti\u015ftirmektir.<\/p><h5 data-start=\"843\" data-end=\"857\"><span style=\"text-decoration: underline\"><span style=\"color: #000080;text-decoration: underline\">Vizyon<\/span><\/span><\/h5><p class=\"\" data-start=\"898\" data-end=\"1101\">Sosyal bilimler alan\u0131nda ulusal ve uluslararas\u0131 d\u00fczeyde tan\u0131nan; \u00e7a\u011fda\u015f e\u011fitim ve ara\u015ft\u0131rma yakla\u015f\u0131mlar\u0131 ile \u00f6ne \u00e7\u0131kan; insan ve toplum odakl\u0131 de\u011ferler geli\u015ftiren, yenilik\u00e7i ve \u00f6nc\u00fc bir fak\u00fclte olmakt\u0131r.<\/p><h5 data-start=\"843\" data-end=\"857\"><span style=\"text-decoration: underline\"><span style=\"color: #000080;text-decoration: underline\">Hedefler<\/span><\/span><\/h5><p class=\"\" data-start=\"171\" data-end=\"589\">Edebiyat Fak\u00fcltesinin hedefi; insan, toplum, k\u00fclt\u00fcr ve dil alanlar\u0131nda d\u00fc\u015f\u00fcnebilen, sorgulayan, sorumluluk sahibi bireyler yeti\u015ftirmektir. Fak\u00fclte, nitelikli e\u011fitim vererek \u00f6\u011frencilerin bilimsel bilgi \u00fcretmesini desteklemeyi, k\u00fclt\u00fcrel de\u011ferlere duyarl\u0131 bireyler kazand\u0131rmay\u0131, topluma katk\u0131 sunacak \u00e7al\u0131\u015fmalar yapmay\u0131 ve sosyal bilimler alan\u0131nda \u00f6zg\u00fcn akademik ara\u015ft\u0131rmalar y\u00fcr\u00fctmeyi ama\u00e7lamaktad\u0131r.<\/p><h5 data-start=\"1108\" data-end=\"1130\"><span style=\"text-decoration: underline\"><span style=\"color: #000080;text-decoration: underline\">Temel De\u011ferler<\/span><\/span><\/h5><ul data-start=\"1132\" data-end=\"1852\"><li class=\"\" data-start=\"1132\" data-end=\"1225\"><p class=\"\" data-start=\"1134\" data-end=\"1225\"><em><span style=\"color: #000080\">Bilimsellik:<\/span> Sosyal bilimlerde evrensel bilimsel y\u00f6ntem ve etik kurallar esas al\u0131n\u0131r.<\/em><\/p><\/li><li class=\"\" data-start=\"1226\" data-end=\"1336\"><p class=\"\" data-start=\"1228\" data-end=\"1336\"><em><span style=\"color: #000080\">Yenilik\u00e7ilik ve Giri\u015fimcilik: <\/span>Toplumsal ve k\u00fclt\u00fcrel geli\u015fmelere duyarl\u0131 yeni yakla\u015f\u0131mlar geli\u015ftirilir.<\/em><\/p><\/li><li class=\"\" data-start=\"1337\" data-end=\"1437\"><p class=\"\" data-start=\"1339\" data-end=\"1437\"><em><span style=\"color: #000080\">Kat\u0131l\u0131mc\u0131l\u0131k ve Payla\u015f\u0131mc\u0131l\u0131k:<\/span> Akademik ve idari s\u00fcre\u00e7lerde \u015feffafl\u0131k ve ortak ak\u0131l esast\u0131r.<\/em><\/p><\/li><li class=\"\" data-start=\"1438\" data-end=\"1520\"><p class=\"\" data-start=\"1440\" data-end=\"1520\"><em><span style=\"color: #000080\">\u00d6\u011frenme Odakl\u0131l\u0131k:<\/span> Ele\u015ftirel ve sorgulay\u0131c\u0131 \u00f6\u011frenme s\u00fcre\u00e7leri desteklenir.<\/em><\/p><\/li><li class=\"\" data-start=\"1521\" data-end=\"1621\"><p class=\"\" data-start=\"1523\" data-end=\"1621\"><em><span style=\"color: #000080\">Eme\u011fe Sayg\u0131 ve Ba\u015far\u0131y\u0131 Takdir:<\/span> Akademik ve k\u00fclt\u00fcrel \u00e7abalar desteklenir, ba\u015far\u0131lar tan\u0131n\u0131r.<\/em><\/p><\/li><li class=\"\" data-start=\"1622\" data-end=\"1731\"><p class=\"\" data-start=\"1624\" data-end=\"1731\"><em><span style=\"color: #000080\">Ulusal ve Evrensel De\u011ferlere Ba\u011fl\u0131l\u0131k:<\/span> K\u00fclt\u00fcrel mirasa sahip \u00e7\u0131karken evrensel de\u011ferlere a\u00e7\u0131k olunur.<\/em><\/p><\/li><li class=\"\" data-start=\"1732\" data-end=\"1852\"><p class=\"\" data-start=\"1734\" data-end=\"1852\"><em><span style=\"color: #000080\">Toplumsal ve K\u00fclt\u00fcrel Duyarl\u0131l\u0131k:<\/span> Toplumun ihtiya\u00e7lar\u0131na, k\u00fclt\u00fcrel \u00e7e\u015fitlili\u011fe ve \u00e7evreye duyarl\u0131l\u0131k \u00f6n plandad\u0131r.<\/em><\/p><\/li><\/ul>\t\t\t\t\t\t\t\t<\/div>\n\t\t\t\t<\/div>\n\t\t\t\t\t<\/div>\n\t\t<\/div>\n\t\t\t\t\t<\/div>\n\t\t<\/section>\n\t\t\t\t<\/div>\n\t\t","protected":false},"excerpt":{"rendered":"<p>Misyon, Vizyon ve Temel De\u011ferler Misyon \u0130nsan, toplum, k\u00fclt\u00fcr ve dil ili\u015fkilerini bilimsel bir temelde ele alarak; ele\u015ftirel d\u00fc\u015f\u00fcnme, sorgulama, yorumlama ve payla\u015fma becerilerine sahip; toplumsal, k\u00fclt\u00fcrel ve etik de\u011ferlere duyarl\u0131; yerel, ulusal ve uluslararas\u0131 d\u00fczeyde sosyal sorunlara \u00e7\u00f6z\u00fcm \u00fcretebilen; akademik, sanatsal ve toplumsal etkinliklerle kamu yarar\u0131na katk\u0131 sunan, \u00f6\u011frenmeye a\u00e7\u0131k, giri\u015fimci ve sorumluluk sahibi [&hellip;]<\/p>\n","protected":false},"author":1,"featured_media":0,"parent":0,"menu_order":0,"comment_status":"closed","ping_status":"closed","template":"elementor_header_footer","meta":{"footnotes":""},"class_list":["post-5743","page","type-page","status-publish","hentry"],"_links":{"self":[{"href":"https:\/\/atauni.edu.tr\/edebiyat-fakultesi\/wp-json\/wp\/v2\/pages\/5743","targetHints":{"allow":["GET"]}}],"collection":[{"href":"https:\/\/atauni.edu.tr\/edebiyat-fakultesi\/wp-json\/wp\/v2\/pages"}],"about":[{"href":"https:\/\/atauni.edu.tr\/edebiyat-fakultesi\/wp-json\/wp\/v2\/types\/page"}],"author":[{"embeddable":true,"href":"https:\/\/atauni.edu.tr\/edebiyat-fakultesi\/wp-json\/wp\/v2\/users\/1"}],"replies":[{"embeddable":true,"href":"https:\/\/atauni.edu.tr\/edebiyat-fakultesi\/wp-json\/wp\/v2\/comments?post=5743"}],"version-history":[{"count":32,"href":"https:\/\/atauni.edu.tr\/edebiyat-fakultesi\/wp-json\/wp\/v2\/pages\/5743\/revisions"}],"predecessor-version":[{"id":14154,"href":"https:\/\/atauni.edu.tr\/edebiyat-fakultesi\/wp-json\/wp\/v2\/pages\/5743\/revisions\/14154"}],"wp:attachment":[{"href":"https:\/\/atauni.edu.tr\/edebiyat-fakultesi\/wp-json\/wp\/v2\/media?parent=5743"}],"curies":[{"name":"wp","href":"https:\/\/api.w.org\/{rel}","templated":true}]}}