{"id":5791,"date":"2021-07-13T13:07:15","date_gmt":"2021-07-13T10:07:15","guid":{"rendered":"https:\/\/portaltest.atauni.edu.tr\/bilgisayar-muhendisligi\/?page_id=5791"},"modified":"2025-05-25T14:29:49","modified_gmt":"2025-05-25T11:29:49","slug":"staj","status":"publish","type":"page","link":"https:\/\/atauni.edu.tr\/ekonometri-bolumu\/staj\/","title":{"rendered":"Staj"},"content":{"rendered":"<p>De\u011ferli \u00d6\u011frencilerimiz,<\/p>\n<p>Staj imkan\u0131 sizlere se\u00e7meli ders olarak verilmektedir.<\/p>\n<p>4. yar\u0131y\u0131l ve 6. yar\u0131y\u0131llarda Staj dersini (sadece 1 d\u00f6nem se\u00e7ebilirsiniz) se\u00e7erek 6 AKTS\u2019lik (2 se\u00e7meli ders) ders y\u00fck\u00fcn\u00fc tamamlam\u0131\u015f olursunuz.<\/p>\n<h3 class=\"elementor-heading-title elementor-size-default\">\u0130ktisadi ve \u0130dari Bilimler Fak\u00fcltesi Staj \u0130\u015f Ak\u0131\u015f\u0131<\/h3>\n\n\n<div data-wp-interactive=\"core\/file\" class=\"wp-block-file\"><object data-wp-bind--hidden=\"!state.hasPdfPreview\" hidden class=\"wp-block-file__embed\" data=\"https:\/\/birimler.atauni.edu.tr\/ekonometri-bolumu\/wp-content\/uploads\/sites\/102\/2025\/05\/Staj-Is-Akisi.pdf\" type=\"application\/pdf\" style=\"width:100%;height:600px\" aria-label=\"Staj \u0130\u015f Ak\u0131\u015f\u0131 g\u00f6m\u00fcs\u00fc.\"><\/object><a id=\"wp-block-file--media-d16443c7-6327-41f6-ab29-06e4ba8f47c1\" href=\"https:\/\/birimler.atauni.edu.tr\/ekonometri-bolumu\/wp-content\/uploads\/sites\/102\/2025\/05\/Staj-Is-Akisi.pdf\">Staj \u0130\u015f Ak\u0131\u015f\u0131<\/a><a href=\"https:\/\/birimler.atauni.edu.tr\/ekonometri-bolumu\/wp-content\/uploads\/sites\/102\/2025\/05\/Staj-Is-Akisi.pdf\" class=\"wp-block-file__button wp-element-button\" download aria-describedby=\"wp-block-file--media-d16443c7-6327-41f6-ab29-06e4ba8f47c1\">\u0130ndir<\/a><\/div>\n","protected":false},"excerpt":{"rendered":"<p>De\u011ferli \u00d6\u011frencilerimiz, Staj imkan\u0131 sizlere se\u00e7meli ders olarak verilmektedir. 4. yar\u0131y\u0131l ve 6. yar\u0131y\u0131llarda Staj dersini (sadece 1 d\u00f6nem se\u00e7ebilirsiniz) se\u00e7erek 6 AKTS\u2019lik (2 se\u00e7meli ders) ders y\u00fck\u00fcn\u00fc tamamlam\u0131\u015f olursunuz. \u0130ktisadi ve \u0130dari Bilimler Fak\u00fcltesi Staj \u0130\u015f Ak\u0131\u015f\u0131<\/p>\n","protected":false},"author":1,"featured_media":0,"parent":0,"menu_order":0,"comment_status":"closed","ping_status":"closed","template":"elementor_header_footer","meta":{"footnotes":""},"class_list":["post-5791","page","type-page","status-publish","hentry"],"_links":{"self":[{"href":"https:\/\/atauni.edu.tr\/ekonometri-bolumu\/wp-json\/wp\/v2\/pages\/5791","targetHints":{"allow":["GET"]}}],"collection":[{"href":"https:\/\/atauni.edu.tr\/ekonometri-bolumu\/wp-json\/wp\/v2\/pages"}],"about":[{"href":"https:\/\/atauni.edu.tr\/ekonometri-bolumu\/wp-json\/wp\/v2\/types\/page"}],"author":[{"embeddable":true,"href":"https:\/\/atauni.edu.tr\/ekonometri-bolumu\/wp-json\/wp\/v2\/users\/1"}],"replies":[{"embeddable":true,"href":"https:\/\/atauni.edu.tr\/ekonometri-bolumu\/wp-json\/wp\/v2\/comments?post=5791"}],"version-history":[{"count":11,"href":"https:\/\/atauni.edu.tr\/ekonometri-bolumu\/wp-json\/wp\/v2\/pages\/5791\/revisions"}],"predecessor-version":[{"id":6584,"href":"https:\/\/atauni.edu.tr\/ekonometri-bolumu\/wp-json\/wp\/v2\/pages\/5791\/revisions\/6584"}],"wp:attachment":[{"href":"https:\/\/atauni.edu.tr\/ekonometri-bolumu\/wp-json\/wp\/v2\/media?parent=5791"}],"curies":[{"name":"wp","href":"https:\/\/api.w.org\/{rel}","templated":true}]}}