{"id":6554,"date":"2025-05-24T22:15:20","date_gmt":"2025-05-24T19:15:20","guid":{"rendered":"https:\/\/birimler.atauni.edu.tr\/ekonometri-bolumu\/?page_id=6554"},"modified":"2025-05-24T22:15:20","modified_gmt":"2025-05-24T19:15:20","slug":"lisansustu-mufredat-dersleri-ve-akts-bilgileri","status":"publish","type":"page","link":"https:\/\/atauni.edu.tr\/ekonometri-bolumu\/lisansustu-mufredat-dersleri-ve-akts-bilgileri\/","title":{"rendered":"Lisans\u00fcst\u00fc M\u00fcfredat Dersleri ve AKTS Bilgileri"},"content":{"rendered":"\n<p><a href=\"https:\/\/obs.atauni.edu.tr\/moduller\/dbp\/eobs\/birimDetay\/1475\/Ekonometri+-+Bilim+Dal%C4%B1+-+Tezli+Y%C3%BCksek+Lisans+Program%C4%B1%20\">Ekonometri Tezli Y\u00fcksek Lisans M\u00fcfredat Dersleri<\/a><\/p>\n\n\n\n<p><a href=\"https:\/\/obs.atauni.edu.tr\/moduller\/dbp\/eobs\/birimDetay\/1688\/Ekonometri+-+Bilim+Dal%C4%B1+-+Doktora+Program%C4%B1%20\">Ekonometri Doktora M\u00fcfredat Dersleri<\/a><\/p>\n\n\n\n<p><\/p>\n","protected":false},"excerpt":{"rendered":"<p>Ekonometri Tezli Y\u00fcksek Lisans M\u00fcfredat Dersleri Ekonometri Doktora M\u00fcfredat Dersleri<\/p>\n","protected":false},"author":511,"featured_media":0,"parent":0,"menu_order":0,"comment_status":"closed","ping_status":"closed","template":"","meta":{"footnotes":""},"class_list":["post-6554","page","type-page","status-publish","hentry"],"_links":{"self":[{"href":"https:\/\/atauni.edu.tr\/ekonometri-bolumu\/wp-json\/wp\/v2\/pages\/6554","targetHints":{"allow":["GET"]}}],"collection":[{"href":"https:\/\/atauni.edu.tr\/ekonometri-bolumu\/wp-json\/wp\/v2\/pages"}],"about":[{"href":"https:\/\/atauni.edu.tr\/ekonometri-bolumu\/wp-json\/wp\/v2\/types\/page"}],"author":[{"embeddable":true,"href":"https:\/\/atauni.edu.tr\/ekonometri-bolumu\/wp-json\/wp\/v2\/users\/511"}],"replies":[{"embeddable":true,"href":"https:\/\/atauni.edu.tr\/ekonometri-bolumu\/wp-json\/wp\/v2\/comments?post=6554"}],"version-history":[{"count":1,"href":"https:\/\/atauni.edu.tr\/ekonometri-bolumu\/wp-json\/wp\/v2\/pages\/6554\/revisions"}],"predecessor-version":[{"id":6555,"href":"https:\/\/atauni.edu.tr\/ekonometri-bolumu\/wp-json\/wp\/v2\/pages\/6554\/revisions\/6555"}],"wp:attachment":[{"href":"https:\/\/atauni.edu.tr\/ekonometri-bolumu\/wp-json\/wp\/v2\/media?parent=6554"}],"curies":[{"name":"wp","href":"https:\/\/api.w.org\/{rel}","templated":true}]}}