{"id":6669,"date":"2025-10-30T14:44:34","date_gmt":"2025-10-30T11:44:34","guid":{"rendered":"https:\/\/birimler.atauni.edu.tr\/ekonometri-bolumu\/?page_id=6669"},"modified":"2025-10-30T14:44:40","modified_gmt":"2025-10-30T11:44:40","slug":"akran-danismanligi","status":"publish","type":"page","link":"https:\/\/atauni.edu.tr\/ekonometri-bolumu\/akran-danismanligi\/","title":{"rendered":"Akran Dan\u0131\u015fmanl\u0131\u011f\u0131"},"content":{"rendered":"\n<p>B\u00f6l\u00fcm\u00fcm\u00fcz \u00f6\u011frencilerinden s\u0131ras\u0131yla 4., 3. ve 2. s\u0131n\u0131flar\u0131nda bulunan Y\u00fcksek Onur ve Onur \u00f6\u011frencilerinin akademik hayata yeni giri\u015f yapan 1. s\u0131n\u0131f \u00f6\u011frencilerimize \u00fcniversite, fak\u00fclte, b\u00f6l\u00fcm, \u015fehir hayat\u0131 vb. konularda Akran Dan\u0131\u015fmanl\u0131\u011f\u0131 yapmas\u0131 hedeflenmi\u015ftir. Bu kapsamda 2025-2026 e\u011fitim-\u00f6\u011fretim y\u0131l\u0131 itibariyle b\u00f6l\u00fcm\u00fcm\u00fczde bulunan tek  Onur \u00f6\u011frencisi ile t\u00fcm 1. s\u0131n\u0131f \u00f6\u011frencileri e\u015fle\u015ftirilmi\u015ftir.<\/p>\n\n\n\n<div class=\"wp-block-file\"><a id=\"wp-block-file--media-828c29a0-28cf-4cb6-a064-6e3010a63dc2\" href=\"https:\/\/birimler.atauni.edu.tr\/ekonometri-bolumu\/wp-content\/uploads\/sites\/102\/2025\/10\/Akran-Danismanligi.xlsx\">Akran Dan\u0131\u015fmanl\u0131\u011f\u0131<\/a><a href=\"https:\/\/birimler.atauni.edu.tr\/ekonometri-bolumu\/wp-content\/uploads\/sites\/102\/2025\/10\/Akran-Danismanligi.xlsx\" class=\"wp-block-file__button wp-element-button\" download aria-describedby=\"wp-block-file--media-828c29a0-28cf-4cb6-a064-6e3010a63dc2\">\u0130ndir<\/a><\/div>\n","protected":false},"excerpt":{"rendered":"<p>B\u00f6l\u00fcm\u00fcm\u00fcz \u00f6\u011frencilerinden s\u0131ras\u0131yla 4., 3. ve 2. s\u0131n\u0131flar\u0131nda bulunan Y\u00fcksek Onur ve Onur \u00f6\u011frencilerinin akademik hayata yeni giri\u015f yapan 1. s\u0131n\u0131f \u00f6\u011frencilerimize \u00fcniversite, fak\u00fclte, b\u00f6l\u00fcm, \u015fehir hayat\u0131 vb. konularda Akran Dan\u0131\u015fmanl\u0131\u011f\u0131 yapmas\u0131 hedeflenmi\u015ftir. Bu kapsamda 2025-2026 e\u011fitim-\u00f6\u011fretim y\u0131l\u0131 itibariyle b\u00f6l\u00fcm\u00fcm\u00fczde bulunan tek Onur \u00f6\u011frencisi ile t\u00fcm 1. s\u0131n\u0131f \u00f6\u011frencileri e\u015fle\u015ftirilmi\u015ftir.<\/p>\n","protected":false},"author":511,"featured_media":0,"parent":0,"menu_order":0,"comment_status":"closed","ping_status":"closed","template":"","meta":{"footnotes":""},"class_list":["post-6669","page","type-page","status-publish","hentry"],"_links":{"self":[{"href":"https:\/\/atauni.edu.tr\/ekonometri-bolumu\/wp-json\/wp\/v2\/pages\/6669","targetHints":{"allow":["GET"]}}],"collection":[{"href":"https:\/\/atauni.edu.tr\/ekonometri-bolumu\/wp-json\/wp\/v2\/pages"}],"about":[{"href":"https:\/\/atauni.edu.tr\/ekonometri-bolumu\/wp-json\/wp\/v2\/types\/page"}],"author":[{"embeddable":true,"href":"https:\/\/atauni.edu.tr\/ekonometri-bolumu\/wp-json\/wp\/v2\/users\/511"}],"replies":[{"embeddable":true,"href":"https:\/\/atauni.edu.tr\/ekonometri-bolumu\/wp-json\/wp\/v2\/comments?post=6669"}],"version-history":[{"count":1,"href":"https:\/\/atauni.edu.tr\/ekonometri-bolumu\/wp-json\/wp\/v2\/pages\/6669\/revisions"}],"predecessor-version":[{"id":6671,"href":"https:\/\/atauni.edu.tr\/ekonometri-bolumu\/wp-json\/wp\/v2\/pages\/6669\/revisions\/6671"}],"wp:attachment":[{"href":"https:\/\/atauni.edu.tr\/ekonometri-bolumu\/wp-json\/wp\/v2\/media?parent=6669"}],"curies":[{"name":"wp","href":"https:\/\/api.w.org\/{rel}","templated":true}]}}