{"id":5638,"date":"2021-07-13T09:49:25","date_gmt":"2021-07-13T06:49:25","guid":{"rendered":"https:\/\/portaltest.atauni.edu.tr\/bilgisayar-muhendisligi\/?page_id=5638"},"modified":"2021-09-13T10:21:35","modified_gmt":"2021-09-13T07:21:35","slug":"tarihce","status":"publish","type":"page","link":"https:\/\/atauni.edu.tr\/elektrik-enerjisi-uretim-iletim-ve-dagitimi\/tarihce\/","title":{"rendered":"Tarih\u00e7e"},"content":{"rendered":"\t\t<div data-elementor-type=\"wp-page\" data-elementor-id=\"5638\" class=\"elementor elementor-5638\" data-elementor-post-type=\"page\">\n\t\t\t\t\t\t<section class=\"elementor-section elementor-top-section elementor-element elementor-element-730d320 elementor-section-boxed elementor-section-height-default elementor-section-height-default\" data-id=\"730d320\" data-element_type=\"section\">\n\t\t\t\t\t\t<div class=\"elementor-container elementor-column-gap-default\">\n\t\t\t\t\t<div class=\"elementor-column elementor-col-100 elementor-top-column elementor-element elementor-element-753d0860\" data-id=\"753d0860\" data-element_type=\"column\">\n\t\t\t<div class=\"elementor-widget-wrap\">\n\t\t\t\t\t\t\t<\/div>\n\t\t<\/div>\n\t\t\t\t\t<\/div>\n\t\t<\/section>\n\t\t\t\t<section class=\"elementor-section elementor-top-section elementor-element elementor-element-9be811a elementor-section-boxed elementor-section-height-default elementor-section-height-default\" data-id=\"9be811a\" data-element_type=\"section\">\n\t\t\t\t\t\t<div class=\"elementor-container elementor-column-gap-default\">\n\t\t\t\t\t<div class=\"elementor-column elementor-col-100 elementor-top-column elementor-element elementor-element-1ed847b7\" data-id=\"1ed847b7\" data-element_type=\"column\">\n\t\t\t<div class=\"elementor-widget-wrap elementor-element-populated\">\n\t\t\t\t\t\t<div class=\"elementor-element elementor-element-4ce0d07f elementor-widget elementor-widget-heading\" data-id=\"4ce0d07f\" data-element_type=\"widget\" data-widget_type=\"heading.default\">\n\t\t\t\t<div class=\"elementor-widget-container\">\n\t\t\t\t\t<h2 class=\"elementor-heading-title elementor-size-default\">Tarih\u00e7e<\/h2>\t\t\t\t<\/div>\n\t\t\t\t<\/div>\n\t\t\t\t<div class=\"elementor-element elementor-element-63260862 elementor-widget-divider--view-line elementor-widget elementor-widget-divider\" data-id=\"63260862\" data-element_type=\"widget\" data-widget_type=\"divider.default\">\n\t\t\t\t<div class=\"elementor-widget-container\">\n\t\t\t\t\t\t\t<div class=\"elementor-divider\">\n\t\t\t<span class=\"elementor-divider-separator\">\n\t\t\t\t\t\t<\/span>\n\t\t<\/div>\n\t\t\t\t\t\t<\/div>\n\t\t\t\t<\/div>\n\t\t\t\t\t<\/div>\n\t\t<\/div>\n\t\t\t\t\t<\/div>\n\t\t<\/section>\n\t\t\t\t<section class=\"elementor-section elementor-top-section elementor-element elementor-element-681db8b elementor-section-boxed elementor-section-height-default elementor-section-height-default\" data-id=\"681db8b\" data-element_type=\"section\">\n\t\t\t\t\t\t<div class=\"elementor-container elementor-column-gap-default\">\n\t\t\t\t\t<div class=\"elementor-column elementor-col-100 elementor-top-column elementor-element elementor-element-ad4dac5\" data-id=\"ad4dac5\" data-element_type=\"column\">\n\t\t\t<div class=\"elementor-widget-wrap elementor-element-populated\">\n\t\t\t\t\t\t<div class=\"elementor-element elementor-element-2f96b3d elementor-widget elementor-widget-text-editor\" data-id=\"2f96b3d\" data-element_type=\"widget\" data-widget_type=\"text-editor.default\">\n\t\t\t\t<div class=\"elementor-widget-container\">\n\t\t\t\t\t\t\t\t\t<p>Atat\u00fcrk \u00dcniversitesi Elektrik Enerjisi \u00dcretim \u0130letim ve Da\u011f\u0131t\u0131m\u0131 Program\u0131n\u0131n k\u00f6keni, \u00fclkenin enerji ihtiyac\u0131n\u0131 kar\u015f\u0131lamak \u00fczere nitelikli eleman yeti\u015ftirme amac\u0131na dayan\u0131r. Bu program\u0131n temelleri, elektrik enerjisinin \u00fcretimi, iletimi ve da\u011f\u0131t\u0131m\u0131 alanlar\u0131nda uzmanla\u015fm\u0131\u015f personelin yeti\u015ftirilmesine y\u00f6nelik olarak at\u0131lm\u0131\u015ft\u0131r.<\/p>\n<p>Program\u0131n\u6b77\u53f2i, enerji sekt\u00f6r\u00fcn\u00fcn geli\u015fimine paralel olarak \u015fekillenmi\u015ftir. Enerji ihtiyac\u0131n\u0131n artmas\u0131yla birlikte, elektrik enerjisi \u00fcretim, iletim ve da\u011f\u0131t\u0131m\u0131nda uzmanla\u015fm\u0131\u015f personelin yeti\u015ftirilmesi gereksinimi ortaya \u00e7\u0131km\u0131\u015ft\u0131r.<\/p>\n<p>Atat\u00fcrk \u00dcniversitesi, bu gereksinime yan\u0131t vermek \u00fczere Elektrik Enerjisi \u00dcretim \u0130letim ve Da\u011f\u0131t\u0131m\u0131 Program\u0131n\u0131 kurmu\u015ftur. Program\u0131n kurulmas\u0131yla birlikte, elektrik enerjisi sekt\u00f6r\u00fcnde faaliyet g\u00f6steren kurum ve kurulu\u015flar\u0131n ihtiyac\u0131 olan nitelikli elemanlar\u0131n yeti\u015ftirilmesi hedeflenmi\u015ftir.<\/p>\n<p>Program, \u00f6\u011frencilere teorik ve pratik e\u011fitim vermeyi ama\u00e7lar. \u00d6\u011frenciler, elektrik enerjisi \u00fcretim, iletim ve da\u011f\u0131t\u0131m\u0131 konular\u0131nda derinlemesine bilgi sahibi olurlar. Ayr\u0131ca, sekt\u00f6r\u00fcn gereksinimlerine uygun olarak, \u00f6\u011frencilerin proje y\u00f6netimi, i\u015f sa\u011fl\u0131\u011f\u0131 ve g\u00fcvenli\u011fi gibi konularda da e\u011fitimi sa\u011flanmaktad\u0131r.<\/p>\n<p>Atat\u00fcrk \u00dcniversitesi Elektrik Enerjisi \u00dcretim \u0130letim ve Da\u011f\u0131t\u0131m\u0131 Program\u0131, enerji sekt\u00f6r\u00fcn\u00fcn geli\u015fimine katk\u0131da bulunmay\u0131 hedefler. Program\u0131n mezunlar\u0131, elektrik enerjisi sekt\u00f6r\u00fcnde \u00f6nemli roller \u00fcstlenerek, \u00fclkenin enerji ihtiyac\u0131n\u0131 kar\u015f\u0131lamada aktif rol oynamaktad\u0131rlar.<\/p>\t\t\t\t\t\t\t\t<\/div>\n\t\t\t\t<\/div>\n\t\t\t\t\t<\/div>\n\t\t<\/div>\n\t\t\t\t\t<\/div>\n\t\t<\/section>\n\t\t\t\t<\/div>\n\t\t","protected":false},"excerpt":{"rendered":"<p>Tarih\u00e7e Lorem Ipsum Nedir? Lorem Ipsum, dizgi ve bask\u0131 end\u00fcstrisinde kullan\u0131lan m\u0131g\u0131r metinlerdir. Lorem Ipsum, ad\u0131 bilinmeyen bir matbaac\u0131n\u0131n bir hurufat numune kitab\u0131 olu\u015fturmak \u00fczere bir yaz\u0131 galerisini alarak kar\u0131\u015ft\u0131rd\u0131\u011f\u0131 1500&#8217;lerden beri end\u00fcstri standard\u0131 sahte metinler olarak kullan\u0131lm\u0131\u015ft\u0131r. Be\u015fy\u00fcz y\u0131l boyunca varl\u0131\u011f\u0131n\u0131 s\u00fcrd\u00fcrmekle kalmam\u0131\u015f, ayn\u0131 zamanda pek de\u011fi\u015fmeden elektronik dizgiye de s\u0131\u00e7ram\u0131\u015ft\u0131r. 1960&#8217;larda Lorem Ipsum [&hellip;]<\/p>\n","protected":false},"author":1,"featured_media":0,"parent":0,"menu_order":0,"comment_status":"closed","ping_status":"closed","template":"","meta":{"footnotes":""},"class_list":["post-5638","page","type-page","status-publish","hentry"],"_links":{"self":[{"href":"https:\/\/atauni.edu.tr\/elektrik-enerjisi-uretim-iletim-ve-dagitimi\/wp-json\/wp\/v2\/pages\/5638","targetHints":{"allow":["GET"]}}],"collection":[{"href":"https:\/\/atauni.edu.tr\/elektrik-enerjisi-uretim-iletim-ve-dagitimi\/wp-json\/wp\/v2\/pages"}],"about":[{"href":"https:\/\/atauni.edu.tr\/elektrik-enerjisi-uretim-iletim-ve-dagitimi\/wp-json\/wp\/v2\/types\/page"}],"author":[{"embeddable":true,"href":"https:\/\/atauni.edu.tr\/elektrik-enerjisi-uretim-iletim-ve-dagitimi\/wp-json\/wp\/v2\/users\/1"}],"replies":[{"embeddable":true,"href":"https:\/\/atauni.edu.tr\/elektrik-enerjisi-uretim-iletim-ve-dagitimi\/wp-json\/wp\/v2\/comments?post=5638"}],"version-history":[{"count":22,"href":"https:\/\/atauni.edu.tr\/elektrik-enerjisi-uretim-iletim-ve-dagitimi\/wp-json\/wp\/v2\/pages\/5638\/revisions"}],"predecessor-version":[{"id":6117,"href":"https:\/\/atauni.edu.tr\/elektrik-enerjisi-uretim-iletim-ve-dagitimi\/wp-json\/wp\/v2\/pages\/5638\/revisions\/6117"}],"wp:attachment":[{"href":"https:\/\/atauni.edu.tr\/elektrik-enerjisi-uretim-iletim-ve-dagitimi\/wp-json\/wp\/v2\/media?parent=5638"}],"curies":[{"name":"wp","href":"https:\/\/api.w.org\/{rel}","templated":true}]}}