{"id":5638,"date":"2021-07-13T09:49:25","date_gmt":"2021-07-13T06:49:25","guid":{"rendered":"https:\/\/portaltest.atauni.edu.tr\/bilgisayar-muhendisligi\/?page_id=5638"},"modified":"2025-12-09T12:34:14","modified_gmt":"2025-12-09T09:34:14","slug":"tarihce","status":"publish","type":"page","link":"https:\/\/atauni.edu.tr\/elektronik-haberlesme-teknolojisi-programi\/tarihce\/","title":{"rendered":"Tarih\u00e7e"},"content":{"rendered":"\t\t<div data-elementor-type=\"wp-page\" data-elementor-id=\"5638\" class=\"elementor elementor-5638\" data-elementor-post-type=\"page\">\n\t\t\t\t\t\t<section class=\"elementor-section elementor-top-section elementor-element elementor-element-730d320 elementor-section-boxed elementor-section-height-default elementor-section-height-default\" data-id=\"730d320\" data-element_type=\"section\">\n\t\t\t\t\t\t<div class=\"elementor-container elementor-column-gap-default\">\n\t\t\t\t\t<div class=\"elementor-column elementor-col-100 elementor-top-column elementor-element elementor-element-753d0860\" data-id=\"753d0860\" data-element_type=\"column\">\n\t\t\t<div class=\"elementor-widget-wrap\">\n\t\t\t\t\t\t\t<\/div>\n\t\t<\/div>\n\t\t\t\t\t<\/div>\n\t\t<\/section>\n\t\t\t\t<section class=\"elementor-section elementor-top-section elementor-element elementor-element-9be811a elementor-section-boxed elementor-section-height-default elementor-section-height-default\" data-id=\"9be811a\" data-element_type=\"section\">\n\t\t\t\t\t\t<div class=\"elementor-container elementor-column-gap-default\">\n\t\t\t\t\t<div class=\"elementor-column elementor-col-100 elementor-top-column elementor-element elementor-element-1ed847b7\" data-id=\"1ed847b7\" data-element_type=\"column\">\n\t\t\t<div class=\"elementor-widget-wrap elementor-element-populated\">\n\t\t\t\t\t\t<div class=\"elementor-element elementor-element-4ce0d07f elementor-widget elementor-widget-heading\" data-id=\"4ce0d07f\" data-element_type=\"widget\" data-widget_type=\"heading.default\">\n\t\t\t\t<div class=\"elementor-widget-container\">\n\t\t\t\t\t<h2 class=\"elementor-heading-title elementor-size-default\">Tarih\u00e7e<\/h2>\t\t\t\t<\/div>\n\t\t\t\t<\/div>\n\t\t\t\t<div class=\"elementor-element elementor-element-63260862 elementor-widget-divider--view-line elementor-widget elementor-widget-divider\" data-id=\"63260862\" data-element_type=\"widget\" data-widget_type=\"divider.default\">\n\t\t\t\t<div class=\"elementor-widget-container\">\n\t\t\t\t\t\t\t<div class=\"elementor-divider\">\n\t\t\t<span class=\"elementor-divider-separator\">\n\t\t\t\t\t\t<\/span>\n\t\t<\/div>\n\t\t\t\t\t\t<\/div>\n\t\t\t\t<\/div>\n\t\t\t\t\t<\/div>\n\t\t<\/div>\n\t\t\t\t\t<\/div>\n\t\t<\/section>\n\t\t\t\t<section class=\"elementor-section elementor-top-section elementor-element elementor-element-681db8b elementor-section-boxed elementor-section-height-default elementor-section-height-default\" data-id=\"681db8b\" data-element_type=\"section\">\n\t\t\t\t\t\t<div class=\"elementor-container elementor-column-gap-default\">\n\t\t\t\t\t<div class=\"elementor-column elementor-col-100 elementor-top-column elementor-element elementor-element-ad4dac5\" data-id=\"ad4dac5\" data-element_type=\"column\">\n\t\t\t<div class=\"elementor-widget-wrap elementor-element-populated\">\n\t\t\t\t\t\t<div class=\"elementor-element elementor-element-2f96b3d elementor-widget elementor-widget-text-editor\" data-id=\"2f96b3d\" data-element_type=\"widget\" data-widget_type=\"text-editor.default\">\n\t\t\t\t<div class=\"elementor-widget-container\">\n\t\t\t\t\t\t\t\t\t<p>Elektronik Haberle\u015fme Teknolojisi Program\u0131, 2547 say\u0131l\u0131 Kanun\u2019un 7\/d-2 maddesi kapsam\u0131nda Y\u00fcksek\u00f6\u011fretim Kurulu karar\u0131yla a\u00e7\u0131lm\u0131\u015f ve 2018-2019 e\u011fitim-\u00f6\u011fretim y\u0131l\u0131nda \u00f6\u011frenci kabul\u00fcne ba\u015flam\u0131\u015ft\u0131r. Program, \u00fclkenin ve b\u00f6lgenin h\u0131zla geli\u015fen haberle\u015fme teknolojileri alan\u0131ndaki nitelikli ara eleman ihtiyac\u0131n\u0131 kar\u015f\u0131lamak \u00fczere kurulmu\u015ftur. \u0130lk mezunlar\u0131n\u0131 2020-2021 \u00f6\u011fretim y\u0131l\u0131nda vermi\u015ftir. Programda sunulan e\u011fitim, teorik ve uygulamal\u0131 bilgiler i\u00e7ermektedir. \u00d6\u011frencilere, elektronik haberle\u015fme teknolojileri alan\u0131nda gerekli olan temel bilgiler verilirken ayn\u0131 zamanda pratik uygulama imk\u00e2n\u0131 da tan\u0131nmaktad\u0131r. \u00d6\u011frenciler d\u0131\u015f payda\u015flarla kurulan ba\u011flant\u0131lar sayesinde, staj ve mezuniyet sonras\u0131 i\u015f olanaklar\u0131na da sahip olmaktad\u0131rlar. Mezunlar\u0131m\u0131z Telekom\u00fcnikasyon sekt\u00f6r\u00fc, GSM operat\u00f6rleri, radyo-TV kurumlar\u0131, savunma sanayi, fiber optik altyap\u0131 vb. i\u015f sahalar\u0131nda istihdam edilmektedir.<\/p>\t\t\t\t\t\t\t\t<\/div>\n\t\t\t\t<\/div>\n\t\t\t\t\t<\/div>\n\t\t<\/div>\n\t\t\t\t\t<\/div>\n\t\t<\/section>\n\t\t\t\t<\/div>\n\t\t","protected":false},"excerpt":{"rendered":"<p>Tarih\u00e7e Elektronik Haberle\u015fme Teknolojisi Program\u0131, 2547 say\u0131l\u0131 Kanun\u2019un 7\/d-2 maddesi kapsam\u0131nda Y\u00fcksek\u00f6\u011fretim Kurulu karar\u0131yla a\u00e7\u0131lm\u0131\u015f ve 2018-2019 e\u011fitim-\u00f6\u011fretim y\u0131l\u0131nda \u00f6\u011frenci kabul\u00fcne ba\u015flam\u0131\u015ft\u0131r. Program, \u00fclkenin ve b\u00f6lgenin h\u0131zla geli\u015fen haberle\u015fme teknolojileri alan\u0131ndaki nitelikli ara eleman ihtiyac\u0131n\u0131 kar\u015f\u0131lamak \u00fczere kurulmu\u015ftur. \u0130lk mezunlar\u0131n\u0131 2020-2021 \u00f6\u011fretim y\u0131l\u0131nda vermi\u015ftir. Programda sunulan e\u011fitim, teorik ve uygulamal\u0131 bilgiler i\u00e7ermektedir. \u00d6\u011frencilere, elektronik haberle\u015fme [&hellip;]<\/p>\n","protected":false},"author":1,"featured_media":0,"parent":0,"menu_order":0,"comment_status":"closed","ping_status":"closed","template":"","meta":{"footnotes":""},"class_list":["post-5638","page","type-page","status-publish","hentry"],"_links":{"self":[{"href":"https:\/\/atauni.edu.tr\/elektronik-haberlesme-teknolojisi-programi\/wp-json\/wp\/v2\/pages\/5638","targetHints":{"allow":["GET"]}}],"collection":[{"href":"https:\/\/atauni.edu.tr\/elektronik-haberlesme-teknolojisi-programi\/wp-json\/wp\/v2\/pages"}],"about":[{"href":"https:\/\/atauni.edu.tr\/elektronik-haberlesme-teknolojisi-programi\/wp-json\/wp\/v2\/types\/page"}],"author":[{"embeddable":true,"href":"https:\/\/atauni.edu.tr\/elektronik-haberlesme-teknolojisi-programi\/wp-json\/wp\/v2\/users\/1"}],"replies":[{"embeddable":true,"href":"https:\/\/atauni.edu.tr\/elektronik-haberlesme-teknolojisi-programi\/wp-json\/wp\/v2\/comments?post=5638"}],"version-history":[{"count":25,"href":"https:\/\/atauni.edu.tr\/elektronik-haberlesme-teknolojisi-programi\/wp-json\/wp\/v2\/pages\/5638\/revisions"}],"predecessor-version":[{"id":6410,"href":"https:\/\/atauni.edu.tr\/elektronik-haberlesme-teknolojisi-programi\/wp-json\/wp\/v2\/pages\/5638\/revisions\/6410"}],"wp:attachment":[{"href":"https:\/\/atauni.edu.tr\/elektronik-haberlesme-teknolojisi-programi\/wp-json\/wp\/v2\/media?parent=5638"}],"curies":[{"name":"wp","href":"https:\/\/api.w.org\/{rel}","templated":true}]}}