{"id":6237,"date":"2025-05-27T12:01:34","date_gmt":"2025-05-27T09:01:34","guid":{"rendered":"https:\/\/birimler.atauni.edu.tr\/elektronik-haberlesme-teknolojisi-programi-io\/?page_id=6237"},"modified":"2025-05-27T12:02:22","modified_gmt":"2025-05-27T09:02:22","slug":"etkinlikler","status":"publish","type":"page","link":"https:\/\/atauni.edu.tr\/elektronik-haberlesme-teknolojisi-programi\/etkinlikler\/","title":{"rendered":"Etkinlikler"},"content":{"rendered":"\t\t<div data-elementor-type=\"wp-page\" data-elementor-id=\"6237\" class=\"elementor elementor-6237\" data-elementor-post-type=\"page\">\n\t\t\t\t\t\t<section class=\"elementor-section elementor-top-section elementor-element elementor-element-fe8c663 elementor-section-boxed elementor-section-height-default elementor-section-height-default\" data-id=\"fe8c663\" data-element_type=\"section\">\n\t\t\t\t\t\t<div class=\"elementor-container elementor-column-gap-default\">\n\t\t\t\t\t<div class=\"elementor-column elementor-col-100 elementor-top-column elementor-element elementor-element-a7e6d07\" data-id=\"a7e6d07\" data-element_type=\"column\">\n\t\t\t<div class=\"elementor-widget-wrap elementor-element-populated\">\n\t\t\t\t\t\t<div class=\"elementor-element elementor-element-c0fe337 elementor-widget elementor-widget-shortcode\" data-id=\"c0fe337\" data-element_type=\"widget\" data-widget_type=\"shortcode.default\">\n\t\t\t\t<div class=\"elementor-widget-container\">\n\t\t\t\t\t\t\t<div class=\"elementor-shortcode\"><form method=\"get\" class=\"row g-3\" style=\"margin-bottom: 20px;\"><div class=\"col-md-3\"><input type=\"text\" name=\"etkinlik_ara\" class=\"form-control\" placeholder=\"Etkinlik ara...\" value=\"\"><\/div><div class=\"col-md-3\"><input type=\"date\" name=\"baslangic_tarihi\" class=\"form-control\" value=\"\"><\/div><div class=\"col-md-3\"><input type=\"date\" name=\"bitis_tarihi\" class=\"form-control\" value=\"\"><\/div><div class=\"col-md-3\"><button type=\"submit\" class=\"btn btn-secondary w-50\">Filtrele<\/button><\/div><\/form><div class=\"etkinlikler-grid-container\" style=\"display: grid; grid-template-columns: repeat(3, 1fr); gap: 20px;\"><div class=\"etkinlik-grid-item\"><div class=\"etkinlik-thumbnail\"><img decoding=\"async\" width=\"300\" height=\"135\" src=\"https:\/\/atauni.edu.tr\/elektronik-haberlesme-teknolojisi-programi\/wp-content\/uploads\/sites\/286\/2025\/12\/20251204_105640-300x135.jpg\" class=\"img-fluid wp-post-image\" alt=\"\" srcset=\"https:\/\/atauni.edu.tr\/elektronik-haberlesme-teknolojisi-programi\/wp-content\/uploads\/sites\/286\/2025\/12\/20251204_105640-300x135.jpg 300w, https:\/\/atauni.edu.tr\/elektronik-haberlesme-teknolojisi-programi\/wp-content\/uploads\/sites\/286\/2025\/12\/20251204_105640-1024x461.jpg 1024w, https:\/\/atauni.edu.tr\/elektronik-haberlesme-teknolojisi-programi\/wp-content\/uploads\/sites\/286\/2025\/12\/20251204_105640-768x346.jpg 768w, https:\/\/atauni.edu.tr\/elektronik-haberlesme-teknolojisi-programi\/wp-content\/uploads\/sites\/286\/2025\/12\/20251204_105640-1536x691.jpg 1536w, https:\/\/atauni.edu.tr\/elektronik-haberlesme-teknolojisi-programi\/wp-content\/uploads\/sites\/286\/2025\/12\/20251204_105640-2048x922.jpg 2048w, https:\/\/atauni.edu.tr\/elektronik-haberlesme-teknolojisi-programi\/wp-content\/uploads\/sites\/286\/2025\/12\/20251204_105640-600x270.jpg 600w, https:\/\/atauni.edu.tr\/elektronik-haberlesme-teknolojisi-programi\/wp-content\/uploads\/sites\/286\/2025\/12\/20251204_105640-560x252.jpg 560w\" sizes=\"(max-width: 300px) 100vw, 300px\" \/><\/div><div class=\"etkinlik-datee\"><span class=\"day\">12<\/span><span class=\"month\">Aral\u0131k<\/span><span class=\"year\">2025<\/span><\/div><a href=\"https:\/\/atauni.edu.tr\/elektronik-haberlesme-teknolojisi-programi\/2025\/12\/12\/is-sagligi-ve-guvenlik-laboratuvari-tanitim-etkinligi\/\" class=\"etkinlik-titlee\">\u0130\u015f Sa\u011fl\u0131\u011f\u0131 ve G\u00fcvenlik Laboratuvar\u0131 Tan\u0131t\u0131m Etkinli\u011fi<\/a><\/div><div class=\"etkinlik-grid-item\"><div class=\"etkinlik-thumbnail\"><img decoding=\"async\" width=\"300\" height=\"164\" src=\"https:\/\/atauni.edu.tr\/elektronik-haberlesme-teknolojisi-programi\/wp-content\/uploads\/sites\/286\/2025\/12\/oryantasyon2-300x164.png\" class=\"img-fluid wp-post-image\" alt=\"\" srcset=\"https:\/\/atauni.edu.tr\/elektronik-haberlesme-teknolojisi-programi\/wp-content\/uploads\/sites\/286\/2025\/12\/oryantasyon2-300x164.png 300w, https:\/\/atauni.edu.tr\/elektronik-haberlesme-teknolojisi-programi\/wp-content\/uploads\/sites\/286\/2025\/12\/oryantasyon2-1024x559.png 1024w, https:\/\/atauni.edu.tr\/elektronik-haberlesme-teknolojisi-programi\/wp-content\/uploads\/sites\/286\/2025\/12\/oryantasyon2-768x420.png 768w, https:\/\/atauni.edu.tr\/elektronik-haberlesme-teknolojisi-programi\/wp-content\/uploads\/sites\/286\/2025\/12\/oryantasyon2-600x328.png 600w, https:\/\/atauni.edu.tr\/elektronik-haberlesme-teknolojisi-programi\/wp-content\/uploads\/sites\/286\/2025\/12\/oryantasyon2-560x306.png 560w, https:\/\/atauni.edu.tr\/elektronik-haberlesme-teknolojisi-programi\/wp-content\/uploads\/sites\/286\/2025\/12\/oryantasyon2.png 1157w\" sizes=\"(max-width: 300px) 100vw, 300px\" \/><\/div><div class=\"etkinlik-datee\"><span class=\"day\">12<\/span><span class=\"month\">Aral\u0131k<\/span><span class=\"year\">2025<\/span><\/div><a href=\"https:\/\/atauni.edu.tr\/elektronik-haberlesme-teknolojisi-programi\/2025\/12\/12\/2025-2026-egitim-ogretim-yili-birim-oryantasyon-toplantisi-yapildi\/\" class=\"etkinlik-titlee\">2025-2026 E\u011fitim \u00d6\u011fretim Y\u0131l\u0131 Birim Oryantasyon Toplant\u0131s\u0131 yap\u0131ld\u0131.<\/a><\/div><div class=\"etkinlik-grid-item\"><div class=\"etkinlik-thumbnail\"><img fetchpriority=\"high\" decoding=\"async\" width=\"300\" height=\"199\" src=\"https:\/\/atauni.edu.tr\/elektronik-haberlesme-teknolojisi-programi\/wp-content\/uploads\/sites\/286\/2025\/12\/IMG-20250616-WA00281-300x199.jpg\" class=\"img-fluid wp-post-image\" alt=\"\" srcset=\"https:\/\/atauni.edu.tr\/elektronik-haberlesme-teknolojisi-programi\/wp-content\/uploads\/sites\/286\/2025\/12\/IMG-20250616-WA00281-300x199.jpg 300w, https:\/\/atauni.edu.tr\/elektronik-haberlesme-teknolojisi-programi\/wp-content\/uploads\/sites\/286\/2025\/12\/IMG-20250616-WA00281-1024x678.jpg 1024w, https:\/\/atauni.edu.tr\/elektronik-haberlesme-teknolojisi-programi\/wp-content\/uploads\/sites\/286\/2025\/12\/IMG-20250616-WA00281-768x509.jpg 768w, https:\/\/atauni.edu.tr\/elektronik-haberlesme-teknolojisi-programi\/wp-content\/uploads\/sites\/286\/2025\/12\/IMG-20250616-WA00281-1536x1017.jpg 1536w, https:\/\/atauni.edu.tr\/elektronik-haberlesme-teknolojisi-programi\/wp-content\/uploads\/sites\/286\/2025\/12\/IMG-20250616-WA00281-2048x1356.jpg 2048w, https:\/\/atauni.edu.tr\/elektronik-haberlesme-teknolojisi-programi\/wp-content\/uploads\/sites\/286\/2025\/12\/IMG-20250616-WA00281-1200x800.jpg 1200w, https:\/\/atauni.edu.tr\/elektronik-haberlesme-teknolojisi-programi\/wp-content\/uploads\/sites\/286\/2025\/12\/IMG-20250616-WA00281-600x397.jpg 600w, https:\/\/atauni.edu.tr\/elektronik-haberlesme-teknolojisi-programi\/wp-content\/uploads\/sites\/286\/2025\/12\/IMG-20250616-WA00281-560x371.jpg 560w\" sizes=\"(max-width: 300px) 100vw, 300px\" \/><\/div><div class=\"etkinlik-datee\"><span class=\"day\">12<\/span><span class=\"month\">Aral\u0131k<\/span><span class=\"year\">2025<\/span><\/div><a href=\"https:\/\/atauni.edu.tr\/elektronik-haberlesme-teknolojisi-programi\/2025\/12\/12\/telekomunikasyon-teknikerleri-icin-kusaklararasi-bulusma-ve-mentorluk-egitimi\/\" class=\"etkinlik-titlee\">Telekom\u00fcnikasyon Teknikerleri i\u00e7in Ku\u015faklararas\u0131 Bulu\u015fma ve Ment\u00f6rl\u00fck E\u011fitimi<\/a><\/div><div class=\"etkinlik-grid-item\"><div class=\"etkinlik-thumbnail\"><img loading=\"lazy\" decoding=\"async\" width=\"300\" height=\"225\" src=\"https:\/\/atauni.edu.tr\/elektronik-haberlesme-teknolojisi-programi\/wp-content\/uploads\/sites\/286\/2025\/06\/WhatsApp-Image-2025-05-30-at-15.30.24-1-300x225.jpeg\" class=\"img-fluid wp-post-image\" alt=\"\" srcset=\"https:\/\/atauni.edu.tr\/elektronik-haberlesme-teknolojisi-programi\/wp-content\/uploads\/sites\/286\/2025\/06\/WhatsApp-Image-2025-05-30-at-15.30.24-1-300x225.jpeg 300w, https:\/\/atauni.edu.tr\/elektronik-haberlesme-teknolojisi-programi\/wp-content\/uploads\/sites\/286\/2025\/06\/WhatsApp-Image-2025-05-30-at-15.30.24-1-1024x768.jpeg 1024w, https:\/\/atauni.edu.tr\/elektronik-haberlesme-teknolojisi-programi\/wp-content\/uploads\/sites\/286\/2025\/06\/WhatsApp-Image-2025-05-30-at-15.30.24-1-768x576.jpeg 768w, https:\/\/atauni.edu.tr\/elektronik-haberlesme-teknolojisi-programi\/wp-content\/uploads\/sites\/286\/2025\/06\/WhatsApp-Image-2025-05-30-at-15.30.24-1-1536x1152.jpeg 1536w, https:\/\/atauni.edu.tr\/elektronik-haberlesme-teknolojisi-programi\/wp-content\/uploads\/sites\/286\/2025\/06\/WhatsApp-Image-2025-05-30-at-15.30.24-1-600x450.jpeg 600w, https:\/\/atauni.edu.tr\/elektronik-haberlesme-teknolojisi-programi\/wp-content\/uploads\/sites\/286\/2025\/06\/WhatsApp-Image-2025-05-30-at-15.30.24-1-560x420.jpeg 560w, https:\/\/atauni.edu.tr\/elektronik-haberlesme-teknolojisi-programi\/wp-content\/uploads\/sites\/286\/2025\/06\/WhatsApp-Image-2025-05-30-at-15.30.24-1.jpeg 2048w\" sizes=\"(max-width: 300px) 100vw, 300px\" \/><\/div><div class=\"etkinlik-datee\"><span class=\"day\">02<\/span><span class=\"month\">Haziran<\/span><span class=\"year\">2025<\/span><\/div><a href=\"https:\/\/atauni.edu.tr\/elektronik-haberlesme-teknolojisi-programi\/2025\/06\/02\/bolum-hocalari-ve-uygulama-dersi\/\" class=\"etkinlik-titlee\">B\u00f6l\u00fcm Hocalar\u0131 ve Uygulama Dersi<\/a><\/div><\/div><div class=\"pagination\" style=\"margin-top: 20px;\"><\/div><\/div>\n\t\t\t\t\t\t<\/div>\n\t\t\t\t<\/div>\n\t\t\t\t\t<\/div>\n\t\t<\/div>\n\t\t\t\t\t<\/div>\n\t\t<\/section>\n\t\t\t\t<\/div>\n\t\t","protected":false},"excerpt":{"rendered":"","protected":false},"author":1,"featured_media":0,"parent":0,"menu_order":0,"comment_status":"closed","ping_status":"closed","template":"","meta":{"footnotes":""},"class_list":["post-6237","page","type-page","status-publish","hentry"],"_links":{"self":[{"href":"https:\/\/atauni.edu.tr\/elektronik-haberlesme-teknolojisi-programi\/wp-json\/wp\/v2\/pages\/6237","targetHints":{"allow":["GET"]}}],"collection":[{"href":"https:\/\/atauni.edu.tr\/elektronik-haberlesme-teknolojisi-programi\/wp-json\/wp\/v2\/pages"}],"about":[{"href":"https:\/\/atauni.edu.tr\/elektronik-haberlesme-teknolojisi-programi\/wp-json\/wp\/v2\/types\/page"}],"author":[{"embeddable":true,"href":"https:\/\/atauni.edu.tr\/elektronik-haberlesme-teknolojisi-programi\/wp-json\/wp\/v2\/users\/1"}],"replies":[{"embeddable":true,"href":"https:\/\/atauni.edu.tr\/elektronik-haberlesme-teknolojisi-programi\/wp-json\/wp\/v2\/comments?post=6237"}],"version-history":[{"count":4,"href":"https:\/\/atauni.edu.tr\/elektronik-haberlesme-teknolojisi-programi\/wp-json\/wp\/v2\/pages\/6237\/revisions"}],"predecessor-version":[{"id":6243,"href":"https:\/\/atauni.edu.tr\/elektronik-haberlesme-teknolojisi-programi\/wp-json\/wp\/v2\/pages\/6237\/revisions\/6243"}],"wp:attachment":[{"href":"https:\/\/atauni.edu.tr\/elektronik-haberlesme-teknolojisi-programi\/wp-json\/wp\/v2\/media?parent=6237"}],"curies":[{"name":"wp","href":"https:\/\/api.w.org\/{rel}","templated":true}]}}