{"id":5682,"date":"2021-07-13T10:10:01","date_gmt":"2021-07-13T07:10:01","guid":{"rendered":"https:\/\/portaltest.atauni.edu.tr\/bilgisayar-muhendisligi\/?page_id=5682"},"modified":"2021-12-09T14:51:43","modified_gmt":"2021-12-09T11:51:43","slug":"misyon-vizyon-ve-temel-degerler","status":"publish","type":"page","link":"https:\/\/atauni.edu.tr\/endustri-muhendisligi\/misyon-vizyon-ve-temel-degerler\/","title":{"rendered":"Misyon, Vizyon ve Temel De\u011ferler"},"content":{"rendered":"\t\t<div data-elementor-type=\"wp-page\" data-elementor-id=\"5682\" class=\"elementor elementor-5682\" data-elementor-post-type=\"page\">\n\t\t\t\t\t\t<section class=\"elementor-section elementor-top-section elementor-element elementor-element-730d320 elementor-section-boxed elementor-section-height-default elementor-section-height-default\" data-id=\"730d320\" data-element_type=\"section\">\n\t\t\t\t\t\t<div class=\"elementor-container elementor-column-gap-default\">\n\t\t\t\t\t<div class=\"elementor-column elementor-col-100 elementor-top-column elementor-element elementor-element-753d0860\" data-id=\"753d0860\" data-element_type=\"column\">\n\t\t\t<div class=\"elementor-widget-wrap\">\n\t\t\t\t\t\t\t<\/div>\n\t\t<\/div>\n\t\t\t\t\t<\/div>\n\t\t<\/section>\n\t\t\t\t<section class=\"elementor-section elementor-top-section elementor-element elementor-element-9be811a elementor-section-boxed elementor-section-height-default elementor-section-height-default\" data-id=\"9be811a\" data-element_type=\"section\">\n\t\t\t\t\t\t<div class=\"elementor-container elementor-column-gap-default\">\n\t\t\t\t\t<div class=\"elementor-column elementor-col-100 elementor-top-column elementor-element elementor-element-1ed847b7\" data-id=\"1ed847b7\" data-element_type=\"column\">\n\t\t\t<div class=\"elementor-widget-wrap elementor-element-populated\">\n\t\t\t\t\t\t<div class=\"elementor-element elementor-element-4ce0d07f elementor-widget elementor-widget-heading\" data-id=\"4ce0d07f\" data-element_type=\"widget\" data-widget_type=\"heading.default\">\n\t\t\t\t<div class=\"elementor-widget-container\">\n\t\t\t\t\t<h2 class=\"elementor-heading-title elementor-size-default\">Misyon, Vizyon ve Temel De\u011ferler<\/h2>\t\t\t\t<\/div>\n\t\t\t\t<\/div>\n\t\t\t\t<div class=\"elementor-element elementor-element-63260862 elementor-widget-divider--view-line elementor-widget elementor-widget-divider\" data-id=\"63260862\" data-element_type=\"widget\" data-widget_type=\"divider.default\">\n\t\t\t\t<div class=\"elementor-widget-container\">\n\t\t\t\t\t\t\t<div class=\"elementor-divider\">\n\t\t\t<span class=\"elementor-divider-separator\">\n\t\t\t\t\t\t<\/span>\n\t\t<\/div>\n\t\t\t\t\t\t<\/div>\n\t\t\t\t<\/div>\n\t\t\t\t\t<\/div>\n\t\t<\/div>\n\t\t\t\t\t<\/div>\n\t\t<\/section>\n\t\t\t\t<section class=\"elementor-section elementor-top-section elementor-element elementor-element-681db8b elementor-section-boxed elementor-section-height-default elementor-section-height-default\" data-id=\"681db8b\" data-element_type=\"section\">\n\t\t\t\t\t\t<div class=\"elementor-container elementor-column-gap-default\">\n\t\t\t\t\t<div class=\"elementor-column elementor-col-100 elementor-top-column elementor-element elementor-element-ad4dac5\" data-id=\"ad4dac5\" data-element_type=\"column\">\n\t\t\t<div class=\"elementor-widget-wrap elementor-element-populated\">\n\t\t\t\t\t\t<div class=\"elementor-element elementor-element-2f96b3d elementor-widget elementor-widget-text-editor\" data-id=\"2f96b3d\" data-element_type=\"widget\" data-widget_type=\"text-editor.default\">\n\t\t\t\t<div class=\"elementor-widget-container\">\n\t\t\t\t\t\t\t\t\t<p style=\"margin: 0cm 0cm 7.5pt\"><strong><span style=\"font-size: 10.5pt;font-family: 'Arial',sans-serif;color: black\">Misyonumuz;<\/span><\/strong><\/p>\n<p style=\"margin: 0cm 0cm 7.5pt\"><span lang=\"EN-US\" style=\"font-size: 10.5pt;font-family: 'Arial',sans-serif;color: black\">End\u00fcstri M\u00fchendisli\u011fi ve analitik d\u00fc\u015f\u00fcnce alan\u0131nda&nbsp;lider programlardan biri olmak i\u00e7in uygun e\u011fitim ve ara\u015ft\u0131rma olanaklar\u0131 sa\u011flayarak d\u00fcnyadaki ihtiya\u00e7 ve geli\u015fmelere katk\u0131da bulunmak&nbsp;<\/span><span style=\"font-size: 10.5pt;font-family: 'Arial',sans-serif;color: black\">ve bu alanda analitik d\u00fc\u015f\u00fcnen,&nbsp;<\/span><span lang=\"EN-US\" style=\"font-size: 10.5pt;font-family: 'Arial',sans-serif;color: black\">sorgulayan, yarat\u0131c\u0131, \u00e7\u00f6z\u00fcm \u00fcreten, g\u00fc\u00e7l\u00fc ileti\u015fim becerisine sahip, sorumluluklar\u0131n\u0131n bilincinde<\/span><span style=\"font-size: 10.5pt;font-family: 'Arial',sans-serif;color: black\">&nbsp;ve liderlik yeteneklerine sahip sayg\u0131n bireyler yeti\u015ftirmektir.<\/span><\/p>\n<p style=\"margin: 0cm 0cm 7.5pt\"><strong><span style=\"font-size: 10.5pt;font-family: 'Arial',sans-serif;color: black\">Vizyonumuz;<\/span><\/strong><\/p><p style=\"margin: 0cm 0cm 7.5pt\"><span lang=\"EN-US\" style=\"letter-spacing: 0px;font-size: 10.5pt;font-family: Arial, sans-serif;color: black\">Kendini s\u00fcrekli geli\u015ftiren akademik kadrosuyla evrensel \u00f6l\u00e7\u00fctlerde \u00f6zg\u00fcn bilimsel ara\u015ft\u0131rmalar yapmak ve uluslararas\u0131 i\u015fbirli\u011finden g\u00fc\u00e7 alarak e\u011fitim, \u00f6\u011fretim ve ara\u015ft\u0131rma kalitesi ile ilk s\u0131ralarda tercih edilen, \u00fcniversitemiz, ilimiz, b\u00f6lgemiz ve \u00fclkemizin sorunlar\u0131n\u0131n \u00e7\u00f6z\u00fcm\u00fc i\u00e7in \u00fcniversite-sanayi-toplum&nbsp;i\u015fbirli\u011fini sa\u011flamada \u00f6nc\u00fc<\/span><span style=\"letter-spacing: 0px;font-size: 10.5pt;font-family: Arial, sans-serif;color: black\">&nbsp;bir b\u00f6l\u00fcm olmakt\u0131r.<\/span><\/p>\t\t\t\t\t\t\t\t<\/div>\n\t\t\t\t<\/div>\n\t\t\t\t\t<\/div>\n\t\t<\/div>\n\t\t\t\t\t<\/div>\n\t\t<\/section>\n\t\t\t\t<\/div>\n\t\t","protected":false},"excerpt":{"rendered":"<p>Misyon, Vizyon ve Temel De\u011ferler Misyonumuz; End\u00fcstri M\u00fchendisli\u011fi ve analitik d\u00fc\u015f\u00fcnce alan\u0131nda&nbsp;lider programlardan biri olmak i\u00e7in uygun e\u011fitim ve ara\u015ft\u0131rma olanaklar\u0131 sa\u011flayarak d\u00fcnyadaki ihtiya\u00e7 ve geli\u015fmelere katk\u0131da bulunmak&nbsp;ve bu alanda analitik d\u00fc\u015f\u00fcnen,&nbsp;sorgulayan, yarat\u0131c\u0131, \u00e7\u00f6z\u00fcm \u00fcreten, g\u00fc\u00e7l\u00fc ileti\u015fim becerisine sahip, sorumluluklar\u0131n\u0131n bilincinde&nbsp;ve liderlik yeteneklerine sahip sayg\u0131n bireyler yeti\u015ftirmektir. Vizyonumuz; Kendini s\u00fcrekli geli\u015ftiren akademik kadrosuyla evrensel \u00f6l\u00e7\u00fctlerde [&hellip;]<\/p>\n","protected":false},"author":1,"featured_media":0,"parent":0,"menu_order":0,"comment_status":"closed","ping_status":"closed","template":"elementor_header_footer","meta":{"footnotes":""},"class_list":["post-5682","page","type-page","status-publish","hentry"],"_links":{"self":[{"href":"https:\/\/atauni.edu.tr\/endustri-muhendisligi\/wp-json\/wp\/v2\/pages\/5682","targetHints":{"allow":["GET"]}}],"collection":[{"href":"https:\/\/atauni.edu.tr\/endustri-muhendisligi\/wp-json\/wp\/v2\/pages"}],"about":[{"href":"https:\/\/atauni.edu.tr\/endustri-muhendisligi\/wp-json\/wp\/v2\/types\/page"}],"author":[{"embeddable":true,"href":"https:\/\/atauni.edu.tr\/endustri-muhendisligi\/wp-json\/wp\/v2\/users\/1"}],"replies":[{"embeddable":true,"href":"https:\/\/atauni.edu.tr\/endustri-muhendisligi\/wp-json\/wp\/v2\/comments?post=5682"}],"version-history":[{"count":14,"href":"https:\/\/atauni.edu.tr\/endustri-muhendisligi\/wp-json\/wp\/v2\/pages\/5682\/revisions"}],"predecessor-version":[{"id":6179,"href":"https:\/\/atauni.edu.tr\/endustri-muhendisligi\/wp-json\/wp\/v2\/pages\/5682\/revisions\/6179"}],"wp:attachment":[{"href":"https:\/\/atauni.edu.tr\/endustri-muhendisligi\/wp-json\/wp\/v2\/media?parent=5682"}],"curies":[{"name":"wp","href":"https:\/\/api.w.org\/{rel}","templated":true}]}}