{"id":6418,"date":"2022-02-18T16:32:52","date_gmt":"2022-02-18T13:32:52","guid":{"rendered":"https:\/\/birimler.atauni.edu.tr\/endustri-muhendisligi\/?page_id=6418"},"modified":"2022-03-03T16:25:01","modified_gmt":"2022-03-03T13:25:01","slug":"anketler","status":"publish","type":"page","link":"https:\/\/atauni.edu.tr\/endustri-muhendisligi\/anketler\/","title":{"rendered":"Anketler"},"content":{"rendered":"\t\t<div data-elementor-type=\"wp-page\" data-elementor-id=\"6418\" class=\"elementor elementor-6418\" data-elementor-post-type=\"page\">\n\t\t\t\t\t\t<section class=\"elementor-section elementor-top-section elementor-element elementor-element-4b95961 elementor-section-boxed elementor-section-height-default elementor-section-height-default\" data-id=\"4b95961\" data-element_type=\"section\">\n\t\t\t\t\t\t<div class=\"elementor-container elementor-column-gap-default\">\n\t\t\t\t\t<div class=\"elementor-column elementor-col-100 elementor-top-column elementor-element elementor-element-720f395\" data-id=\"720f395\" data-element_type=\"column\">\n\t\t\t<div class=\"elementor-widget-wrap elementor-element-populated\">\n\t\t\t\t\t\t<div class=\"elementor-element elementor-element-a0f8bf3 elementor-widget elementor-widget-heading\" data-id=\"a0f8bf3\" data-element_type=\"widget\" data-widget_type=\"heading.default\">\n\t\t\t\t<div class=\"elementor-widget-container\">\n\t\t\t\t\t<h2 class=\"elementor-heading-title elementor-size-default\">Anketler<\/h2>\t\t\t\t<\/div>\n\t\t\t\t<\/div>\n\t\t\t\t<div class=\"elementor-element elementor-element-6fbf79e elementor-widget-divider--view-line elementor-widget elementor-widget-divider\" data-id=\"6fbf79e\" data-element_type=\"widget\" data-widget_type=\"divider.default\">\n\t\t\t\t<div class=\"elementor-widget-container\">\n\t\t\t\t\t\t\t<div class=\"elementor-divider\">\n\t\t\t<span class=\"elementor-divider-separator\">\n\t\t\t\t\t\t<\/span>\n\t\t<\/div>\n\t\t\t\t\t\t<\/div>\n\t\t\t\t<\/div>\n\t\t\t\t\t<\/div>\n\t\t<\/div>\n\t\t\t\t\t<\/div>\n\t\t<\/section>\n\t\t\t\t<section class=\"elementor-section elementor-top-section elementor-element elementor-element-db03095 elementor-section-boxed elementor-section-height-default elementor-section-height-default\" data-id=\"db03095\" data-element_type=\"section\">\n\t\t\t\t\t\t<div class=\"elementor-container elementor-column-gap-default\">\n\t\t\t\t\t<div class=\"elementor-column elementor-col-100 elementor-top-column elementor-element elementor-element-b6ea453\" data-id=\"b6ea453\" data-element_type=\"column\">\n\t\t\t<div class=\"elementor-widget-wrap elementor-element-populated\">\n\t\t\t\t\t\t<div class=\"elementor-element elementor-element-b14383b elementor-widget elementor-widget-text-editor\" data-id=\"b14383b\" data-element_type=\"widget\" data-widget_type=\"text-editor.default\">\n\t\t\t\t<div class=\"elementor-widget-container\">\n\t\t\t\t\t\t\t\t\t<ul><li>Dan\u0131\u015fmanl\u0131k memnuniyet anketi i\u00e7in linke t\u0131klay\u0131n\u0131z:\u00a0<a href=\"https:\/\/forms.gle\/cELvVEYc4phKMCb88\">https:\/\/forms.gle\/cELvVEYc4phKMCb88<\/a><\/li><li>Mezun \u00f6\u011frenci anketi i\u00e7in linke t\u0131klay\u0131n\u0131z: <a href=\"https:\/\/forms.gle\/48r4oLAdGz5C1YHj6\">https:\/\/forms.gle\/48r4oLAdGz5C1YHj6<\/a><\/li><li>Mezun kay\u0131t sistemi i\u00e7in linke t\u0131klay\u0131n\u0131z: <a href=\"https:\/\/forms.gle\/EGVMWDrm2rJVmFS28\">https:\/\/forms.gle\/EGVMWDrm2rJVmFS28<\/a><\/li><li>Ders de\u011ferlendirme anketleri i\u00e7in linke t\u0131klay\u0131n\u0131z:\u00a0<a href=\"https:\/\/drive.google.com\/file\/d\/1idBfjuO2ZFQK16vubVaK8vNR8V7fvzze\/view?usp=sharing\">https:\/\/drive.google.com\/file\/d\/1idBfjuO2ZFQK16vubVaK8vNR8V7fvzze\/view?usp=sharing<\/a><\/li><\/ul>\t\t\t\t\t\t\t\t<\/div>\n\t\t\t\t<\/div>\n\t\t\t\t\t<\/div>\n\t\t<\/div>\n\t\t\t\t\t<\/div>\n\t\t<\/section>\n\t\t\t\t<\/div>\n\t\t","protected":false},"excerpt":{"rendered":"<p>Anketler Dan\u0131\u015fmanl\u0131k memnuniyet anketi i\u00e7in linke t\u0131klay\u0131n\u0131z:\u00a0https:\/\/forms.gle\/cELvVEYc4phKMCb88 Mezun \u00f6\u011frenci anketi i\u00e7in linke t\u0131klay\u0131n\u0131z: https:\/\/forms.gle\/48r4oLAdGz5C1YHj6 Mezun kay\u0131t sistemi i\u00e7in linke t\u0131klay\u0131n\u0131z: https:\/\/forms.gle\/EGVMWDrm2rJVmFS28 Ders de\u011ferlendirme anketleri i\u00e7in linke t\u0131klay\u0131n\u0131z:\u00a0https:\/\/drive.google.com\/file\/d\/1idBfjuO2ZFQK16vubVaK8vNR8V7fvzze\/view?usp=sharing<\/p>\n","protected":false},"author":92,"featured_media":0,"parent":0,"menu_order":0,"comment_status":"closed","ping_status":"closed","template":"","meta":{"footnotes":""},"class_list":["post-6418","page","type-page","status-publish","hentry"],"_links":{"self":[{"href":"https:\/\/atauni.edu.tr\/endustri-muhendisligi\/wp-json\/wp\/v2\/pages\/6418","targetHints":{"allow":["GET"]}}],"collection":[{"href":"https:\/\/atauni.edu.tr\/endustri-muhendisligi\/wp-json\/wp\/v2\/pages"}],"about":[{"href":"https:\/\/atauni.edu.tr\/endustri-muhendisligi\/wp-json\/wp\/v2\/types\/page"}],"author":[{"embeddable":true,"href":"https:\/\/atauni.edu.tr\/endustri-muhendisligi\/wp-json\/wp\/v2\/users\/92"}],"replies":[{"embeddable":true,"href":"https:\/\/atauni.edu.tr\/endustri-muhendisligi\/wp-json\/wp\/v2\/comments?post=6418"}],"version-history":[{"count":23,"href":"https:\/\/atauni.edu.tr\/endustri-muhendisligi\/wp-json\/wp\/v2\/pages\/6418\/revisions"}],"predecessor-version":[{"id":6481,"href":"https:\/\/atauni.edu.tr\/endustri-muhendisligi\/wp-json\/wp\/v2\/pages\/6418\/revisions\/6481"}],"wp:attachment":[{"href":"https:\/\/atauni.edu.tr\/endustri-muhendisligi\/wp-json\/wp\/v2\/media?parent=6418"}],"curies":[{"name":"wp","href":"https:\/\/api.w.org\/{rel}","templated":true}]}}