{"id":6441,"date":"2022-02-18T17:22:58","date_gmt":"2022-02-18T14:22:58","guid":{"rendered":"https:\/\/birimler.atauni.edu.tr\/endustri-muhendisligi\/?page_id=6441"},"modified":"2025-12-19T14:11:50","modified_gmt":"2025-12-19T11:11:50","slug":"ume","status":"publish","type":"page","link":"https:\/\/atauni.edu.tr\/endustri-muhendisligi\/ume\/","title":{"rendered":"\u0130ME"},"content":{"rendered":"\t\t<div data-elementor-type=\"wp-page\" data-elementor-id=\"6441\" class=\"elementor elementor-6441\" data-elementor-post-type=\"page\">\n\t\t\t\t\t\t<section class=\"elementor-section elementor-top-section elementor-element elementor-element-2ea2b02 elementor-section-boxed elementor-section-height-default elementor-section-height-default\" data-id=\"2ea2b02\" data-element_type=\"section\">\n\t\t\t\t\t\t<div class=\"elementor-container elementor-column-gap-default\">\n\t\t\t\t\t<div class=\"elementor-column elementor-col-100 elementor-top-column elementor-element elementor-element-75a2abc5\" data-id=\"75a2abc5\" data-element_type=\"column\">\n\t\t\t<div class=\"elementor-widget-wrap elementor-element-populated\">\n\t\t\t\t\t\t<div class=\"elementor-element elementor-element-30337de0 elementor-widget elementor-widget-text-editor\" data-id=\"30337de0\" data-element_type=\"widget\" data-widget_type=\"text-editor.default\">\n\t\t\t\t<div class=\"elementor-widget-container\">\n\t\t\t\t\t\t\t\t\t<h1 class=\"page-title\">\u0130ME(\u0130\u015fyerinde Mesleki E\u011fitim Program\u0131)<\/h1><div>\u00a0<\/div><div><img fetchpriority=\"high\" decoding=\"async\" class=\"aligncenter wp-image-8483 size-large\" src=\"http:\/\/birimler.atauni.edu.tr\/endustri-muhendisligi\/wp-content\/uploads\/sites\/104\/2025\/11\/Isletmede_Mesleki_Egitim-1024x576.jpg\" alt=\"\" width=\"1024\" height=\"576\" srcset=\"https:\/\/atauni.edu.tr\/endustri-muhendisligi\/wp-content\/uploads\/sites\/104\/2025\/11\/Isletmede_Mesleki_Egitim-1024x576.jpg 1024w, https:\/\/atauni.edu.tr\/endustri-muhendisligi\/wp-content\/uploads\/sites\/104\/2025\/11\/Isletmede_Mesleki_Egitim-300x169.jpg 300w, https:\/\/atauni.edu.tr\/endustri-muhendisligi\/wp-content\/uploads\/sites\/104\/2025\/11\/Isletmede_Mesleki_Egitim-768x432.jpg 768w, https:\/\/atauni.edu.tr\/endustri-muhendisligi\/wp-content\/uploads\/sites\/104\/2025\/11\/Isletmede_Mesleki_Egitim-1536x864.jpg 1536w, https:\/\/atauni.edu.tr\/endustri-muhendisligi\/wp-content\/uploads\/sites\/104\/2025\/11\/Isletmede_Mesleki_Egitim-600x338.jpg 600w, https:\/\/atauni.edu.tr\/endustri-muhendisligi\/wp-content\/uploads\/sites\/104\/2025\/11\/Isletmede_Mesleki_Egitim-560x315.jpg 560w, https:\/\/atauni.edu.tr\/endustri-muhendisligi\/wp-content\/uploads\/sites\/104\/2025\/11\/Isletmede_Mesleki_Egitim.jpg 1920w\" sizes=\"(max-width: 1024px) 100vw, 1024px\" \/><\/div>\t\t\t\t\t\t\t\t<\/div>\n\t\t\t\t<\/div>\n\t\t\t\t\t<\/div>\n\t\t<\/div>\n\t\t\t\t\t<\/div>\n\t\t<\/section>\n\t\t\t\t<section class=\"elementor-section elementor-top-section elementor-element elementor-element-ff144bd elementor-section-boxed elementor-section-height-default elementor-section-height-default\" data-id=\"ff144bd\" data-element_type=\"section\">\n\t\t\t\t\t\t<div class=\"elementor-container elementor-column-gap-default\">\n\t\t\t\t\t<div class=\"elementor-column elementor-col-100 elementor-top-column elementor-element elementor-element-3a1004e\" data-id=\"3a1004e\" data-element_type=\"column\">\n\t\t\t<div class=\"elementor-widget-wrap elementor-element-populated\">\n\t\t\t\t\t\t<div class=\"elementor-element elementor-element-9cccad9 elementor-widget elementor-widget-text-editor\" data-id=\"9cccad9\" data-element_type=\"widget\" data-widget_type=\"text-editor.default\">\n\t\t\t\t<div class=\"elementor-widget-container\">\n\t\t\t\t\t\t\t\t\t<p>\u0130\u015fletmede Mesleki E\u011fitim (\u0130ME) ile ilgili gerekli g\u00fcncel (23.10.2023) bilgi ve formlar a\u015fa\u011f\u0131da verilmi\u015ftir:<\/p><ul><li><a href=\"https:\/\/atabulut.atauni.edu.tr\/atabulut\/index.php\/s\/mQUw53nfhopVZ4z\" target=\"_blank\" rel=\"noopener\">\u0130ME S\u00fcreci Hakk\u0131nda Bilgilendirme (EK-1)<\/a><\/li><li><a href=\"https:\/\/atabulut.atauni.edu.tr\/atabulut\/index.php\/s\/rYMPqNz7ig7wyhT\">\u0130ME De\u011ferlendirme Esaslar\u0131 (Ek 2)<\/a><\/li><li><a href=\"https:\/\/atabulut.atauni.edu.tr\/atabulut\/index.php\/s\/fFAocAKfrblQqOy\">\u0130ME \u0130\u015fyeri Denet\u00e7isi De\u011ferlendirme Formu (Ek 3)<\/a><\/li><li><a href=\"https:\/\/atabulut.atauni.edu.tr\/atabulut\/index.php\/s\/YpWVMra2GVm9z0u\">\u0130ME Dersi Devam \u00c7izelgesi (Ek 4)<\/a><\/li><li><a href=\"https:\/\/atabulut.atauni.edu.tr\/atabulut\/index.php\/s\/bk2VMQZGtXxrFDD\">\u0130ME \u00c7al\u0131\u015fma Takvimi (Ek 5)<\/a><\/li><li><a href=\"https:\/\/atabulut.atauni.edu.tr\/atabulut\/index.php\/s\/RkUw8JDQAlKR71n\">\u0130ME Haftal\u0131k Rapor Formu (Ek 6)<\/a><\/li><li><a href=\"https:\/\/atabulut.atauni.edu.tr\/atabulut\/index.php\/s\/e4HRFJupO9bNNCb\">\u0130ME Dosyas\u0131 (Ek 7)<\/a><\/li><\/ul><ul><li><a href=\"http:\/\/birimler.atauni.edu.tr\/endustri-muhendisligi\/wp-content\/uploads\/sites\/104\/2025\/11\/IME-Sozlesme.pdf\">\u0130ME-S\u00f6zle\u015fme<\/a> (21.11.2025 tarihinde g\u00fcncellendi.)<\/li><li><a href=\"http:\/\/birimler.atauni.edu.tr\/endustri-muhendisligi\/wp-content\/uploads\/sites\/104\/2024\/10\/IME-Protokol.pdf\">IME-Protokol<\/a> (25.10.2024 tarihinde g\u00fcncellendi.)\u00a0<\/li><li><a href=\"https:\/\/atabulut.atauni.edu.tr\/atabulut\/index.php\/s\/8lETVHPcca92FXO\">\u0130ME Tercih Formu<\/a>\u00a0(25.10.2023 tarihinde eklenmi\u015ftir)<\/li><li><a href=\"http:\/\/birimler.atauni.edu.tr\/endustri-muhendisligi\/wp-content\/uploads\/sites\/104\/2025\/11\/IME-2026-Tercih-Listesi-2.pdf\">\u0130ME 2026 Tercih Listesi<\/a>\u00a0(6.11.2025 tarihinde eklenmi\u015ftir.)<\/li><\/ul>\t\t\t\t\t\t\t\t<\/div>\n\t\t\t\t<\/div>\n\t\t\t\t\t<\/div>\n\t\t<\/div>\n\t\t\t\t\t<\/div>\n\t\t<\/section>\n\t\t\t\t<section class=\"elementor-section elementor-top-section elementor-element elementor-element-d2d6d56 elementor-section-boxed elementor-section-height-default elementor-section-height-default\" data-id=\"d2d6d56\" data-element_type=\"section\">\n\t\t\t\t\t\t<div class=\"elementor-container elementor-column-gap-default\">\n\t\t\t\t\t<div class=\"elementor-column elementor-col-100 elementor-top-column elementor-element elementor-element-88d9b92\" data-id=\"88d9b92\" data-element_type=\"column\">\n\t\t\t<div class=\"elementor-widget-wrap elementor-element-populated\">\n\t\t\t\t\t\t<div class=\"elementor-element elementor-element-0c99f7e elementor-widget elementor-widget-text-editor\" data-id=\"0c99f7e\" data-element_type=\"widget\" data-widget_type=\"text-editor.default\">\n\t\t\t\t<div class=\"elementor-widget-container\">\n\t\t\t\t\t\t\t\t\t<ul><li>\u00a0<a href=\"http:\/\/birimler.atauni.edu.tr\/endustri-muhendisligi\/wp-content\/uploads\/sites\/104\/2025\/12\/IME-Yerlestirme-Sonuclari-Aralik-2025.pdf\">\u0130ME Yerle\u015ftirme Sonu\u00e7lar\u0131 Aral\u0131k 2025<\/a>.(19.12.2025 tarihinde eklenmi\u015ftir.)<\/li><\/ul>\t\t\t\t\t\t\t\t<\/div>\n\t\t\t\t<\/div>\n\t\t\t\t<div class=\"elementor-element elementor-element-7eb130f elementor-widget elementor-widget-pdfjs_viewer\" data-id=\"7eb130f\" data-element_type=\"widget\" data-widget_type=\"pdfjs_viewer.default\">\n\t\t\t\t<div class=\"elementor-widget-container\">\n\t\t\t\t\t<iframe src=\"https:\/\/atauni.edu.tr\/endustri-muhendisligi\/wp-content\/plugins\/pdf-viewer-for-elementor\/assets\/pdfjs\/web\/viewer.html?file=https:\/\/birimler.atauni.edu.tr\/endustri-muhendisligi\/wp-content\/uploads\/sites\/104\/2025\/12\/IME-Yerlestirme-Sonuclari-Aralik-2025.pdf&amp;embedded=true\" style=\"display: block; margin-left: auto; margin-right: auto; width: 800px; height: 1020px;\" frameborder=\"1\" marginheight=\"0px\" marginwidth=\"0px\" allowfullscreen><\/iframe>\t\t\t\t<\/div>\n\t\t\t\t<\/div>\n\t\t\t\t\t<\/div>\n\t\t<\/div>\n\t\t\t\t\t<\/div>\n\t\t<\/section>\n\t\t\t\t<section class=\"elementor-section elementor-top-section elementor-element elementor-element-52ded17 elementor-section-boxed elementor-section-height-default elementor-section-height-default\" data-id=\"52ded17\" data-element_type=\"section\">\n\t\t\t\t\t\t<div class=\"elementor-container elementor-column-gap-default\">\n\t\t\t\t\t<div class=\"elementor-column elementor-col-100 elementor-top-column elementor-element elementor-element-567ea73\" data-id=\"567ea73\" data-element_type=\"column\">\n\t\t\t<div class=\"elementor-widget-wrap\">\n\t\t\t\t\t\t\t<\/div>\n\t\t<\/div>\n\t\t\t\t\t<\/div>\n\t\t<\/section>\n\t\t\t\t<\/div>\n\t\t","protected":false},"excerpt":{"rendered":"<p>\u0130ME(\u0130\u015fyerinde Mesleki E\u011fitim Program\u0131) \u00a0 \u0130\u015fletmede Mesleki E\u011fitim (\u0130ME) ile ilgili gerekli g\u00fcncel (23.10.2023) bilgi ve formlar a\u015fa\u011f\u0131da verilmi\u015ftir: \u0130ME S\u00fcreci Hakk\u0131nda Bilgilendirme (EK-1) \u0130ME De\u011ferlendirme Esaslar\u0131 (Ek 2) \u0130ME \u0130\u015fyeri Denet\u00e7isi De\u011ferlendirme Formu (Ek 3) \u0130ME Dersi Devam \u00c7izelgesi (Ek 4) \u0130ME \u00c7al\u0131\u015fma Takvimi (Ek 5) \u0130ME Haftal\u0131k Rapor Formu (Ek 6) \u0130ME Dosyas\u0131 [&hellip;]<\/p>\n","protected":false},"author":92,"featured_media":0,"parent":0,"menu_order":0,"comment_status":"closed","ping_status":"closed","template":"","meta":{"footnotes":""},"class_list":["post-6441","page","type-page","status-publish","hentry"],"_links":{"self":[{"href":"https:\/\/atauni.edu.tr\/endustri-muhendisligi\/wp-json\/wp\/v2\/pages\/6441","targetHints":{"allow":["GET"]}}],"collection":[{"href":"https:\/\/atauni.edu.tr\/endustri-muhendisligi\/wp-json\/wp\/v2\/pages"}],"about":[{"href":"https:\/\/atauni.edu.tr\/endustri-muhendisligi\/wp-json\/wp\/v2\/types\/page"}],"author":[{"embeddable":true,"href":"https:\/\/atauni.edu.tr\/endustri-muhendisligi\/wp-json\/wp\/v2\/users\/92"}],"replies":[{"embeddable":true,"href":"https:\/\/atauni.edu.tr\/endustri-muhendisligi\/wp-json\/wp\/v2\/comments?post=6441"}],"version-history":[{"count":85,"href":"https:\/\/atauni.edu.tr\/endustri-muhendisligi\/wp-json\/wp\/v2\/pages\/6441\/revisions"}],"predecessor-version":[{"id":8605,"href":"https:\/\/atauni.edu.tr\/endustri-muhendisligi\/wp-json\/wp\/v2\/pages\/6441\/revisions\/8605"}],"wp:attachment":[{"href":"https:\/\/atauni.edu.tr\/endustri-muhendisligi\/wp-json\/wp\/v2\/media?parent=6441"}],"curies":[{"name":"wp","href":"https:\/\/api.w.org\/{rel}","templated":true}]}}