{"id":5804,"date":"2021-07-13T14:23:19","date_gmt":"2021-07-13T11:23:19","guid":{"rendered":"https:\/\/portaltest.atauni.edu.tr\/muhendislik-fakultesi\/?page_id=5804"},"modified":"2021-08-27T15:20:46","modified_gmt":"2021-08-27T12:20:46","slug":"yandal-programlar","status":"publish","type":"page","link":"https:\/\/atauni.edu.tr\/fakulte\/yandal-programlar\/","title":{"rendered":"Yandal Programlar"},"content":{"rendered":"\t\t<div data-elementor-type=\"wp-page\" data-elementor-id=\"5804\" class=\"elementor elementor-5804\" data-elementor-post-type=\"page\">\n\t\t\t\t\t\t<section class=\"elementor-section elementor-top-section elementor-element elementor-element-46c2cb5d elementor-section-boxed elementor-section-height-default elementor-section-height-default\" data-id=\"46c2cb5d\" data-element_type=\"section\">\n\t\t\t\t\t\t<div class=\"elementor-container elementor-column-gap-default\">\n\t\t\t\t\t<div class=\"elementor-column elementor-col-100 elementor-top-column elementor-element elementor-element-299813e7\" data-id=\"299813e7\" data-element_type=\"column\">\n\t\t\t<div class=\"elementor-widget-wrap elementor-element-populated\">\n\t\t\t\t\t\t<div class=\"elementor-element elementor-element-3ec495a9 elementor-widget elementor-widget-heading\" data-id=\"3ec495a9\" data-element_type=\"widget\" data-widget_type=\"heading.default\">\n\t\t\t\t<div class=\"elementor-widget-container\">\n\t\t\t\t\t<h2 class=\"elementor-heading-title elementor-size-default\">Yandal Programlar<\/h2>\t\t\t\t<\/div>\n\t\t\t\t<\/div>\n\t\t\t\t<div class=\"elementor-element elementor-element-2092e3b3 elementor-widget-divider--view-line elementor-widget elementor-widget-divider\" data-id=\"2092e3b3\" data-element_type=\"widget\" data-widget_type=\"divider.default\">\n\t\t\t\t<div class=\"elementor-widget-container\">\n\t\t\t\t\t\t\t<div class=\"elementor-divider\">\n\t\t\t<span class=\"elementor-divider-separator\">\n\t\t\t\t\t\t<\/span>\n\t\t<\/div>\n\t\t\t\t\t\t<\/div>\n\t\t\t\t<\/div>\n\t\t\t\t\t<\/div>\n\t\t<\/div>\n\t\t\t\t\t<\/div>\n\t\t<\/section>\n\t\t\t\t<section class=\"elementor-section elementor-top-section elementor-element elementor-element-557563c elementor-section-boxed elementor-section-height-default elementor-section-height-default\" data-id=\"557563c\" data-element_type=\"section\">\n\t\t\t\t\t\t<div class=\"elementor-container elementor-column-gap-default\">\n\t\t\t\t\t<div class=\"elementor-column elementor-col-100 elementor-top-column elementor-element elementor-element-83d46ac\" data-id=\"83d46ac\" data-element_type=\"column\">\n\t\t\t<div class=\"elementor-widget-wrap elementor-element-populated\">\n\t\t\t\t\t\t<div class=\"elementor-element elementor-element-d53bd00 elementor-widget elementor-widget-text-editor\" data-id=\"d53bd00\" data-element_type=\"widget\" data-widget_type=\"text-editor.default\">\n\t\t\t\t<div class=\"elementor-widget-container\">\n\t\t\t\t\t\t\t\t\t<p>M\u00fchendislik Fak\u00fcltesi b\u00fcnyesindeki \u00f6\u011frencilere farkl\u0131 disiplinlerden yararlanarak yeni beceriler kazanma f\u0131rsat\u0131 sunan yandal programlar\u0131, \u00f6\u011frencilerin ilgi alanlar\u0131na g\u00f6re kendi alanlar\u0131n\u0131 geni\u015fletmelerine yard\u0131mc\u0131 olur.<\/p>\n<p>Yandal programlar\u0131m\u0131zla birlikte \u00f6\u011frencilerimiz, ana dallar\u0131na ek olarak bir ba\u015fka alanda da derinlemesine bilgi sahibi olma \u015fans\u0131n\u0131 elde eder. Bu programlar, m\u00fchendislik e\u011fitimi alan \u00f6\u011frencilere farkl\u0131 disiplinlerden dersler alarak kendi ilgi ve yeteneklerine uygun bir \u015fekilde \u00e7e\u015fitlilik kazanma f\u0131rsat\u0131 sunar.<\/p>\n<p>Yandal programlar\u0131na kat\u0131lan \u00f6\u011frenciler, se\u00e7ecekleri ikinci alanda da uzmanla\u015farak kendilerini daha da geli\u015ftirir. Bu sayede mezun olduktan sonra i\u015f hayat\u0131nda daha \u00e7ok y\u00f6nl\u00fc ve esnek olurlar. Ayr\u0131ca yandal programlar\u0131, \u00f6\u011frencilerin mezuniyet sonras\u0131 kariyer se\u00e7eneklerini geni\u015fletmesine de katk\u0131da bulunur.<\/p>\n<p>M\u00fchendislik Fak\u00fcltesi olarak \u00f6\u011frencilerimizin ki\u015fisel ve mesleki geli\u015fimlerine \u00f6nem veriyor ve onlara \u0111a disiplinlerden yararlanarak zengin bir e\u011fitim deneyimi sunmay\u0131 ama\u00e7l\u0131yoruz. Yandal programlar\u0131m\u0131z, m\u00fchendislik alan\u0131ndaki bilgilerini daha geni\u015f bir perspektifte de\u011ferlendirebilmeleri i\u00e7in tasarlanm\u0131\u015ft\u0131r.<\/p>\t\t\t\t\t\t\t\t<\/div>\n\t\t\t\t<\/div>\n\t\t\t\t\t<\/div>\n\t\t<\/div>\n\t\t\t\t\t<\/div>\n\t\t<\/section>\n\t\t\t\t<\/div>\n\t\t","protected":false},"excerpt":{"rendered":"<p>M\u00fchendislik Fak\u00fcltesi \u00f6\u011frencileri i\u00e7in sundu\u011fumuz yandal programlar\u0131, \u00f6\u011frencilerin ana dallar\u0131n\u0131n yan\u0131 s\u0131ra farkl\u0131 alanlarda da bilgi ve beceri kazanmalar\u0131n\u0131 sa\u011flar. Bu programlar, \u00f6\u011frencilere \u00e7e\u015fitli disiplinler aras\u0131nda ba\u011flant\u0131 kurma ve farkl\u0131 perspektifleri anlamalar\u0131n\u0131 sa\u011flarken, ayn\u0131 zamanda i\u015f ya\u015famlar\u0131nda daha geni\u015f bir yelpazede f\u0131rsatlarla kar\u015f\u0131la\u015fmalar\u0131na yard\u0131mc\u0131 olur. Yandal programlar\u0131m\u0131z, \u00f6\u011frencilerin ilgi duyduklar\u0131 alanlarda derinlemesine bilgi edinmelerini ama\u00e7lar. [&hellip;]<\/p>\n","protected":false},"author":1,"featured_media":0,"parent":0,"menu_order":0,"comment_status":"closed","ping_status":"closed","template":"elementor_header_footer","meta":{"footnotes":""},"class_list":["post-5804","page","type-page","status-publish","hentry"],"_links":{"self":[{"href":"https:\/\/atauni.edu.tr\/fakulte\/wp-json\/wp\/v2\/pages\/5804","targetHints":{"allow":["GET"]}}],"collection":[{"href":"https:\/\/atauni.edu.tr\/fakulte\/wp-json\/wp\/v2\/pages"}],"about":[{"href":"https:\/\/atauni.edu.tr\/fakulte\/wp-json\/wp\/v2\/types\/page"}],"author":[{"embeddable":true,"href":"https:\/\/atauni.edu.tr\/fakulte\/wp-json\/wp\/v2\/users\/1"}],"replies":[{"embeddable":true,"href":"https:\/\/atauni.edu.tr\/fakulte\/wp-json\/wp\/v2\/comments?post=5804"}],"version-history":[{"count":11,"href":"https:\/\/atauni.edu.tr\/fakulte\/wp-json\/wp\/v2\/pages\/5804\/revisions"}],"predecessor-version":[{"id":6401,"href":"https:\/\/atauni.edu.tr\/fakulte\/wp-json\/wp\/v2\/pages\/5804\/revisions\/6401"}],"wp:attachment":[{"href":"https:\/\/atauni.edu.tr\/fakulte\/wp-json\/wp\/v2\/media?parent=5804"}],"curies":[{"name":"wp","href":"https:\/\/api.w.org\/{rel}","templated":true}]}}