{"id":5728,"date":"2021-07-13T11:33:38","date_gmt":"2021-07-13T08:33:38","guid":{"rendered":"https:\/\/portaltest.atauni.edu.tr\/bilgisayar-muhendisligi\/?page_id=5728"},"modified":"2022-03-01T10:02:53","modified_gmt":"2022-03-01T07:02:53","slug":"bolum-tanitimi","status":"publish","type":"page","link":"https:\/\/atauni.edu.tr\/fars-dili-ve-edebiyati\/bolum-tanitimi\/","title":{"rendered":"B\u00f6l\u00fcm Tan\u0131t\u0131m\u0131"},"content":{"rendered":"\t\t<div data-elementor-type=\"wp-page\" data-elementor-id=\"5728\" class=\"elementor elementor-5728\" data-elementor-post-type=\"page\">\n\t\t\t\t\t\t<section class=\"elementor-section elementor-top-section elementor-element elementor-element-730d320 elementor-section-boxed elementor-section-height-default elementor-section-height-default\" data-id=\"730d320\" data-element_type=\"section\">\n\t\t\t\t\t\t<div class=\"elementor-container elementor-column-gap-default\">\n\t\t\t\t\t<div class=\"elementor-column elementor-col-100 elementor-top-column elementor-element elementor-element-753d0860\" data-id=\"753d0860\" data-element_type=\"column\">\n\t\t\t<div class=\"elementor-widget-wrap\">\n\t\t\t\t\t\t\t<\/div>\n\t\t<\/div>\n\t\t\t\t\t<\/div>\n\t\t<\/section>\n\t\t\t\t<section class=\"elementor-section elementor-top-section elementor-element elementor-element-9be811a elementor-section-boxed elementor-section-height-default elementor-section-height-default\" data-id=\"9be811a\" data-element_type=\"section\">\n\t\t\t\t\t\t<div class=\"elementor-container elementor-column-gap-default\">\n\t\t\t\t\t<div class=\"elementor-column elementor-col-100 elementor-top-column elementor-element elementor-element-1ed847b7\" data-id=\"1ed847b7\" data-element_type=\"column\">\n\t\t\t<div class=\"elementor-widget-wrap elementor-element-populated\">\n\t\t\t\t\t\t<div class=\"elementor-element elementor-element-4ce0d07f elementor-widget elementor-widget-heading\" data-id=\"4ce0d07f\" data-element_type=\"widget\" data-widget_type=\"heading.default\">\n\t\t\t\t<div class=\"elementor-widget-container\">\n\t\t\t\t\t<h2 class=\"elementor-heading-title elementor-size-default\">B\u00f6l\u00fcm Tan\u0131t\u0131m\u0131<\/h2>\t\t\t\t<\/div>\n\t\t\t\t<\/div>\n\t\t\t\t<div class=\"elementor-element elementor-element-63260862 elementor-widget-divider--view-line elementor-widget elementor-widget-divider\" data-id=\"63260862\" data-element_type=\"widget\" data-widget_type=\"divider.default\">\n\t\t\t\t<div class=\"elementor-widget-container\">\n\t\t\t\t\t\t\t<div class=\"elementor-divider\">\n\t\t\t<span class=\"elementor-divider-separator\">\n\t\t\t\t\t\t<\/span>\n\t\t<\/div>\n\t\t\t\t\t\t<\/div>\n\t\t\t\t<\/div>\n\t\t\t\t\t<\/div>\n\t\t<\/div>\n\t\t\t\t\t<\/div>\n\t\t<\/section>\n\t\t\t\t<section class=\"elementor-section elementor-top-section elementor-element elementor-element-681db8b elementor-section-boxed elementor-section-height-default elementor-section-height-default\" data-id=\"681db8b\" data-element_type=\"section\">\n\t\t\t\t\t\t<div class=\"elementor-container elementor-column-gap-default\">\n\t\t\t\t\t<div class=\"elementor-column elementor-col-100 elementor-top-column elementor-element elementor-element-ad4dac5\" data-id=\"ad4dac5\" data-element_type=\"column\">\n\t\t\t<div class=\"elementor-widget-wrap elementor-element-populated\">\n\t\t\t\t\t\t<div class=\"elementor-element elementor-element-2f96b3d elementor-widget elementor-widget-text-editor\" data-id=\"2f96b3d\" data-element_type=\"widget\" data-widget_type=\"text-editor.default\">\n\t\t\t\t<div class=\"elementor-widget-container\">\n\t\t\t\t\t\t\t\t\t<p><span style=\"color: #000000;font-family: 'Roboto Condensed', sans-serif;font-size: 14px\">&nbsp;<\/span><span style=\"color: #000000;font-family: 'Roboto Condensed', sans-serif;font-size: 14px\">B\u00f6l\u00fcm\u00fcm\u00fcz, Atat\u00fcrk \u00dcniversitesi Edebiyat Fak\u00fcltesi b\u00fcnyesinde 1968 y\u0131l\u0131nda Arap-Fars Dilleri ve Edebiyatlar\u0131 B\u00f6l\u00fcm\u00fc ad\u0131 ile kurulmu\u015f ve Lisans d\u00fczeyindeki \u00f6\u011fretimine 1974-1975 \u00f6\u011fretim y\u0131l\u0131nda ba\u015flam\u0131\u015ft\u0131r. 1983 y\u0131l\u0131nda Do\u011fu Dilleri ve Edebiyatlar\u0131 B\u00f6l\u00fcm\u00fc ad\u0131n\u0131 alarak Arap Dili ve Edebiyat\u0131 Anabilim Dal\u0131 ve Fars Dili ve Edebiyat\u0131 Anabilim Dal\u0131 olmak \u00fczere iki Anabilim Dal\u0131na ayr\u0131larak iki ayr\u0131 program uygulamaya ve ayr\u0131 diploma vermeye ba\u015flam\u0131\u015ft\u0131r<span>.14 Ocak 2014 tarihinde Do\u011fu Dilleri ve Edebiyatlar\u0131 b\u00fcnyesinden ayr\u0131l\u0131p Fars Dili ve Edebiyat\u0131 b\u00f6l\u00fcm\u00fc olarak \u00f6\u011fretime devam etmektedir.<\/span><\/span><span style=\"color: #000000;font-family: 'Roboto Condensed', sans-serif;font-size: 14px\">&nbsp;<\/span><\/p>\t\t\t\t\t\t\t\t<\/div>\n\t\t\t\t<\/div>\n\t\t\t\t\t<\/div>\n\t\t<\/div>\n\t\t\t\t\t<\/div>\n\t\t<\/section>\n\t\t\t\t<section class=\"elementor-section elementor-top-section elementor-element elementor-element-74c5755 elementor-section-boxed elementor-section-height-default elementor-section-height-default\" data-id=\"74c5755\" data-element_type=\"section\">\n\t\t\t\t\t\t<div class=\"elementor-container elementor-column-gap-default\">\n\t\t\t\t\t<div class=\"elementor-column elementor-col-100 elementor-top-column elementor-element elementor-element-7f761f6\" data-id=\"7f761f6\" data-element_type=\"column\">\n\t\t\t<div class=\"elementor-widget-wrap elementor-element-populated\">\n\t\t\t\t\t\t<div class=\"elementor-element elementor-element-8ecc1b0 elementor-widget elementor-widget-text-editor\" data-id=\"8ecc1b0\" data-element_type=\"widget\" data-widget_type=\"text-editor.default\">\n\t\t\t\t<div class=\"elementor-widget-container\">\n\t\t\t\t\t\t\t\t\t<p>Fars Dili ve Edebiyat\u0131 B\u00f6l\u00fcm\u00fc mezunlar\u0131 \u00f6zel sekt\u00f6re ek olarak \u00fcniversitelerde ve kamu kurumlar\u0131nda istihdam edilebilirler. \u00d6rne\u011fin;<\/p><ul><li>K\u00fclt\u00fcr ve Turizm Bakanl\u0131\u011f\u0131,<\/li><li>T\u00fcrk Silahl\u0131 Kuvvetleri,<\/li><li>D\u0131\u015fi\u015fleri Bakanl\u0131\u011f\u0131,<\/li><li>G\u00fcvenlik \u0130\u015fleri Genel M\u00fcd\u00fcrl\u00fc\u011f\u00fc,<\/li><li>Yaz\u0131 \u0130\u015fleri Enstit\u00fcs\u00fc,<\/li><li>Atat\u00fcrk K\u00fclt\u00fcr, Dil ve Tarih Y\u00fcksek Kurumu<\/li><\/ul><p>Gibi yerlerde \u00e7al\u0131\u015fma f\u0131rsat\u0131 bulabilirler. Bunlar\u0131n haricinde \u00e7evirmen olarak eserlerin \u00e7evirisi konusunda ya da \u00fclkeler aras\u0131 ger\u00e7ekle\u015ftirilmekte olan ticari operasyonlarda g\u00f6rev alabilirler.<\/p>\t\t\t\t\t\t\t\t<\/div>\n\t\t\t\t<\/div>\n\t\t\t\t\t<\/div>\n\t\t<\/div>\n\t\t\t\t\t<\/div>\n\t\t<\/section>\n\t\t\t\t<\/div>\n\t\t","protected":false},"excerpt":{"rendered":"<p>B\u00f6l\u00fcm Tan\u0131t\u0131m\u0131 &nbsp;B\u00f6l\u00fcm\u00fcm\u00fcz, Atat\u00fcrk \u00dcniversitesi Edebiyat Fak\u00fcltesi b\u00fcnyesinde 1968 y\u0131l\u0131nda Arap-Fars Dilleri ve Edebiyatlar\u0131 B\u00f6l\u00fcm\u00fc ad\u0131 ile kurulmu\u015f ve Lisans d\u00fczeyindeki \u00f6\u011fretimine 1974-1975 \u00f6\u011fretim y\u0131l\u0131nda ba\u015flam\u0131\u015ft\u0131r. 1983 y\u0131l\u0131nda Do\u011fu Dilleri ve Edebiyatlar\u0131 B\u00f6l\u00fcm\u00fc ad\u0131n\u0131 alarak Arap Dili ve Edebiyat\u0131 Anabilim Dal\u0131 ve Fars Dili ve Edebiyat\u0131 Anabilim Dal\u0131 olmak \u00fczere iki Anabilim Dal\u0131na ayr\u0131larak iki [&hellip;]<\/p>\n","protected":false},"author":1,"featured_media":0,"parent":0,"menu_order":0,"comment_status":"closed","ping_status":"closed","template":"elementor_header_footer","meta":{"footnotes":""},"class_list":["post-5728","page","type-page","status-publish","hentry"],"_links":{"self":[{"href":"https:\/\/atauni.edu.tr\/fars-dili-ve-edebiyati\/wp-json\/wp\/v2\/pages\/5728","targetHints":{"allow":["GET"]}}],"collection":[{"href":"https:\/\/atauni.edu.tr\/fars-dili-ve-edebiyati\/wp-json\/wp\/v2\/pages"}],"about":[{"href":"https:\/\/atauni.edu.tr\/fars-dili-ve-edebiyati\/wp-json\/wp\/v2\/types\/page"}],"author":[{"embeddable":true,"href":"https:\/\/atauni.edu.tr\/fars-dili-ve-edebiyati\/wp-json\/wp\/v2\/users\/1"}],"replies":[{"embeddable":true,"href":"https:\/\/atauni.edu.tr\/fars-dili-ve-edebiyati\/wp-json\/wp\/v2\/comments?post=5728"}],"version-history":[{"count":20,"href":"https:\/\/atauni.edu.tr\/fars-dili-ve-edebiyati\/wp-json\/wp\/v2\/pages\/5728\/revisions"}],"predecessor-version":[{"id":6550,"href":"https:\/\/atauni.edu.tr\/fars-dili-ve-edebiyati\/wp-json\/wp\/v2\/pages\/5728\/revisions\/6550"}],"wp:attachment":[{"href":"https:\/\/atauni.edu.tr\/fars-dili-ve-edebiyati\/wp-json\/wp\/v2\/media?parent=5728"}],"curies":[{"name":"wp","href":"https:\/\/api.w.org\/{rel}","templated":true}]}}