{"id":5682,"date":"2021-07-13T10:10:01","date_gmt":"2021-07-13T07:10:01","guid":{"rendered":"https:\/\/portaltest.atauni.edu.tr\/bilgisayar-muhendisligi\/?page_id=5682"},"modified":"2023-05-04T09:43:42","modified_gmt":"2023-05-04T06:43:42","slug":"misyon-vizyon-ve-temel-degerler","status":"publish","type":"page","link":"https:\/\/atauni.edu.tr\/felsefe-tarihi-anabilim-dali\/misyon-vizyon-ve-temel-degerler\/","title":{"rendered":"Misyon, Vizyon ve Temel De\u011ferler"},"content":{"rendered":"\t\t<div data-elementor-type=\"wp-page\" data-elementor-id=\"5682\" class=\"elementor elementor-5682\" data-elementor-post-type=\"page\">\n\t\t\t\t\t\t<section class=\"elementor-section elementor-top-section elementor-element elementor-element-730d320 elementor-section-boxed elementor-section-height-default elementor-section-height-default\" data-id=\"730d320\" data-element_type=\"section\">\n\t\t\t\t\t\t<div class=\"elementor-container elementor-column-gap-default\">\n\t\t\t\t\t<div class=\"elementor-column elementor-col-100 elementor-top-column elementor-element elementor-element-753d0860\" data-id=\"753d0860\" data-element_type=\"column\">\n\t\t\t<div class=\"elementor-widget-wrap\">\n\t\t\t\t\t\t\t<\/div>\n\t\t<\/div>\n\t\t\t\t\t<\/div>\n\t\t<\/section>\n\t\t\t\t<section class=\"elementor-section elementor-top-section elementor-element elementor-element-9be811a elementor-section-boxed elementor-section-height-default elementor-section-height-default\" data-id=\"9be811a\" data-element_type=\"section\">\n\t\t\t\t\t\t<div class=\"elementor-container elementor-column-gap-default\">\n\t\t\t\t\t<div class=\"elementor-column elementor-col-100 elementor-top-column elementor-element elementor-element-1ed847b7\" data-id=\"1ed847b7\" data-element_type=\"column\">\n\t\t\t<div class=\"elementor-widget-wrap elementor-element-populated\">\n\t\t\t\t\t\t<div class=\"elementor-element elementor-element-4ce0d07f elementor-widget elementor-widget-heading\" data-id=\"4ce0d07f\" data-element_type=\"widget\" data-widget_type=\"heading.default\">\n\t\t\t\t<div class=\"elementor-widget-container\">\n\t\t\t\t\t<h2 class=\"elementor-heading-title elementor-size-default\">Misyon, Vizyon ve Temel De\u011ferler<\/h2>\t\t\t\t<\/div>\n\t\t\t\t<\/div>\n\t\t\t\t<div class=\"elementor-element elementor-element-63260862 elementor-widget-divider--view-line elementor-widget elementor-widget-divider\" data-id=\"63260862\" data-element_type=\"widget\" data-widget_type=\"divider.default\">\n\t\t\t\t<div class=\"elementor-widget-container\">\n\t\t\t\t\t\t\t<div class=\"elementor-divider\">\n\t\t\t<span class=\"elementor-divider-separator\">\n\t\t\t\t\t\t<\/span>\n\t\t<\/div>\n\t\t\t\t\t\t<\/div>\n\t\t\t\t<\/div>\n\t\t\t\t\t<\/div>\n\t\t<\/div>\n\t\t\t\t\t<\/div>\n\t\t<\/section>\n\t\t\t\t<section class=\"elementor-section elementor-top-section elementor-element elementor-element-681db8b elementor-section-boxed elementor-section-height-default elementor-section-height-default\" data-id=\"681db8b\" data-element_type=\"section\">\n\t\t\t\t\t\t<div class=\"elementor-container elementor-column-gap-default\">\n\t\t\t\t\t<div class=\"elementor-column elementor-col-100 elementor-top-column elementor-element elementor-element-ad4dac5\" data-id=\"ad4dac5\" data-element_type=\"column\">\n\t\t\t<div class=\"elementor-widget-wrap elementor-element-populated\">\n\t\t\t\t\t\t<div class=\"elementor-element elementor-element-2f96b3d elementor-widget elementor-widget-text-editor\" data-id=\"2f96b3d\" data-element_type=\"widget\" data-widget_type=\"text-editor.default\">\n\t\t\t\t<div class=\"elementor-widget-container\">\n\t\t\t\t\t\t\t\t\t<p class=\"MsoNormal\"><span style=\"font-size:12.0pt;line-height:107%;,serif\">\u00dclkemizdeki\n\u00fcniversitelerin sosyal bilimler \u00fczerine e\u011fitim veren \u0130lahiyat, Edebiyat, Be\u015feri\nBilimler, \u0130nsan ve Toplum Bilimleri ve bir de E\u011fitim Fak\u00fcltelerinde Felsefe\nb\u00f6l\u00fcmleri bulunmaktad\u0131r. En ciddi felsefe \u00f6\u011fretimi ve e\u011fitiminin verildi\u011fi\nb\u00f6l\u00fcmlerin ba\u015f\u0131nda da \u0130lahiyat fak\u00fcltelerinin Felsefe ve Din Bilimleri\nB\u00f6l\u00fcmleri gelmektedir ve bunlardan biri de Atat\u00fcrk \u00dcniversitesi \u0130lahiyat\nFak\u00fcltesi FDB\u2019dir.<\/span><\/p><p class=\"MsoNormal\"><span style=\"font-size:12.0pt;line-height:107%;,serif\">Hi\u00e7 ku\u015fku yok ki felsefe\n\u00f6\u011fretiminin en temel derslerinden biri Felsefe Tarihi\u2019dir. B\u00f6l\u00fcm\u00fcm\u00fcz Felsefe\nTarihi Ana Bilim Dal\u0131 b\u00fcnyesinde lisans, y\u00fcksek lisans ve doktora olmak \u00fczere\n\u00fc\u00e7 programda dersler verilmektedir. Lisans program\u0131n\u0131n \u00f6ncelikli ama\u00e7lar\u0131ndan\nbiri, \u00f6\u011frencilere d\u00fc\u015f\u00fcnce tarihi ve filozoflar\u0131 tan\u0131tmak ve \u00f6\u011fretmektir.\n\u00d6\u011frencilerimizin d\u00fc\u015f\u00fcnce tarihinin \u00e7e\u015fitli d\u00f6nemlerini \u00f6\u011frenmeleri ve di\u011fer\nderslerinde de bu d\u00fc\u015f\u00fcnce sistemlerine m\u00fcracaat edebilmeleri; sorgulayan,\nele\u015ftiren ve yeni fikirler \u00fcretebilen bir d\u00fc\u015f\u00fcnce yap\u0131s\u0131na ula\u015ft\u0131r\u0131labilmeleri\nhedeflenmektedir. Sonraki d\u00f6nemlerde okutulan \u0130slam Felsefesi, Ahlak Felsefesi,\nDin Felsefesi, G\u00fcn\u00fcm\u00fcz Felsefe Ak\u0131mlar\u0131 gibi derslere daha \u00e7abuk intibak\netmeleri de g\u00f6z \u00f6n\u00fcnde bulundurulmaktad\u0131r.<\/span><\/p><p class=\"MsoNormal\"><span style=\"font-size:12.0pt;line-height:107%;,serif\">Y\u00fcksek Lisans program\u0131nda\n\u00f6\u011frencilere aksiyoloji, ontoloji ve epistemoloji konular\u0131nda derinlikli bilgi\nverilmekte, filozoflar\u0131n eserleri okutulup analiz edilmektedir. <\/span><\/p><p>\n\n\n\n\n\n<\/p><p class=\"MsoNormal\"><span style=\"font-size:12.0pt;line-height:107%;,serif\">Doktora program\u0131nda ise\nbir ad\u0131m daha ileri gidilerek felsefe-bilim, felsefe-din, felsefe-sanat\nkonular\u0131nda mukayeseli dersler anlat\u0131lmakta ve tez \u00e7al\u0131\u015fmalar\u0131 da bu \u00e7er\u00e7evede\nyapt\u0131r\u0131lmaktad\u0131r. Bu tarz bir m\u00fcfredatla, insanl\u0131\u011f\u0131n varolu\u015f, k\u00fclt\u00fcr, ahlak,\nvarl\u0131k, din, sanat ve estetikle ilgili kar\u015f\u0131la\u015ft\u0131\u011f\u0131 her t\u00fcrl\u00fc problem i\u00e7in\n\u00e7\u00f6z\u00fcm aray\u0131\u015f\u0131nda bulunmay\u0131 \u00f6\u011frencilerimize kavratmay\u0131 ama\u00e7lamaktay\u0131z.<\/span><\/p>\t\t\t\t\t\t\t\t<\/div>\n\t\t\t\t<\/div>\n\t\t\t\t\t<\/div>\n\t\t<\/div>\n\t\t\t\t\t<\/div>\n\t\t<\/section>\n\t\t\t\t<\/div>\n\t\t","protected":false},"excerpt":{"rendered":"<p>Misyon, Vizyon ve Temel De\u011ferler \u00dclkemizdeki \u00fcniversitelerin sosyal bilimler \u00fczerine e\u011fitim veren \u0130lahiyat, Edebiyat, Be\u015feri Bilimler, \u0130nsan ve Toplum Bilimleri ve bir de E\u011fitim Fak\u00fcltelerinde Felsefe b\u00f6l\u00fcmleri bulunmaktad\u0131r. En ciddi felsefe \u00f6\u011fretimi ve e\u011fitiminin verildi\u011fi b\u00f6l\u00fcmlerin ba\u015f\u0131nda da \u0130lahiyat fak\u00fcltelerinin Felsefe ve Din Bilimleri B\u00f6l\u00fcmleri gelmektedir ve bunlardan biri de Atat\u00fcrk \u00dcniversitesi \u0130lahiyat Fak\u00fcltesi FDB\u2019dir. [&hellip;]<\/p>\n","protected":false},"author":1,"featured_media":0,"parent":0,"menu_order":0,"comment_status":"closed","ping_status":"closed","template":"elementor_header_footer","meta":{"footnotes":""},"class_list":["post-5682","page","type-page","status-publish","hentry"],"_links":{"self":[{"href":"https:\/\/atauni.edu.tr\/felsefe-tarihi-anabilim-dali\/wp-json\/wp\/v2\/pages\/5682","targetHints":{"allow":["GET"]}}],"collection":[{"href":"https:\/\/atauni.edu.tr\/felsefe-tarihi-anabilim-dali\/wp-json\/wp\/v2\/pages"}],"about":[{"href":"https:\/\/atauni.edu.tr\/felsefe-tarihi-anabilim-dali\/wp-json\/wp\/v2\/types\/page"}],"author":[{"embeddable":true,"href":"https:\/\/atauni.edu.tr\/felsefe-tarihi-anabilim-dali\/wp-json\/wp\/v2\/users\/1"}],"replies":[{"embeddable":true,"href":"https:\/\/atauni.edu.tr\/felsefe-tarihi-anabilim-dali\/wp-json\/wp\/v2\/comments?post=5682"}],"version-history":[{"count":14,"href":"https:\/\/atauni.edu.tr\/felsefe-tarihi-anabilim-dali\/wp-json\/wp\/v2\/pages\/5682\/revisions"}],"predecessor-version":[{"id":6290,"href":"https:\/\/atauni.edu.tr\/felsefe-tarihi-anabilim-dali\/wp-json\/wp\/v2\/pages\/5682\/revisions\/6290"}],"wp:attachment":[{"href":"https:\/\/atauni.edu.tr\/felsefe-tarihi-anabilim-dali\/wp-json\/wp\/v2\/media?parent=5682"}],"curies":[{"name":"wp","href":"https:\/\/api.w.org\/{rel}","templated":true}]}}