{"id":7456,"date":"2025-11-24T00:05:40","date_gmt":"2025-11-23T21:05:40","guid":{"rendered":"https:\/\/birimler.atauni.edu.tr\/felsefe\/?page_id=7456"},"modified":"2025-11-24T00:19:00","modified_gmt":"2025-11-23T21:19:00","slug":"felsefe-bolumu-program-amaclari-ve-ogretim-ciktilari","status":"publish","type":"page","link":"https:\/\/atauni.edu.tr\/felsefe\/felsefe-bolumu-program-amaclari-ve-ogretim-ciktilari\/","title":{"rendered":"Felsefe B\u00f6l\u00fcm\u00fc Program Ama\u00e7lar\u0131 ve \u00d6\u011fretim \u00c7\u0131kt\u0131lar\u0131"},"content":{"rendered":"\t\t<div data-elementor-type=\"wp-page\" data-elementor-id=\"7456\" class=\"elementor elementor-7456\" data-elementor-post-type=\"page\">\n\t\t\t\t\t\t<section class=\"elementor-section elementor-top-section elementor-element elementor-element-fa7679b elementor-section-boxed elementor-section-height-default elementor-section-height-default\" data-id=\"fa7679b\" data-element_type=\"section\">\n\t\t\t\t\t\t<div class=\"elementor-container elementor-column-gap-default\">\n\t\t\t\t\t<div class=\"elementor-column elementor-col-100 elementor-top-column elementor-element elementor-element-f03f303\" data-id=\"f03f303\" data-element_type=\"column\">\n\t\t\t<div class=\"elementor-widget-wrap elementor-element-populated\">\n\t\t\t\t\t\t<div class=\"elementor-element elementor-element-a80dcad elementor-widget elementor-widget-text-editor\" data-id=\"a80dcad\" data-element_type=\"widget\" data-widget_type=\"text-editor.default\">\n\t\t\t\t<div class=\"elementor-widget-container\">\n\t\t\t\t\t\t\t\t\t<p><strong>Program\u0131n \u00d6\u011fretim Ama\u00e7lar\u0131<\/strong><\/p><p><strong>P\u00d6A-1: <\/strong>\u00d6\u011frencilerin akademik alanlar, e\u011fitim kurumlar\u0131 ve entelekt\u00fcel ortamlardaki ba\u015far\u0131 ve etkinliklerine temel te\u015fkil edecek kavramlar\u0131 \u00f6\u011frenmelerinin sa\u011flanmas\u0131.<\/p><p><strong>P\u00d6A-2: <\/strong>Hedeflenen alanlardaki ba\u015far\u0131y\u0131 sa\u011flamaya katk\u0131da bulunacak \u015fekilde ele\u015ftirel ve farkl\u0131 a\u00e7\u0131lardan bakabilme niteliklerinin kazand\u0131r\u0131lmas\u0131.<\/p><p><strong>P\u00d6A-3: <\/strong>Mesleki ve entelekt\u00fcel hayatta kar\u015f\u0131la\u015f\u0131lan sorunlar\u0131n \u00e7\u00f6z\u00fcm\u00fcnde en etkin ve kolay \u00e7\u00f6z\u00fcm\u00fcn bulunmas\u0131na yard\u0131mc\u0131 olarak kullan\u0131labilecek bilgi kaynaklar\u0131n\u0131n ve bu kaynaklara ula\u015fabilmenin yollar\u0131n\u0131n \u00f6\u011fretilmesi.<\/p><p><strong>P\u00d6A-4: <\/strong>Meslek hayat\u0131nda kar\u015f\u0131la\u015f\u0131lmas\u0131 muhtemel sorunlar\u0131n \u00e7\u00f6z\u00fcm\u00fc a\u00e7\u0131s\u0131ndan son derece \u00f6nemli olan etik bilincin kazand\u0131r\u0131lmas\u0131 ve mesleki performans\u0131n bu bilin\u00e7 dolay\u0131m\u0131nda \u015fekillendirilmesinin kavrat\u0131lmas\u0131.<\/p><p><strong>P\u00d6A-5: <\/strong>\u00c7al\u0131\u015fma alanlar\u0131nda eksikli\u011fi g\u00f6r\u00fclen hususlar\u0131n giderilmesi noktas\u0131nda yarat\u0131c\u0131 d\u00fc\u015f\u00fcnceler ortaya konulmas\u0131n\u0131n \u00f6neminin kavrat\u0131lmas\u0131 ve bu d\u00fc\u015f\u00fcnceleri \u00fcretebilmenin formasyonunun kazand\u0131r\u0131lmas\u0131.<\/p><p><strong>P\u00d6A-6: <\/strong>D\u00fc\u015f\u00fcnce tarihinin geli\u015fim ve de\u011fi\u015fim seyrinin \u00f6\u011fretilmesi suretiyle, gelecek projeksiyonlar\u0131 olu\u015fturabilme potansiyellerinin geni\u015fletilmesi ve alternatif \u00f6nerilerde bulunmaya zemin haz\u0131rlanmas\u0131.<\/p><p><strong>P\u00d6A-7: <\/strong>\u0130nsanl\u0131k tarihinin felsefi, sosyolojik ve psikolojik analizlerinin yap\u0131lmas\u0131na ba\u011fl\u0131 olarak, i\u00e7inde ya\u015fan\u0131lan toplumdaki farkl\u0131l\u0131klar\u0131n de\u011ferlendirilmesinde ufuk a\u00e7\u0131c\u0131 bir modellemenin zihinde olu\u015fturulabilmesine yard\u0131mc\u0131 olma.<\/p><p><strong>Program\u0131n \u00d6\u011fretim \u00c7\u0131kt\u0131lar\u0131<\/strong><\/p><p><strong>P\u00c71<\/strong>. Sistematik ve kavramsal d\u00fc\u015f\u00fcnme yetenek ve kapasitesini geli\u015ftirir.<\/p><p><strong>P\u00c72. <\/strong>Mesleki terminolojiyi bilir.<\/p><p><strong>P\u00c73. <\/strong>Felsefe tarihini bilir.<\/p><p><strong>P\u00c74. <\/strong>Felsefeye yak\u0131n disiplinler hakk\u0131nda yeterli d\u00fczeyde bilgiye sahip olur.<\/p><p><strong>P\u00c75. <\/strong>T\u00fcrk-\u0130slam d\u00fc\u015f\u00fcnce tarihini bilir.<\/p><p><strong>P\u00c76. <\/strong>Osmanl\u0131ca metin ve kaynaklar\u0131 okuyup anlar.<\/p><p><strong>P\u00c77. <\/strong>Felsefe ile ilgili bilgiye nas\u0131l ula\u015f\u0131laca\u011f\u0131n\u0131 \u00f6\u011frenir.<\/p><p><strong>P\u00c78. <\/strong>Felsefi ara\u015ft\u0131rma y\u00f6ntem ve tekni\u011fini kullan\u0131r.<\/p><p><strong>P\u00c79. <\/strong>\u00c7a\u011fda\u015f d\u00fcnyan\u0131n mevcut sorunlar\u0131n\u0131 felsefi olarak inceler.<\/p><p><strong>P\u00c710. <\/strong>Analitik ve sentetik d\u00fc\u015f\u00fcnme, okuma, yazma ve \u00f6\u011fretme yetkinli\u011fini kazan\u0131r.<\/p><p><strong>P\u00c711. <\/strong>Ya\u015fam-boyu \u00f6\u011frenmenin \u00f6nemini\/anlam\u0131n\u0131 kavrar.<\/p><p><strong>P\u00c712. <\/strong>Mesle\u011fin gerektirdi\u011fi etik sorumlulu\u011fu ta\u015f\u0131r.<\/p>\t\t\t\t\t\t\t\t<\/div>\n\t\t\t\t<\/div>\n\t\t\t\t\t<\/div>\n\t\t<\/div>\n\t\t\t\t\t<\/div>\n\t\t<\/section>\n\t\t\t\t<\/div>\n\t\t","protected":false},"excerpt":{"rendered":"<p>Program\u0131n \u00d6\u011fretim Ama\u00e7lar\u0131 P\u00d6A-1: \u00d6\u011frencilerin akademik alanlar, e\u011fitim kurumlar\u0131 ve entelekt\u00fcel ortamlardaki ba\u015far\u0131 ve etkinliklerine temel te\u015fkil edecek kavramlar\u0131 \u00f6\u011frenmelerinin sa\u011flanmas\u0131. P\u00d6A-2: Hedeflenen alanlardaki ba\u015far\u0131y\u0131 sa\u011flamaya katk\u0131da bulunacak \u015fekilde ele\u015ftirel ve farkl\u0131 a\u00e7\u0131lardan bakabilme niteliklerinin kazand\u0131r\u0131lmas\u0131. P\u00d6A-3: Mesleki ve entelekt\u00fcel hayatta kar\u015f\u0131la\u015f\u0131lan sorunlar\u0131n \u00e7\u00f6z\u00fcm\u00fcnde en etkin ve kolay \u00e7\u00f6z\u00fcm\u00fcn bulunmas\u0131na yard\u0131mc\u0131 olarak kullan\u0131labilecek bilgi kaynaklar\u0131n\u0131n [&hellip;]<\/p>\n","protected":false},"author":94,"featured_media":0,"parent":0,"menu_order":0,"comment_status":"closed","ping_status":"closed","template":"","meta":{"footnotes":""},"class_list":["post-7456","page","type-page","status-publish","hentry"],"_links":{"self":[{"href":"https:\/\/atauni.edu.tr\/felsefe\/wp-json\/wp\/v2\/pages\/7456","targetHints":{"allow":["GET"]}}],"collection":[{"href":"https:\/\/atauni.edu.tr\/felsefe\/wp-json\/wp\/v2\/pages"}],"about":[{"href":"https:\/\/atauni.edu.tr\/felsefe\/wp-json\/wp\/v2\/types\/page"}],"author":[{"embeddable":true,"href":"https:\/\/atauni.edu.tr\/felsefe\/wp-json\/wp\/v2\/users\/94"}],"replies":[{"embeddable":true,"href":"https:\/\/atauni.edu.tr\/felsefe\/wp-json\/wp\/v2\/comments?post=7456"}],"version-history":[{"count":4,"href":"https:\/\/atauni.edu.tr\/felsefe\/wp-json\/wp\/v2\/pages\/7456\/revisions"}],"predecessor-version":[{"id":7463,"href":"https:\/\/atauni.edu.tr\/felsefe\/wp-json\/wp\/v2\/pages\/7456\/revisions\/7463"}],"wp:attachment":[{"href":"https:\/\/atauni.edu.tr\/felsefe\/wp-json\/wp\/v2\/media?parent=7456"}],"curies":[{"name":"wp","href":"https:\/\/api.w.org\/{rel}","templated":true}]}}