{"id":7506,"date":"2025-11-24T01:40:51","date_gmt":"2025-11-23T22:40:51","guid":{"rendered":"https:\/\/birimler.atauni.edu.tr\/felsefe\/?page_id=7506"},"modified":"2025-11-24T02:38:54","modified_gmt":"2025-11-23T23:38:54","slug":"puko-ornekleri","status":"publish","type":"page","link":"https:\/\/atauni.edu.tr\/felsefe\/puko-ornekleri\/","title":{"rendered":"Puko \u00d6rnekleri"},"content":{"rendered":"\t\t<div data-elementor-type=\"wp-page\" data-elementor-id=\"7506\" class=\"elementor elementor-7506\" data-elementor-post-type=\"page\">\n\t\t\t\t\t\t<section class=\"elementor-section elementor-top-section elementor-element elementor-element-9f6fb99 elementor-section-boxed elementor-section-height-default elementor-section-height-default\" data-id=\"9f6fb99\" data-element_type=\"section\">\n\t\t\t\t\t\t<div class=\"elementor-container elementor-column-gap-default\">\n\t\t\t\t\t<div class=\"elementor-column elementor-col-100 elementor-top-column elementor-element elementor-element-47306f7\" data-id=\"47306f7\" data-element_type=\"column\">\n\t\t\t<div class=\"elementor-widget-wrap elementor-element-populated\">\n\t\t\t\t\t\t<div class=\"elementor-element elementor-element-b6b9678 elementor-widget elementor-widget-text-editor\" data-id=\"b6b9678\" data-element_type=\"widget\" data-widget_type=\"text-editor.default\">\n\t\t\t\t<div class=\"elementor-widget-container\">\n\t\t\t\t\t\t\t\t\t<p><a href=\"https:\/\/birimler.atauni.edu.tr\/felsefe\/memnuniyet-anketi-uygulamasi\/\"><strong>Memnuniyet Anketi Uygulamas\u0131<\/strong><\/a><\/p><p><a href=\"https:\/\/birimler.atauni.edu.tr\/felsefe\/cift-anadal-ve-yandal\/\"><strong>\u00c7ift Anadal ve Yandal<\/strong><\/a><\/p><p><a href=\"https:\/\/birimler.atauni.edu.tr\/felsefe\/oryantasyon-programi\/\"><strong>Oryantasyon Program\u0131<\/strong><\/a><\/p><p><a href=\"https:\/\/birimler.atauni.edu.tr\/felsefe\/dezavantajli-ogrenciler-icin-iyilestirme-uygulamalari\/\"><strong>Dezavantajl\u0131 \u00d6\u011frenciler \u0130\u00e7in \u0130yile\u015ftirme Uygulamalar\u0131<\/strong><\/a><\/p><p><a href=\"https:\/\/birimler.atauni.edu.tr\/felsefe\/akreditasyon-basvuru\/\"><strong>Akreditasyon Ba\u015fvuru<\/strong><\/a><\/p>\t\t\t\t\t\t\t\t<\/div>\n\t\t\t\t<\/div>\n\t\t\t\t\t<\/div>\n\t\t<\/div>\n\t\t\t\t\t<\/div>\n\t\t<\/section>\n\t\t\t\t<\/div>\n\t\t","protected":false},"excerpt":{"rendered":"<p>Memnuniyet Anketi Uygulamas\u0131 \u00c7ift Anadal ve Yandal Oryantasyon Program\u0131 Dezavantajl\u0131 \u00d6\u011frenciler \u0130\u00e7in \u0130yile\u015ftirme Uygulamalar\u0131 Akreditasyon Ba\u015fvuru<\/p>\n","protected":false},"author":94,"featured_media":0,"parent":0,"menu_order":0,"comment_status":"closed","ping_status":"closed","template":"","meta":{"footnotes":""},"class_list":["post-7506","page","type-page","status-publish","hentry"],"_links":{"self":[{"href":"https:\/\/atauni.edu.tr\/felsefe\/wp-json\/wp\/v2\/pages\/7506","targetHints":{"allow":["GET"]}}],"collection":[{"href":"https:\/\/atauni.edu.tr\/felsefe\/wp-json\/wp\/v2\/pages"}],"about":[{"href":"https:\/\/atauni.edu.tr\/felsefe\/wp-json\/wp\/v2\/types\/page"}],"author":[{"embeddable":true,"href":"https:\/\/atauni.edu.tr\/felsefe\/wp-json\/wp\/v2\/users\/94"}],"replies":[{"embeddable":true,"href":"https:\/\/atauni.edu.tr\/felsefe\/wp-json\/wp\/v2\/comments?post=7506"}],"version-history":[{"count":4,"href":"https:\/\/atauni.edu.tr\/felsefe\/wp-json\/wp\/v2\/pages\/7506\/revisions"}],"predecessor-version":[{"id":7541,"href":"https:\/\/atauni.edu.tr\/felsefe\/wp-json\/wp\/v2\/pages\/7506\/revisions\/7541"}],"wp:attachment":[{"href":"https:\/\/atauni.edu.tr\/felsefe\/wp-json\/wp\/v2\/media?parent=7506"}],"curies":[{"name":"wp","href":"https:\/\/api.w.org\/{rel}","templated":true}]}}