{"id":6721,"date":"2024-12-17T14:20:06","date_gmt":"2024-12-17T11:20:06","guid":{"rendered":"https:\/\/birimler.atauni.edu.tr\/fen-bilimleri-enstitusu\/?page_id=6721"},"modified":"2025-03-19T17:11:57","modified_gmt":"2025-03-19T14:11:57","slug":"enstitu-kurulu","status":"publish","type":"page","link":"https:\/\/atauni.edu.tr\/fen-bilimleri-enstitusu\/enstitu-kurulu\/","title":{"rendered":"Enstit\u00fc Kurulu"},"content":{"rendered":"\t\t<div data-elementor-type=\"wp-page\" data-elementor-id=\"6721\" class=\"elementor elementor-6721\" data-elementor-post-type=\"page\">\n\t\t\t\t\t\t<section class=\"elementor-section elementor-top-section elementor-element elementor-element-98f8209 elementor-section-boxed elementor-section-height-default elementor-section-height-default\" data-id=\"98f8209\" data-element_type=\"section\">\n\t\t\t\t\t\t<div class=\"elementor-container elementor-column-gap-default\">\n\t\t\t\t\t<div class=\"elementor-column elementor-col-100 elementor-top-column elementor-element elementor-element-83a9bfc\" data-id=\"83a9bfc\" data-element_type=\"column\">\n\t\t\t<div class=\"elementor-widget-wrap elementor-element-populated\">\n\t\t\t\t\t\t<div class=\"elementor-element elementor-element-a46625f elementor-widget elementor-widget-spacer\" data-id=\"a46625f\" data-element_type=\"widget\" data-widget_type=\"spacer.default\">\n\t\t\t\t<div class=\"elementor-widget-container\">\n\t\t\t\t\t\t\t<div class=\"elementor-spacer\">\n\t\t\t<div class=\"elementor-spacer-inner\"><\/div>\n\t\t<\/div>\n\t\t\t\t\t\t<\/div>\n\t\t\t\t<\/div>\n\t\t\t\t\t<\/div>\n\t\t<\/div>\n\t\t\t\t\t<\/div>\n\t\t<\/section>\n\t\t\t\t<section class=\"elementor-section elementor-top-section elementor-element elementor-element-81a8dd0 elementor-section-boxed elementor-section-height-default elementor-section-height-default\" data-id=\"81a8dd0\" data-element_type=\"section\">\n\t\t\t\t\t\t<div class=\"elementor-container elementor-column-gap-default\">\n\t\t\t\t\t<div class=\"elementor-column elementor-col-100 elementor-top-column elementor-element elementor-element-ad82924\" data-id=\"ad82924\" data-element_type=\"column\">\n\t\t\t<div class=\"elementor-widget-wrap elementor-element-populated\">\n\t\t\t\t\t\t<div class=\"elementor-element elementor-element-e3f2a99 elementor-widget elementor-widget-heading\" data-id=\"e3f2a99\" data-element_type=\"widget\" data-widget_type=\"heading.default\">\n\t\t\t\t<div class=\"elementor-widget-container\">\n\t\t\t\t\t<h2 class=\"elementor-heading-title elementor-size-default\">Enstit\u00fc Kurulu<\/h2>\t\t\t\t<\/div>\n\t\t\t\t<\/div>\n\t\t\t\t<div class=\"elementor-element elementor-element-3697def elementor-widget-divider--view-line elementor-widget elementor-widget-divider\" data-id=\"3697def\" data-element_type=\"widget\" data-widget_type=\"divider.default\">\n\t\t\t\t<div class=\"elementor-widget-container\">\n\t\t\t\t\t\t\t<div class=\"elementor-divider\">\n\t\t\t<span class=\"elementor-divider-separator\">\n\t\t\t\t\t\t<\/span>\n\t\t<\/div>\n\t\t\t\t\t\t<\/div>\n\t\t\t\t<\/div>\n\t\t\t\t\t<\/div>\n\t\t<\/div>\n\t\t\t\t\t<\/div>\n\t\t<\/section>\n\t\t\t\t<section class=\"elementor-section elementor-top-section elementor-element elementor-element-4ffd790 elementor-section-boxed elementor-section-height-default elementor-section-height-default\" data-id=\"4ffd790\" data-element_type=\"section\">\n\t\t\t\t\t\t<div class=\"elementor-container elementor-column-gap-default\">\n\t\t\t\t\t<div class=\"elementor-column elementor-col-100 elementor-top-column elementor-element elementor-element-67ff27f\" data-id=\"67ff27f\" data-element_type=\"column\">\n\t\t\t<div class=\"elementor-widget-wrap elementor-element-populated\">\n\t\t\t\t\t\t<div class=\"elementor-element elementor-element-e94f20a elementor-widget elementor-widget-text-editor\" data-id=\"e94f20a\" data-element_type=\"widget\" data-widget_type=\"text-editor.default\">\n\t\t\t\t<div class=\"elementor-widget-container\">\n\t\t\t\t\t\t\t\t\t<p><strong>Prof. Dr. Alper NUHO\u011eLU<\/strong> &#8211; Enstit\u00fc M\u00fcd\u00fcr\u00fc<\/p><p><strong>Prof. Dr. Mehmet Kerim G\u00dcLLAP<\/strong><span style=\"font-weight: var( --e-global-typography-text-font-weight )\">\u00a0&#8211; Enstit\u00fc M\u00fcd\u00fcr Yard\u0131mc\u0131s\u0131<\/span><\/p><p><span style=\"font-weight: var( --e-global-typography-text-font-weight )\"><strong>Dr. \u00d6\u011fr. \u00dcyesi Esra C\u0130NAN<\/strong> &#8211; Enstit\u00fc M\u00fcd\u00fcr Yard\u0131mc\u0131s\u0131<\/span><\/p><p><span style=\"font-weight: var( --e-global-typography-text-font-weight )\"><strong>Prof. Dr. \u00dcst\u00fcn \u015eAH\u0130N<\/strong> &#8211; Ak\u0131ll\u0131 Tar\u0131m Ana Bilim Dal\u0131 Ba\u015fkan\u0131<\/span><\/p><p><strong>Prof. Dr. Cahit YE\u015e\u0130LYAPRAK<\/strong><span style=\"font-weight: var( --e-global-typography-text-font-weight )\"> &#8211; Astronomi &amp; Astrofizik Ana Bilim Dal\u0131 Ba\u015fkan\u0131<\/span><\/p><p><strong>Prof. Dr. Sezai ERC\u0130\u015eL\u0130<\/strong><span style=\"font-weight: var( --e-global-typography-text-font-weight )\"> &#8211; Bah\u00e7e Bitkileri Ana Bilim Dal\u0131 Ba\u015fkan\u0131\u00a0 \u00a0 \u00a0 \u00a0\u00a0<\/span><\/p><p><strong>Dr. \u00d6\u011fr.\u00dcyesi Ahmet \u00c7O\u015eKUN\u00c7AY<\/strong><span style=\"font-weight: var( --e-global-typography-text-font-weight )\"> &#8211; Bilgisayar M\u00fchendisli\u011fi Ana Bilim Dal\u0131 Ba\u015fkan\u0131<\/span><\/p><p><strong>Prof. Dr. G\u00f6ksel TOZLU<\/strong><span style=\"font-weight: var( --e-global-typography-text-font-weight )\"> &#8211; Bitki Koruma Ana Bilim Dal\u0131 Ba\u015fkan\u0131<\/span><\/p><p><strong>Prof. Dr. Ertan YILDIRIM<\/strong><span style=\"font-weight: var( --e-global-typography-text-font-weight )\"> &#8211; Bitkisel \u00dcretim ve Teknolojileri Ana Bilim Dal\u0131 Ba\u015fkan\u0131<\/span><\/p><p><strong>Prof. Dr. G\u00fcleray A\u011eAR<\/strong><span style=\"font-weight: var( --e-global-typography-text-font-weight )\"> &#8211; Biyoloji Ana Bilim Dal\u0131 Ba\u015fkan\u0131<\/span><\/p><p><span style=\"font-weight: var( --e-global-typography-text-font-weight )\"><strong>Prof. Dr. Filiz Nuran ACAR<\/strong>&#8211; \u00c7evre M\u00fchendisli\u011fi Ana Bilim Dal\u0131 Ba\u015fkan\u0131<\/span><\/p><p><strong>Prof. Dr. Abdullah BA\u015e\u00c7I<\/strong><span style=\"font-weight: var( --e-global-typography-text-font-weight )\"> &#8211; Elektrik Elektronik Ana Bilim Dal\u0131 Ba\u015fkan\u0131<\/span><\/p><p><strong>Prof. Dr. Cafer \u00c7EL\u0130K<\/strong><span style=\"font-weight: var( --e-global-typography-text-font-weight )\"> &#8211; End\u00fcstri M\u00fchendisli\u011fi Ana Bilim Dal\u0131 Ba\u015fkan\u0131\u00a0 \u00a0 \u00a0 \u00a0\u00a0<\/span><\/p><p><strong>Prof. Dr. Yakup KURUCU<\/strong><span style=\"font-weight: var( --e-global-typography-text-font-weight )\"> &#8211; Fizik Ana Bilim Dal\u0131 Ba\u015fkan\u0131<\/span><\/p><p><strong>Prof. Dr. Mustafa \u015eENG\u00dcL<\/strong><span style=\"font-weight: var( --e-global-typography-text-font-weight )\"> &#8211; G\u0131da M\u00fchendisli\u011fi Ana Bilim Dal\u0131 Ba\u015fkan\u0131<\/span><\/p><p><strong>Prof. Dr. Hasan SE\u00c7EN<\/strong><span style=\"font-weight: var( --e-global-typography-text-font-weight )\"> &#8211; \u0130la\u00e7 Ara\u015ft\u0131rma ve Geli\u015ftirme Ana Bilim Dal\u0131 Ba\u015fkan\u0131<\/span><\/p><p><strong>Prof. Dr. Abdulkadir C\u00fcneyt AYDIN<\/strong><span style=\"font-weight: var( --e-global-typography-text-font-weight )\"> &#8211; \u0130n\u015faat M\u00fchendisli\u011fi Ana Bilim Dal\u0131 Ba\u015fkan\u0131<\/span><\/p><p><span style=\"font-weight: var( --e-global-typography-text-font-weight )\"><strong>Prof. Dr. Ekrem KALKAN<\/strong> &#8211; Jeoloji M\u00fchendisli\u011fi Ana Bilim Dal\u0131 Ba\u015fkan\u0131<\/span><\/p><p><strong>Prof. Dr. \u0130rfan K\u00dcFREV\u0130O\u011eLU<\/strong><span style=\"font-weight: var( --e-global-typography-text-font-weight )\"> &#8211; Kimya Ana Bilim Dal\u0131 Ba\u015fkan\u0131<\/span><\/p><p><strong>Prof. Dr. Osman Nuri ATA<\/strong><span style=\"font-weight: var( --e-global-typography-text-font-weight )\"> &#8211; Kimya M\u00fchendisli\u011fi Ana Bilim Dal\u0131 Ba\u015fkan\u0131\u00a0 \u00a0 \u00a0 \u00a0\u00a0<\/span><\/p><p><strong>Prof. Dr. Handan UYSAL<\/strong><span style=\"font-weight: var( --e-global-typography-text-font-weight )\"> &#8211; Kriminalist Ana Bilim Dal\u0131 Ba\u015fkan\u0131<\/span><\/p><p><strong>Prof. Dr. Do\u011fan DURSUN<\/strong><span style=\"font-weight: var( --e-global-typography-text-font-weight )\"> &#8211; Kentsel Tasar\u0131m Ana Bilim Dal\u0131 Ba\u015fkan\u0131<\/span><\/p><p><strong>Prof. Dr. Ya\u015far TOT\u0130K<\/strong><span style=\"font-weight: var( --e-global-typography-text-font-weight )\"> &#8211; Makine M\u00fchendisli\u011fi Ana Bilim Dal\u0131 Ba\u015fkan\u0131<\/span><\/p><p><strong>Prof. Dr. Sezgin AKBULUT<\/strong><span style=\"font-weight: var( --e-global-typography-text-font-weight )\"> &#8211; Matematik Ana Bilim Dal\u0131 Ba\u015fkan\u0131<\/span><\/p><p><span style=\"font-weight: var( --e-global-typography-text-font-weight )\"><strong>Prof. Dr. Fatma Zehra \u00c7AKICI<\/strong> &#8211; Mimarl\u0131k Ana Bilim Dal\u0131 Ba\u015fkan\u0131<\/span><\/p><p><strong>Prof. Dr. Derya TEK\u0130N<\/strong><span style=\"font-weight: var( --e-global-typography-text-font-weight )\"> &#8211; Metalurji &amp; Malzeme M\u00fchendislik Ana Bilim Dal\u0131 Ba\u015fkan\u0131<\/span><\/p><p><strong>Prof. Dr. Orhan ERDO\u011eAN<\/strong><span style=\"font-weight: var( --e-global-typography-text-font-weight )\"> &#8211; Molek\u00fcler Biyoloji &amp; Genetik Ana Bilim Dal\u0131 Ba\u015fkan\u0131\u00a0 \u00a0 \u00a0 \u00a0\u00a0<\/span><\/p><p><strong>Prof. Dr. Hayrunisa NADARO\u011eLU<\/strong><span style=\"font-weight: var( --e-global-typography-text-font-weight )\"> &#8211; Nanobilim &amp; Nanom\u00fchendislik Ana Bilim Dal\u0131 Ba\u015fkan\u0131<\/span><\/p><p><strong>Prof. Dr. Cahit YE\u015e\u0130LYAPRAK<\/strong><span style=\"font-weight: var( --e-global-typography-text-font-weight )\"> &#8211; Optik ve Fotonik Ana Bilim Dal\u0131 Ba\u015fkan\u0131<\/span><\/p><p><strong>Prof. Dr. Faris KARAHAN<\/strong><span style=\"font-weight: var( --e-global-typography-text-font-weight )\"> &#8211; Peyzaj Mimarl\u0131\u011f\u0131 Ana Bilim Dal\u0131 Ba\u015fkan\u0131<\/span><\/p><p><span style=\"font-weight: var( --e-global-typography-text-font-weight )\"><strong>Prof. Dr. Gonca ALAK<\/strong> &#8211; Su \u00dcr\u00fcnleri M\u00fchendisli\u011fi Ana Bilim Dal\u0131 Ba\u015fkan\u0131<\/span><\/p><p><strong>Prof. Dr. Tecer ATSAN<\/strong><span style=\"font-weight: var( --e-global-typography-text-font-weight )\"> &#8211; Tar\u0131m Ekonomisi Ana Bilim Dal\u0131 Ba\u015fkan\u0131<\/span><\/p><p><strong>Prof. Dr. Y\u0131ld\u0131ran YILDIRIM<\/strong><span style=\"font-weight: var( --e-global-typography-text-font-weight )\"> &#8211; Tar\u0131m Makinalar\u0131 Ana Bilim Dal\u0131 Ba\u015fkan\u0131\u00a0 \u00a0 \u00a0 \u00a0\u00a0<\/span><\/p><p><strong>Prof. Dr. Mahmut Sinan TA\u015ePINAR<\/strong><span style=\"font-weight: var( --e-global-typography-text-font-weight )\"> &#8211; Tar\u0131msal Biyoteknoloji Ana Bilim Dal\u0131 Ba\u015fkan\u0131<\/span><\/p><p><strong>Prof. Dr. Bahar KOCAMAN<\/strong><span style=\"font-weight: var( --e-global-typography-text-font-weight )\"> &#8211; Tar\u0131msal Yap\u0131lar &amp; Sulama Ana Bilim Dal\u0131 Ba\u015fkan\u0131<\/span><\/p><p><strong>Prof. Dr. Kamil HAL\u0130LO\u011eLU<\/strong><span style=\"font-weight: var( --e-global-typography-text-font-weight )\"> &#8211; Tarla Bitkileri Ana Bilim Dal\u0131 Ba\u015fkan\u0131<\/span><\/p><p><strong>Prof. Dr. Mustafa Y. CANBOLAT<\/strong><span style=\"font-weight: var( --e-global-typography-text-font-weight )\"> &#8211; Toprak Bilimi &amp; Bitki Besleme Ana Bilim Dal\u0131 Ba\u015fkan\u0131<\/span><\/p><p><span style=\"font-weight: var( --e-global-typography-text-font-weight )\"><strong>Prof. Dr. Rabia Meryem YILMAZ <\/strong>&#8211; Yaz\u0131l\u0131m M\u00fchendisli\u011fi Ana Bilim Dal\u0131 Ba\u015fkan\u0131<\/span><\/p><p><strong>Prof. Dr. R\u0131dvan KO\u00c7Y\u0130\u011e\u0130T<\/strong><span style=\"font-weight: var( --e-global-typography-text-font-weight )\"> &#8211; Zootekni Ana Bilim Dal\u0131 Ba\u015fkan\u0131<\/span><\/p>\t\t\t\t\t\t\t\t<\/div>\n\t\t\t\t<\/div>\n\t\t\t\t\t<\/div>\n\t\t<\/div>\n\t\t\t\t\t<\/div>\n\t\t<\/section>\n\t\t\t\t<section class=\"elementor-section elementor-top-section elementor-element elementor-element-3afe97f elementor-section-boxed elementor-section-height-default elementor-section-height-default\" data-id=\"3afe97f\" data-element_type=\"section\">\n\t\t\t\t\t\t<div class=\"elementor-container elementor-column-gap-default\">\n\t\t\t\t\t<div class=\"elementor-column elementor-col-100 elementor-top-column elementor-element elementor-element-8450bec\" data-id=\"8450bec\" data-element_type=\"column\">\n\t\t\t<div class=\"elementor-widget-wrap elementor-element-populated\">\n\t\t\t\t\t\t<div class=\"elementor-element elementor-element-1a043d5 elementor-widget elementor-widget-spacer\" data-id=\"1a043d5\" data-element_type=\"widget\" data-widget_type=\"spacer.default\">\n\t\t\t\t<div class=\"elementor-widget-container\">\n\t\t\t\t\t\t\t<div class=\"elementor-spacer\">\n\t\t\t<div class=\"elementor-spacer-inner\"><\/div>\n\t\t<\/div>\n\t\t\t\t\t\t<\/div>\n\t\t\t\t<\/div>\n\t\t\t\t\t<\/div>\n\t\t<\/div>\n\t\t\t\t\t<\/div>\n\t\t<\/section>\n\t\t\t\t<\/div>\n\t\t","protected":false},"excerpt":{"rendered":"<p>Enstit\u00fc Kurulu Prof. Dr. Alper NUHO\u011eLU &#8211; Enstit\u00fc M\u00fcd\u00fcr\u00fc Prof. Dr. Mehmet Kerim G\u00dcLLAP\u00a0&#8211; Enstit\u00fc M\u00fcd\u00fcr Yard\u0131mc\u0131s\u0131 Dr. \u00d6\u011fr. \u00dcyesi Esra C\u0130NAN &#8211; Enstit\u00fc M\u00fcd\u00fcr Yard\u0131mc\u0131s\u0131 Prof. Dr. \u00dcst\u00fcn \u015eAH\u0130N &#8211; Ak\u0131ll\u0131 Tar\u0131m Ana Bilim Dal\u0131 Ba\u015fkan\u0131 Prof. Dr. Cahit YE\u015e\u0130LYAPRAK &#8211; Astronomi &amp; Astrofizik Ana Bilim Dal\u0131 Ba\u015fkan\u0131 Prof. Dr. Sezai ERC\u0130\u015eL\u0130 &#8211; Bah\u00e7e [&hellip;]<\/p>\n","protected":false},"author":632,"featured_media":0,"parent":0,"menu_order":0,"comment_status":"closed","ping_status":"closed","template":"elementor_header_footer","meta":{"footnotes":""},"class_list":["post-6721","page","type-page","status-publish","hentry"],"_links":{"self":[{"href":"https:\/\/atauni.edu.tr\/fen-bilimleri-enstitusu\/wp-json\/wp\/v2\/pages\/6721","targetHints":{"allow":["GET"]}}],"collection":[{"href":"https:\/\/atauni.edu.tr\/fen-bilimleri-enstitusu\/wp-json\/wp\/v2\/pages"}],"about":[{"href":"https:\/\/atauni.edu.tr\/fen-bilimleri-enstitusu\/wp-json\/wp\/v2\/types\/page"}],"author":[{"embeddable":true,"href":"https:\/\/atauni.edu.tr\/fen-bilimleri-enstitusu\/wp-json\/wp\/v2\/users\/632"}],"replies":[{"embeddable":true,"href":"https:\/\/atauni.edu.tr\/fen-bilimleri-enstitusu\/wp-json\/wp\/v2\/comments?post=6721"}],"version-history":[{"count":58,"href":"https:\/\/atauni.edu.tr\/fen-bilimleri-enstitusu\/wp-json\/wp\/v2\/pages\/6721\/revisions"}],"predecessor-version":[{"id":8885,"href":"https:\/\/atauni.edu.tr\/fen-bilimleri-enstitusu\/wp-json\/wp\/v2\/pages\/6721\/revisions\/8885"}],"wp:attachment":[{"href":"https:\/\/atauni.edu.tr\/fen-bilimleri-enstitusu\/wp-json\/wp\/v2\/media?parent=6721"}],"curies":[{"name":"wp","href":"https:\/\/api.w.org\/{rel}","templated":true}]}}