{"id":5638,"date":"2021-07-13T09:49:25","date_gmt":"2021-07-13T06:49:25","guid":{"rendered":"https:\/\/portaltest.atauni.edu.tr\/bilgisayar-muhendisligi\/?page_id=5638"},"modified":"2025-12-31T23:43:17","modified_gmt":"2025-12-31T20:43:17","slug":"tarihce","status":"publish","type":"page","link":"https:\/\/atauni.edu.tr\/fizik\/tarihce\/","title":{"rendered":"Tarih\u00e7e"},"content":{"rendered":"\t\t<div data-elementor-type=\"wp-page\" data-elementor-id=\"5638\" class=\"elementor elementor-5638\" data-elementor-post-type=\"page\">\n\t\t\t\t\t\t<section class=\"elementor-section elementor-top-section elementor-element elementor-element-730d320 elementor-section-boxed elementor-section-height-default elementor-section-height-default\" data-id=\"730d320\" data-element_type=\"section\">\n\t\t\t\t\t\t<div class=\"elementor-container elementor-column-gap-default\">\n\t\t\t\t\t<div class=\"elementor-column elementor-col-100 elementor-top-column elementor-element elementor-element-753d0860\" data-id=\"753d0860\" data-element_type=\"column\">\n\t\t\t<div class=\"elementor-widget-wrap\">\n\t\t\t\t\t\t\t<\/div>\n\t\t<\/div>\n\t\t\t\t\t<\/div>\n\t\t<\/section>\n\t\t\t\t<section class=\"elementor-section elementor-top-section elementor-element elementor-element-9be811a elementor-section-boxed elementor-section-height-default elementor-section-height-default\" data-id=\"9be811a\" data-element_type=\"section\">\n\t\t\t\t\t\t<div class=\"elementor-container elementor-column-gap-default\">\n\t\t\t\t\t<div class=\"elementor-column elementor-col-100 elementor-top-column elementor-element elementor-element-1ed847b7\" data-id=\"1ed847b7\" data-element_type=\"column\">\n\t\t\t<div class=\"elementor-widget-wrap elementor-element-populated\">\n\t\t\t\t\t\t<div class=\"elementor-element elementor-element-4ce0d07f elementor-widget elementor-widget-heading\" data-id=\"4ce0d07f\" data-element_type=\"widget\" data-widget_type=\"heading.default\">\n\t\t\t\t<div class=\"elementor-widget-container\">\n\t\t\t\t\t<h2 class=\"elementor-heading-title elementor-size-default\">Tarih\u00e7e<\/h2>\t\t\t\t<\/div>\n\t\t\t\t<\/div>\n\t\t\t\t<div class=\"elementor-element elementor-element-63260862 elementor-widget-divider--view-line elementor-widget elementor-widget-divider\" data-id=\"63260862\" data-element_type=\"widget\" data-widget_type=\"divider.default\">\n\t\t\t\t<div class=\"elementor-widget-container\">\n\t\t\t\t\t\t\t<div class=\"elementor-divider\">\n\t\t\t<span class=\"elementor-divider-separator\">\n\t\t\t\t\t\t<\/span>\n\t\t<\/div>\n\t\t\t\t\t\t<\/div>\n\t\t\t\t<\/div>\n\t\t\t\t\t<\/div>\n\t\t<\/div>\n\t\t\t\t\t<\/div>\n\t\t<\/section>\n\t\t\t\t<section class=\"elementor-section elementor-top-section elementor-element elementor-element-681db8b elementor-section-boxed elementor-section-height-default elementor-section-height-default\" data-id=\"681db8b\" data-element_type=\"section\">\n\t\t\t\t\t\t<div class=\"elementor-container elementor-column-gap-default\">\n\t\t\t\t\t<div class=\"elementor-column elementor-col-100 elementor-top-column elementor-element elementor-element-ad4dac5\" data-id=\"ad4dac5\" data-element_type=\"column\">\n\t\t\t<div class=\"elementor-widget-wrap elementor-element-populated\">\n\t\t\t\t\t\t<div class=\"elementor-element elementor-element-2f96b3d elementor-widget elementor-widget-text-editor\" data-id=\"2f96b3d\" data-element_type=\"widget\" data-widget_type=\"text-editor.default\">\n\t\t\t\t<div class=\"elementor-widget-container\">\n\t\t\t\t\t\t\t\t\t<p><span lang=\"TR\">17 Kas\u0131m 1958 tarihinde Fen-Edebiyat Fak\u00fcltesi Fen Grubu \u00e7at\u0131s\u0131 alt\u0131nda kurulan Fizik B\u00f6l\u00fcm\u00fc, 17 Eyl\u00fcl 2008 tarih ve 2008\/14169 say\u0131l\u0131 Bakanlar Kurulu karar\u0131yla Fen-Edebiyat Fak\u00fcltesinin Fen ve Edebiyat Fak\u00fclteleri olmak \u00fczere ikiye ayr\u0131lmas\u0131 sonucu Fen Fak\u00fcltesi \u00e7at\u0131s\u0131 alt\u0131nda e\u011fitimine devam etmektedir. B\u00f6l\u00fcm\u00fcm\u00fczde Atom ve Molek\u00fcl Fizi\u011fi, Genel Fizik, Kat\u0131hal Fizi\u011fi, Matematiksel Fizik, N\u00fckleer Fizik ve Y\u00fcksek Enerji ve Plazma Fizi\u011fi olmak \u00fczere alt\u0131 anabilim dal\u0131 bulunmaktad\u0131r. Bug\u00fcne kadar pek \u00e7ok \u00fcniversitenin Fizik B\u00f6l\u00fcmlerinin kurulmas\u0131nda temel olu\u015fturmu\u015f ve olu\u015fturmaya devam etmektedir. B\u00f6l\u00fcm\u00fcm\u00fczde E\u011fitim-\u00d6\u011fretime 1976-1977 y\u0131l\u0131nda ba\u015flanm\u0131\u015f olup bu 4 y\u0131ll\u0131k Lisans E\u011fitiminin \u00f6\u011fretim dili T\u00fcrk\u00e7e&#8217;dir. B\u00f6l\u00fcm\u00fcm\u00fczde Lisans E\u011fitiminin yan\u0131 s\u0131ra Genel Fizik, Atom ve Molek\u00fcl Fizi\u011fi, Kat\u0131hal Fizi\u011fi ve N\u00fckleer Fizik Bilim Dallar\u0131nda <\/span>Y\u00fcksek Lisans (T\u00fcrk\u00e7e\/\u0130ng.) ve Doktora (T\u00fcrk\u00e7e\/\u0130ng.) E\u011fitimi de verilmektedir. B\u00f6l\u00fcm\u00fcm\u00fczde halen 25 \u00d6\u011fretim \u00dcyesi, 2 Ara\u015ft\u0131rma G\u00f6revlisi Doktor, 3 Ara\u015ft\u0131rma G\u00f6revlisi ve 1 Teknisyen ile E\u011fitim-\u00d6\u011fretim ve Ara\u015ft\u0131rma faaliyetleri y\u00fcr\u00fct\u00fclmektedir.\u00a0<\/p>\t\t\t\t\t\t\t\t<\/div>\n\t\t\t\t<\/div>\n\t\t\t\t\t<\/div>\n\t\t<\/div>\n\t\t\t\t\t<\/div>\n\t\t<\/section>\n\t\t\t\t<\/div>\n\t\t","protected":false},"excerpt":{"rendered":"<p>Tarih\u00e7e 17 Kas\u0131m 1958 tarihinde Fen-Edebiyat Fak\u00fcltesi Fen Grubu \u00e7at\u0131s\u0131 alt\u0131nda kurulan Fizik B\u00f6l\u00fcm\u00fc, 17 Eyl\u00fcl 2008 tarih ve 2008\/14169 say\u0131l\u0131 Bakanlar Kurulu karar\u0131yla Fen-Edebiyat Fak\u00fcltesinin Fen ve Edebiyat Fak\u00fclteleri olmak \u00fczere ikiye ayr\u0131lmas\u0131 sonucu Fen Fak\u00fcltesi \u00e7at\u0131s\u0131 alt\u0131nda e\u011fitimine devam etmektedir. B\u00f6l\u00fcm\u00fcm\u00fczde Atom ve Molek\u00fcl Fizi\u011fi, Genel Fizik, Kat\u0131hal Fizi\u011fi, Matematiksel Fizik, N\u00fckleer Fizik [&hellip;]<\/p>\n","protected":false},"author":1,"featured_media":0,"parent":0,"menu_order":0,"comment_status":"closed","ping_status":"closed","template":"","meta":{"footnotes":""},"class_list":["post-5638","page","type-page","status-publish","hentry"],"_links":{"self":[{"href":"https:\/\/atauni.edu.tr\/fizik\/wp-json\/wp\/v2\/pages\/5638","targetHints":{"allow":["GET"]}}],"collection":[{"href":"https:\/\/atauni.edu.tr\/fizik\/wp-json\/wp\/v2\/pages"}],"about":[{"href":"https:\/\/atauni.edu.tr\/fizik\/wp-json\/wp\/v2\/types\/page"}],"author":[{"embeddable":true,"href":"https:\/\/atauni.edu.tr\/fizik\/wp-json\/wp\/v2\/users\/1"}],"replies":[{"embeddable":true,"href":"https:\/\/atauni.edu.tr\/fizik\/wp-json\/wp\/v2\/comments?post=5638"}],"version-history":[{"count":31,"href":"https:\/\/atauni.edu.tr\/fizik\/wp-json\/wp\/v2\/pages\/5638\/revisions"}],"predecessor-version":[{"id":7804,"href":"https:\/\/atauni.edu.tr\/fizik\/wp-json\/wp\/v2\/pages\/5638\/revisions\/7804"}],"wp:attachment":[{"href":"https:\/\/atauni.edu.tr\/fizik\/wp-json\/wp\/v2\/media?parent=5638"}],"curies":[{"name":"wp","href":"https:\/\/api.w.org\/{rel}","templated":true}]}}